{"id":15186,"date":"2024-09-19T12:43:20","date_gmt":"2024-09-19T11:43:20","guid":{"rendered":"https:\/\/www.visittorshavn.fo\/?page_id=15186"},"modified":"2026-03-30T15:43:47","modified_gmt":"2026-03-30T14:43:47","slug":"adalfundur","status":"publish","type":"page","link":"https:\/\/www.visittorshavn.fo\/fo\/adalfundur\/","title":{"rendered":"A\u00f0alfundur"},"content":{"rendered":"\n<div class=\"wp-block-cover alignfull\" style=\"min-height:515px;aspect-ratio:unset;\"><img decoding=\"async\" class=\"wp-block-cover__image-background wp-image-7157 size-large smush-dimensions lazyload\" alt=\"n\u00f3lsoy sunset b\u00fdarmynd t\u00f3rshavn havn kv\u00f8ld\" data-src=\"https:\/\/www.visittorshavn.fo\/wp-content\/smush-webp\/2024\/06\/4jan23_B3A2612-1200x800.jpg.webp\" data-object-fit=\"cover\" width=\"1200\" style=\"--smush-image-width: 1200px; --smush-image-aspect-ratio: 1200\/800;\" src=\"data:image\/svg+xml;base64,PHN2ZyB3aWR0aD0iMSIgaGVpZ2h0PSIxIiB4bWxucz0iaHR0cDovL3d3dy53My5vcmcvMjAwMC9zdmciPjwvc3ZnPg==\" \/><span aria-hidden=\"true\" class=\"wp-block-cover__background has-light-cyan-background-color has-background-dim\"><\/span><div class=\"wp-block-cover__inner-container is-layout-constrained wp-block-cover-is-layout-constrained\">\n<h1 class=\"wp-block-heading\">A\u00f0alfundur<\/h1>\n<\/div><\/div>\n\n\n\n<div style=\"height:100px\" aria-hidden=\"true\" class=\"wp-block-spacer\"><\/div>\n\n\n\n<h2 class=\"wp-block-heading\">A\u00f0alfundur hj\u00e1 Felagnum T\u00f3rshavn ver\u00f0ur \u00e1 <strong>Hotel Brandan, t\u00fdskv\u00f8ldi\u00f0 28. apr\u00edl 2026<\/strong><\/h2>\n\n\n\n<p><em>Fundurin ver\u00f0ur kl 19.00 \u00ed Meksiko \u00e1 Hotel Brandan.<\/em><\/p>\n\n\n\n<div style=\"height:40px\" aria-hidden=\"true\" class=\"wp-block-spacer\"><\/div>\n\n\n\n<h4 class=\"wp-block-heading\"><strong>A\u00f0alfundurin<\/strong>&nbsp;hj\u00e1 Felagnum T\u00f3rshavn skal vera \u00e1\u00f0renn 1. juni og skal vera fr\u00e1bo\u00f0a\u00f0ur \u00ed minsta lagi 14 dagar frammanundan \u00e1 heimas\u00ed\u00f0uni&nbsp;<a href=\"https:\/\/visittorshavn.fo\/en\/about0\/felagid-torshavn\/www.visittorshavn.fo\">www.visittorshavn.fo<\/a>&nbsp;vi\u00f0 n\u00e1greiniligari dagsskr\u00e1.&nbsp;<\/h4>\n\n\n\n<p>\u00c1 \u00e1rsa\u00f0alfundi skulu fundarevnini vera hesi:<\/p>\n\n\n\n<p>a. Fr\u00e1s\u00f8gn nevndarinnar fr\u00e1 virki felagsins \u00ed farna \u00e1ri.<\/p>\n\n\n\n<p>b. Framl\u00f8ga av grannsko\u00f0a\u00f0um roknskapi og f\u00edggjarst\u00f8\u00f0u fyri Visit T\u00f3rshavn og City T\u00f3rshavn til g\u00f3\u00f0kenningar.<\/p>\n\n\n\n<p>c. Framl\u00f8ga av f\u00edggjar\u00e6tlan fyri komandi \u00e1r til kunningar.<\/p>\n\n\n\n<p>d. Val av nevndarlimum.<\/p>\n\n\n\n<p>e. Val av grannsko\u00f0ara.<\/p>\n\n\n\n<p>f. Vi\u00f0t\u00f8kubroyting \u00edsv. atkv\u00f8\u00f0ur\u00e6tt<\/p>\n\n\n\n<p>g. Uppskot fr\u00e1 nevnd ella limum, um naka\u00f0 er.<\/p>\n\n\n\n<p>h. Ymiskt.<\/p>\n\n\n\n<p><br>M\u00f8ti\u00f0 fj\u00f8lment og f\u00e1i onnur vi\u00f0. Ta\u00f0 eru limirnir, i\u00f0 gera felagi\u00f0 til eitt gott og virki\u00f0 felag.<\/p>\n\n\n\n<div style=\"height:100px\" aria-hidden=\"true\" class=\"wp-block-spacer\"><\/div>\n","protected":false},"excerpt":{"rendered":"<p>A\u00f0alfundur hj\u00e1 Felagnum T\u00f3rshavn ver\u00f0ur \u00e1 Hotel Brandan, t\u00fdskv\u00f8ldi\u00f0 28. apr\u00edl 2026 Fundurin ver\u00f0ur kl 19.00 \u00ed Meksiko \u00e1 Hotel Brandan. A\u00f0alfundurin&nbsp;hj\u00e1 Felagnum T\u00f3rshavn skal vera \u00e1\u00f0renn 1. juni og [&hellip;]<\/p>\n","protected":false},"author":4,"featured_media":7157,"parent":0,"menu_order":0,"comment_status":"closed","ping_status":"closed","template":"","meta":{"_acf_changed":false,"footnotes":""},"page_category":[],"class_list":["post-15186","page","type-page","status-publish","has-post-thumbnail","hentry"],"acf":[],"yoast_head":"<!-- This site is optimized with the Yoast SEO plugin v27.5 - https:\/\/yoast.com\/product\/yoast-seo-wordpress\/ -->\n<title>A\u00f0alfundur - Visit Torshavn<\/title>\n<meta name=\"robots\" content=\"index, follow, max-snippet:-1, max-image-preview:large, max-video-preview:-1\" \/>\n<link rel=\"canonical\" href=\"https:\/\/www.visittorshavn.fo\/fo\/adalfundur\/\" \/>\n<meta property=\"og:locale\" content=\"fo_FO\" \/>\n<meta property=\"og:type\" content=\"article\" \/>\n<meta property=\"og:title\" content=\"A\u00f0alfundur - Visit Torshavn\" \/>\n<meta property=\"og:description\" content=\"A\u00f0alfundur hj\u00e1 Felagnum T\u00f3rshavn ver\u00f0ur \u00e1 Hotel Brandan, t\u00fdskv\u00f8ldi\u00f0 28. apr\u00edl 2026 Fundurin ver\u00f0ur kl 19.00 \u00ed Meksiko \u00e1 Hotel Brandan. A\u00f0alfundurin&nbsp;hj\u00e1 Felagnum T\u00f3rshavn skal vera \u00e1\u00f0renn 1. juni og [&hellip;]\" \/>\n<meta property=\"og:url\" content=\"https:\/\/www.visittorshavn.fo\/fo\/adalfundur\/\" \/>\n<meta property=\"og:site_name\" content=\"Visit Torshavn\" \/>\n<meta property=\"article:modified_time\" content=\"2026-03-30T14:43:47+00:00\" \/>\n<meta property=\"og:image\" content=\"https:\/\/www.visittorshavn.fo\/wp-content\/uploads\/2024\/06\/4jan23_B3A2612.jpg\" \/>\n\t<meta property=\"og:image:width\" content=\"2560\" \/>\n\t<meta property=\"og:image:height\" content=\"1708\" \/>\n\t<meta property=\"og:image:type\" content=\"image\/jpeg\" \/>\n<meta name=\"twitter:card\" content=\"summary_large_image\" \/>\n<meta name=\"twitter:label1\" content=\"Est. reading time\" \/>\n\t<meta name=\"twitter:data1\" content=\"1 minute\" \/>\n<script type=\"application\/ld+json\" class=\"yoast-schema-graph\">{\"@context\":\"https:\\\/\\\/schema.org\",\"@graph\":[{\"@type\":\"WebPage\",\"@id\":\"https:\\\/\\\/www.visittorshavn.fo\\\/fo\\\/adalfundur\\\/\",\"url\":\"https:\\\/\\\/www.visittorshavn.fo\\\/fo\\\/adalfundur\\\/\",\"name\":\"A\u00f0alfundur - Visit Torshavn\",\"isPartOf\":{\"@id\":\"https:\\\/\\\/www.visittorshavn.fo\\\/fo\\\/#website\"},\"primaryImageOfPage\":{\"@id\":\"https:\\\/\\\/www.visittorshavn.fo\\\/fo\\\/adalfundur\\\/#primaryimage\"},\"image\":{\"@id\":\"https:\\\/\\\/www.visittorshavn.fo\\\/fo\\\/adalfundur\\\/#primaryimage\"},\"thumbnailUrl\":\"https:\\\/\\\/www.visittorshavn.fo\\\/wp-content\\\/uploads\\\/2024\\\/06\\\/4jan23_B3A2612.jpg\",\"datePublished\":\"2024-09-19T11:43:20+00:00\",\"dateModified\":\"2026-03-30T14:43:47+00:00\",\"breadcrumb\":{\"@id\":\"https:\\\/\\\/www.visittorshavn.fo\\\/fo\\\/adalfundur\\\/#breadcrumb\"},\"inLanguage\":\"fo-FO\",\"potentialAction\":[{\"@type\":\"ReadAction\",\"target\":[\"https:\\\/\\\/www.visittorshavn.fo\\\/fo\\\/adalfundur\\\/\"]}]},{\"@type\":\"ImageObject\",\"inLanguage\":\"fo-FO\",\"@id\":\"https:\\\/\\\/www.visittorshavn.fo\\\/fo\\\/adalfundur\\\/#primaryimage\",\"url\":\"https:\\\/\\\/www.visittorshavn.fo\\\/wp-content\\\/uploads\\\/2024\\\/06\\\/4jan23_B3A2612.jpg\",\"contentUrl\":\"https:\\\/\\\/www.visittorshavn.fo\\\/wp-content\\\/uploads\\\/2024\\\/06\\\/4jan23_B3A2612.jpg\",\"width\":2560,\"height\":1708,\"caption\":\"n\u00f3lsoy sunset b\u00fdarmynd t\u00f3rshavn havn kv\u00f8ld\"},{\"@type\":\"BreadcrumbList\",\"@id\":\"https:\\\/\\\/www.visittorshavn.fo\\\/fo\\\/adalfundur\\\/#breadcrumb\",\"itemListElement\":[{\"@type\":\"ListItem\",\"position\":1,\"name\":\"Home\",\"item\":\"https:\\\/\\\/www.visittorshavn.fo\\\/fo\\\/\"},{\"@type\":\"ListItem\",\"position\":2,\"name\":\"A\u00f0alfundur\"}]},{\"@type\":\"WebSite\",\"@id\":\"https:\\\/\\\/www.visittorshavn.fo\\\/fo\\\/#website\",\"url\":\"https:\\\/\\\/www.visittorshavn.fo\\\/fo\\\/\",\"name\":\"Visit Torshavn\",\"description\":\"\",\"potentialAction\":[{\"@type\":\"SearchAction\",\"target\":{\"@type\":\"EntryPoint\",\"urlTemplate\":\"https:\\\/\\\/www.visittorshavn.fo\\\/fo\\\/?s={search_term_string}\"},\"query-input\":{\"@type\":\"PropertyValueSpecification\",\"valueRequired\":true,\"valueName\":\"search_term_string\"}}],\"inLanguage\":\"fo-FO\"}]}<\/script>\n<!-- \/ Yoast SEO plugin. -->","yoast_head_json":{"title":"A\u00f0alfundur - Visit Torshavn","robots":{"index":"index","follow":"follow","max-snippet":"max-snippet:-1","max-image-preview":"max-image-preview:large","max-video-preview":"max-video-preview:-1"},"canonical":"https:\/\/www.visittorshavn.fo\/fo\/adalfundur\/","og_locale":"fo_FO","og_type":"article","og_title":"A\u00f0alfundur - Visit Torshavn","og_description":"A\u00f0alfundur hj\u00e1 Felagnum T\u00f3rshavn ver\u00f0ur \u00e1 Hotel Brandan, t\u00fdskv\u00f8ldi\u00f0 28. apr\u00edl 2026 Fundurin ver\u00f0ur kl 19.00 \u00ed Meksiko \u00e1 Hotel Brandan. A\u00f0alfundurin&nbsp;hj\u00e1 Felagnum T\u00f3rshavn skal vera \u00e1\u00f0renn 1. juni og [&hellip;]","og_url":"https:\/\/www.visittorshavn.fo\/fo\/adalfundur\/","og_site_name":"Visit Torshavn","article_modified_time":"2026-03-30T14:43:47+00:00","og_image":[{"width":2560,"height":1708,"url":"https:\/\/www.visittorshavn.fo\/wp-content\/uploads\/2024\/06\/4jan23_B3A2612.jpg","type":"image\/jpeg"}],"twitter_card":"summary_large_image","twitter_misc":{"Est. reading time":"1 minute"},"schema":{"@context":"https:\/\/schema.org","@graph":[{"@type":"WebPage","@id":"https:\/\/www.visittorshavn.fo\/fo\/adalfundur\/","url":"https:\/\/www.visittorshavn.fo\/fo\/adalfundur\/","name":"A\u00f0alfundur - Visit Torshavn","isPartOf":{"@id":"https:\/\/www.visittorshavn.fo\/fo\/#website"},"primaryImageOfPage":{"@id":"https:\/\/www.visittorshavn.fo\/fo\/adalfundur\/#primaryimage"},"image":{"@id":"https:\/\/www.visittorshavn.fo\/fo\/adalfundur\/#primaryimage"},"thumbnailUrl":"https:\/\/www.visittorshavn.fo\/wp-content\/uploads\/2024\/06\/4jan23_B3A2612.jpg","datePublished":"2024-09-19T11:43:20+00:00","dateModified":"2026-03-30T14:43:47+00:00","breadcrumb":{"@id":"https:\/\/www.visittorshavn.fo\/fo\/adalfundur\/#breadcrumb"},"inLanguage":"fo-FO","potentialAction":[{"@type":"ReadAction","target":["https:\/\/www.visittorshavn.fo\/fo\/adalfundur\/"]}]},{"@type":"ImageObject","inLanguage":"fo-FO","@id":"https:\/\/www.visittorshavn.fo\/fo\/adalfundur\/#primaryimage","url":"https:\/\/www.visittorshavn.fo\/wp-content\/uploads\/2024\/06\/4jan23_B3A2612.jpg","contentUrl":"https:\/\/www.visittorshavn.fo\/wp-content\/uploads\/2024\/06\/4jan23_B3A2612.jpg","width":2560,"height":1708,"caption":"n\u00f3lsoy sunset b\u00fdarmynd t\u00f3rshavn havn kv\u00f8ld"},{"@type":"BreadcrumbList","@id":"https:\/\/www.visittorshavn.fo\/fo\/adalfundur\/#breadcrumb","itemListElement":[{"@type":"ListItem","position":1,"name":"Home","item":"https:\/\/www.visittorshavn.fo\/fo\/"},{"@type":"ListItem","position":2,"name":"A\u00f0alfundur"}]},{"@type":"WebSite","@id":"https:\/\/www.visittorshavn.fo\/fo\/#website","url":"https:\/\/www.visittorshavn.fo\/fo\/","name":"Visit Torshavn","description":"","potentialAction":[{"@type":"SearchAction","target":{"@type":"EntryPoint","urlTemplate":"https:\/\/www.visittorshavn.fo\/fo\/?s={search_term_string}"},"query-input":{"@type":"PropertyValueSpecification","valueRequired":true,"valueName":"search_term_string"}}],"inLanguage":"fo-FO"}]}},"_links":{"self":[{"href":"https:\/\/www.visittorshavn.fo\/fo\/wp-json\/wp\/v2\/pages\/15186","targetHints":{"allow":["GET"]}}],"collection":[{"href":"https:\/\/www.visittorshavn.fo\/fo\/wp-json\/wp\/v2\/pages"}],"about":[{"href":"https:\/\/www.visittorshavn.fo\/fo\/wp-json\/wp\/v2\/types\/page"}],"author":[{"embeddable":true,"href":"https:\/\/www.visittorshavn.fo\/fo\/wp-json\/wp\/v2\/users\/4"}],"replies":[{"embeddable":true,"href":"https:\/\/www.visittorshavn.fo\/fo\/wp-json\/wp\/v2\/comments?post=15186"}],"version-history":[{"count":2,"href":"https:\/\/www.visittorshavn.fo\/fo\/wp-json\/wp\/v2\/pages\/15186\/revisions"}],"predecessor-version":[{"id":263204,"href":"https:\/\/www.visittorshavn.fo\/fo\/wp-json\/wp\/v2\/pages\/15186\/revisions\/263204"}],"wp:featuredmedia":[{"embeddable":true,"href":"https:\/\/www.visittorshavn.fo\/fo\/wp-json\/wp\/v2\/media\/7157"}],"wp:attachment":[{"href":"https:\/\/www.visittorshavn.fo\/fo\/wp-json\/wp\/v2\/media?parent=15186"}],"wp:term":[{"taxonomy":"page_category","embeddable":true,"href":"https:\/\/www.visittorshavn.fo\/fo\/wp-json\/wp\/v2\/page_category?post=15186"}],"curies":[{"name":"wp","href":"https:\/\/api.w.org\/{rel}","templated":true}]}}

Aðalfundur

<div class="wp-block-cover alignfull" style="min-height:515px;aspect-ratio:unset;"><img decoding="async" class="wp-block-cover__image-background wp-image-7157 size-large smush-dimensions lazyload" alt="nólsoy sunset býarmynd tórshavn havn kvøld" data-src="https://www.visittorshavn.fo/wp-content/smush-webp/2024/06/4jan23_B3A2612-1200x800.jpg.webp" data-object-fit="cover" width="1200" style="--smush-image-width: 1200px; --smush-image-aspect-ratio: 1200/800;" src="data:image/svg+xml;base64,PHN2ZyB3aWR0aD0iMSIgaGVpZ2h0PSIxIiB4bWxucz0iaHR0cDovL3d3dy53My5vcmcvMjAwMC9zdmciPjwvc3ZnPg==" /><span aria-hidden="true" class="wp-block-cover__background has-light-cyan-background-color has-background-dim"></span><div class="wp-block-cover__inner-container is-layout-constrained wp-block-cover-is-layout-constrained">
<h1 class="wp-block-heading">Aðalfundur</h1>
</div></div>



<div style="height:100px" aria-hidden="true" class="wp-block-spacer"></div>



<h2 class="wp-block-heading">Aðalfundur hjá Felagnum Tórshavn verður á <strong>Hotel Brandan, týskvøldið 28. apríl 2026</strong></h2>



<p><em>Fundurin verður kl 19.00 í Meksiko á Hotel Brandan.</em></p>



<div style="height:40px" aria-hidden="true" class="wp-block-spacer"></div>



<h4 class="wp-block-heading"><strong>Aðalfundurin</strong>&nbsp;hjá Felagnum Tórshavn skal vera áðrenn 1. juni og skal vera fráboðaður í minsta lagi 14 dagar frammanundan á heimasíðuni&nbsp;<a href="https://visittorshavn.fo/en/about0/felagid-torshavn/www.visittorshavn.fo">www.visittorshavn.fo</a>&nbsp;við nágreiniligari dagsskrá.&nbsp;</h4>



<p>Á ársaðalfundi skulu fundarevnini vera hesi:</p>



<p>a. Frásøgn nevndarinnar frá virki felagsins í farna ári.</p>



<p>b. Framløga av grannskoðaðum roknskapi og fíggjarstøðu fyri Visit Tórshavn og City Tórshavn til góðkenningar.</p>



<p>c. Framløga av fíggjarætlan fyri komandi ár til kunningar.</p>



<p>d. Val av nevndarlimum.</p>



<p>e. Val av grannskoðara.</p>



<p>f. Viðtøkubroyting ísv. atkvøðurætt</p>



<p>g. Uppskot frá nevnd ella limum, um nakað er.</p>



<p>h. Ymiskt.</p>



<p><br>Møtið fjølment og fái onnur við. Tað eru limirnir, ið gera felagið til eitt gott og virkið felag.</p>



<div style="height:100px" aria-hidden="true" class="wp-block-spacer"></div>

<p>Aðalfundur hjá Felagnum Tórshavn verður á Hotel Brandan, týskvøldið 28. apríl 2026 Fundurin verður kl 19.00 í Meksiko á Hotel Brandan. Aðalfundurin&nbsp;hjá Felagnum Tórshavn skal vera áðrenn 1. juni og [&hellip;]</p>

<!-- This site is optimized with the Yoast SEO plugin v27.5 - https://yoast.com/product/yoast-seo-wordpress/ -->
<title>Aðalfundur - Visit Torshavn</title>
<meta name="robots" content="index, follow, max-snippet:-1, max-image-preview:large, max-video-preview:-1" />
<link rel="canonical" href="https://www.visittorshavn.fo/fo/adalfundur/" />
<meta property="og:locale" content="fo_FO" />
<meta property="og:type" content="article" />
<meta property="og:title" content="Aðalfundur - Visit Torshavn" />
<meta property="og:description" content="Aðalfundur hjá Felagnum Tórshavn verður á Hotel Brandan, týskvøldið 28. apríl 2026 Fundurin verður kl 19.00 í Meksiko á Hotel Brandan. Aðalfundurin&nbsp;hjá Felagnum Tórshavn skal vera áðrenn 1. juni og [&hellip;]" />
<meta property="og:url" content="https://www.visittorshavn.fo/fo/adalfundur/" />
<meta property="og:site_name" content="Visit Torshavn" />
<meta property="article:modified_time" content="2026-03-30T14:43:47+00:00" />
<meta property="og:image" content="https://www.visittorshavn.fo/wp-content/uploads/2024/06/4jan23_B3A2612.jpg" />
	<meta property="og:image:width" content="2560" />
	<meta property="og:image:height" content="1708" />
	<meta property="og:image:type" content="image/jpeg" />
<meta name="twitter:card" content="summary_large_image" />
<meta name="twitter:label1" content="Est. reading time" />
	<meta name="twitter:data1" content="1 minute" />
<script type="application/ld+json" class="yoast-schema-graph">{"@context":"https:\/\/schema.org","@graph":[{"@type":"WebPage","@id":"https:\/\/www.visittorshavn.fo\/fo\/adalfundur\/","url":"https:\/\/www.visittorshavn.fo\/fo\/adalfundur\/","name":"Aðalfundur - Visit Torshavn","isPartOf":{"@id":"https:\/\/www.visittorshavn.fo\/fo\/#website"},"primaryImageOfPage":{"@id":"https:\/\/www.visittorshavn.fo\/fo\/adalfundur\/#primaryimage"},"image":{"@id":"https:\/\/www.visittorshavn.fo\/fo\/adalfundur\/#primaryimage"},"thumbnailUrl":"https:\/\/www.visittorshavn.fo\/wp-content\/uploads\/2024\/06\/4jan23_B3A2612.jpg","datePublished":"2024-09-19T11:43:20+00:00","dateModified":"2026-03-30T14:43:47+00:00","breadcrumb":{"@id":"https:\/\/www.visittorshavn.fo\/fo\/adalfundur\/#breadcrumb"},"inLanguage":"fo-FO","potentialAction":[{"@type":"ReadAction","target":["https:\/\/www.visittorshavn.fo\/fo\/adalfundur\/"]}]},{"@type":"ImageObject","inLanguage":"fo-FO","@id":"https:\/\/www.visittorshavn.fo\/fo\/adalfundur\/#primaryimage","url":"https:\/\/www.visittorshavn.fo\/wp-content\/uploads\/2024\/06\/4jan23_B3A2612.jpg","contentUrl":"https:\/\/www.visittorshavn.fo\/wp-content\/uploads\/2024\/06\/4jan23_B3A2612.jpg","width":2560,"height":1708,"caption":"nólsoy sunset býarmynd tórshavn havn kvøld"},{"@type":"BreadcrumbList","@id":"https:\/\/www.visittorshavn.fo\/fo\/adalfundur\/#breadcrumb","itemListElement":[{"@type":"ListItem","position":1,"name":"Home","item":"https:\/\/www.visittorshavn.fo\/fo\/"},{"@type":"ListItem","position":2,"name":"Aðalfundur"}]},{"@type":"WebSite","@id":"https:\/\/www.visittorshavn.fo\/fo\/#website","url":"https:\/\/www.visittorshavn.fo\/fo\/","name":"Visit Torshavn","description":"","potentialAction":[{"@type":"SearchAction","target":{"@type":"EntryPoint","urlTemplate":"https:\/\/www.visittorshavn.fo\/fo\/?s={search_term_string}"},"query-input":{"@type":"PropertyValueSpecification","valueRequired":true,"valueName":"search_term_string"}}],"inLanguage":"fo-FO"}]}</script>
<!-- / Yoast SEO plugin. -->

Aðalfundur - Visit Torshavn

Aðalfundur hjá Felagnum Tórshavn verður á Hotel Brandan, týskvøldið 28. apríl 2026 Fundurin verður kl 19.00 í Meksiko á Hotel Brandan. Aðalfundurin&nbsp;hjá Felagnum Tórshavn skal vera áðrenn 1. juni og [&hellip;]

nólsoy sunset býarmynd tórshavn havn kvøld
