{"id":111042,"date":"2025-04-04T11:37:30","date_gmt":"2025-04-04T10:37:30","guid":{"rendered":"https:\/\/www.visittorshavn.fo\/event\/almennur-fyrilestur-kyn-og-stereotypur-i-arbeidslivinum\/"},"modified":"2025-04-09T23:37:28","modified_gmt":"2025-04-09T22:37:28","slug":"almennur-fyrilestur-kyn-og-stereotypur-i-arbeidslivinum","status":"publish","type":"tribe_events","link":"https:\/\/www.visittorshavn.fo\/fo\/event\/almennur-fyrilestur-kyn-og-stereotypur-i-arbeidslivinum\/","title":{"rendered":"Almennur fyrilestur: Kyn og stereotypur \u00ed arbei\u00f0sl\u00edvinum"},"content":{"rendered":"<p>Er fr&iacute; og j&oslash;vn atgongd til &oslash;ll st&oslash;rv fyri &oslash;ll f&oacute;lk?<\/p>\n<p>Helene Pristed Nielsen, granskari og adjungera&eth;ur lektari &aacute; Fr&oacute;&eth;skaparsetri F&oslash;roya fer at hava almennan gestafyrilestur &iacute; Kongsh&oslash;ll &aacute; Vestaru Bryggju um kyn, yrkisval og flytf&oslash;ri &iacute; oyggjasamfel&oslash;gum.<br \/>Er ta&eth; til d&oslash;mis torf&oslash;rari fyri ein mann at velja at gerast sj&uacute;krar&oslash;ktarfr&oslash;&eth;ingur enn fyri eina kvinnu at gera t&aelig;nastu &iacute; herinum?<\/p>\n<p>Hvussu &aacute;virka okkara hugmyndir um &ldquo;ordiligar menn&ldquo; og &ldquo;ordiligar kvinnur&ldquo;, hv&oslash;rjar &uacute;tb&uacute;gvingar, st&oslash;rv og starvslei&eth;ir tykjast atkomuligar fyri menn og kvinnur?<br \/>Og hvussu hongur alt hetta saman vi&eth; landafr&oslash;&eth;i, flytf&oslash;ri og fleksibiliteti &aacute; arbei&eth;smarkna&eth;inum?<br \/>Helene Pristed Nielsen fer at leggja fram ni&eth;urst&oslash;&eth;ur og geva okkum innlit &iacute; s&iacute;na gransking &iacute; kyni, yrkisvali og flytf&oslash;ri vi&eth; serligum atliti at oyggjasamfel&oslash;gum.<\/p>\n<p>Eisini fer hon eisini at r&oslash;&eth;a um royndir s&iacute;nar sum r&aacute;&eth;gevi &iacute; fj&oslash;lbroytni og javnst&oslash;&eth;u &iacute; donsku sj&oacute;verjuni.<br \/>Endam&aacute;li&eth; vi&eth; fyrilestrinum er at bj&oacute;&eth;a av, uppl&yacute;sa og kveikja umhugsan.<br \/>T&iacute; hvat er javnst&oslash;&eth;a &iacute; veruleikanum? Og eigur m&aacute;li&eth; til d&oslash;mis at vera javnt tal av monnum og kvinnum &iacute; sj&oacute;verjuni?<\/p>\n<p>GG: Fyrilesturin er &aacute; enskum.&nbsp;<\/p>\n","protected":false},"excerpt":{"rendered":"<p>Kyn, yrkisval og flytf\u00f8ri ver\u00f0ur sett \u00e1 skr\u00e1nna \u00ed Kongsh\u00f8ll, t\u00e1 Helene Pristed Nielsen, granskari og r\u00e1\u00f0gevari, fer at bj\u00f3\u00f0a okkara stereotypum \u00ed arbei\u00f0sl\u00edvinum av.<\/p>\n","protected":false},"author":1,"featured_media":0,"template":"","meta":{"_acf_changed":false,"_tribe_events_status":"","_tribe_events_status_reason":"","_tribe_events_is_hybrid":"","_tribe_events_is_virtual":"","_tribe_events_virtual_video_source":"","_tribe_events_virtual_embed_video":"","_tribe_events_virtual_linked_button_text":"","_tribe_events_virtual_linked_button":"","_tribe_events_virtual_show_embed_at":"","_tribe_events_virtual_show_embed_to":[],"_tribe_events_virtual_show_on_event":"","_tribe_events_virtual_show_on_views":"","_tribe_events_virtual_url":"","footnotes":""},"tags":[],"tribe_events_cat":[295,313],"class_list":["post-111042","tribe_events","type-tribe_events","status-publish","hentry","tribe_events_cat-fyrilestrar-fo","tribe_events_cat-timin","cat_fyrilestrar-fo","cat_timin"],"acf":[],"yoast_head":"<!-- This site is optimized with the Yoast SEO plugin v27.5 - https:\/\/yoast.com\/product\/yoast-seo-wordpress\/ -->\n<title>Almennur fyrilestur: Kyn og stereotypur \u00ed arbei\u00f0sl\u00edvinum - Visit Torshavn<\/title>\n<meta name=\"robots\" content=\"index, follow, max-snippet:-1, max-image-preview:large, max-video-preview:-1\" \/>\n<link rel=\"canonical\" href=\"https:\/\/www.visittorshavn.fo\/fo\/event\/almennur-fyrilestur-kyn-og-stereotypur-i-arbeidslivinum\/\" \/>\n<meta property=\"og:locale\" content=\"fo_FO\" \/>\n<meta property=\"og:type\" content=\"article\" \/>\n<meta property=\"og:title\" content=\"Almennur fyrilestur: Kyn og stereotypur \u00ed arbei\u00f0sl\u00edvinum - Visit Torshavn\" \/>\n<meta property=\"og:description\" content=\"Kyn, yrkisval og flytf\u00f8ri ver\u00f0ur sett \u00e1 skr\u00e1nna \u00ed Kongsh\u00f8ll, t\u00e1 Helene Pristed Nielsen, granskari og r\u00e1\u00f0gevari, fer at bj\u00f3\u00f0a okkara stereotypum \u00ed arbei\u00f0sl\u00edvinum av.\" \/>\n<meta property=\"og:url\" content=\"https:\/\/www.visittorshavn.fo\/fo\/event\/almennur-fyrilestur-kyn-og-stereotypur-i-arbeidslivinum\/\" \/>\n<meta property=\"og:site_name\" content=\"Visit Torshavn\" \/>\n<meta property=\"article:modified_time\" content=\"2025-04-09T22:37:28+00:00\" \/>\n<meta name=\"twitter:card\" content=\"summary_large_image\" \/>\n<meta name=\"twitter:label1\" content=\"Est. reading time\" \/>\n\t<meta name=\"twitter:data1\" content=\"1 minute\" \/>\n<script type=\"application\/ld+json\" class=\"yoast-schema-graph\">{\"@context\":\"https:\\\/\\\/schema.org\",\"@graph\":[{\"@type\":\"WebPage\",\"@id\":\"https:\\\/\\\/www.visittorshavn.fo\\\/fo\\\/event\\\/almennur-fyrilestur-kyn-og-stereotypur-i-arbeidslivinum\\\/\",\"url\":\"https:\\\/\\\/www.visittorshavn.fo\\\/fo\\\/event\\\/almennur-fyrilestur-kyn-og-stereotypur-i-arbeidslivinum\\\/\",\"name\":\"Almennur fyrilestur: Kyn og stereotypur \u00ed arbei\u00f0sl\u00edvinum - Visit Torshavn\",\"isPartOf\":{\"@id\":\"https:\\\/\\\/www.visittorshavn.fo\\\/fo\\\/#website\"},\"datePublished\":\"2025-04-04T10:37:30+00:00\",\"dateModified\":\"2025-04-09T22:37:28+00:00\",\"breadcrumb\":{\"@id\":\"https:\\\/\\\/www.visittorshavn.fo\\\/fo\\\/event\\\/almennur-fyrilestur-kyn-og-stereotypur-i-arbeidslivinum\\\/#breadcrumb\"},\"inLanguage\":\"fo-FO\",\"potentialAction\":[{\"@type\":\"ReadAction\",\"target\":[\"https:\\\/\\\/www.visittorshavn.fo\\\/fo\\\/event\\\/almennur-fyrilestur-kyn-og-stereotypur-i-arbeidslivinum\\\/\"]}]},{\"@type\":\"BreadcrumbList\",\"@id\":\"https:\\\/\\\/www.visittorshavn.fo\\\/fo\\\/event\\\/almennur-fyrilestur-kyn-og-stereotypur-i-arbeidslivinum\\\/#breadcrumb\",\"itemListElement\":[{\"@type\":\"ListItem\",\"position\":1,\"name\":\"Home\",\"item\":\"https:\\\/\\\/www.visittorshavn.fo\\\/fo\\\/\"},{\"@type\":\"ListItem\",\"position\":2,\"name\":\"Events\",\"item\":\"https:\\\/\\\/www.visittorshavn.fo\\\/fo\\\/events\\\/\"},{\"@type\":\"ListItem\",\"position\":3,\"name\":\"Almennur fyrilestur: Kyn og stereotypur \u00ed arbei\u00f0sl\u00edvinum\"}]},{\"@type\":\"WebSite\",\"@id\":\"https:\\\/\\\/www.visittorshavn.fo\\\/fo\\\/#website\",\"url\":\"https:\\\/\\\/www.visittorshavn.fo\\\/fo\\\/\",\"name\":\"Visit Torshavn\",\"description\":\"\",\"potentialAction\":[{\"@type\":\"SearchAction\",\"target\":{\"@type\":\"EntryPoint\",\"urlTemplate\":\"https:\\\/\\\/www.visittorshavn.fo\\\/fo\\\/?s={search_term_string}\"},\"query-input\":{\"@type\":\"PropertyValueSpecification\",\"valueRequired\":true,\"valueName\":\"search_term_string\"}}],\"inLanguage\":\"fo-FO\"}]}<\/script>\n<!-- \/ Yoast SEO plugin. -->","yoast_head_json":{"title":"Almennur fyrilestur: Kyn og stereotypur \u00ed arbei\u00f0sl\u00edvinum - Visit Torshavn","robots":{"index":"index","follow":"follow","max-snippet":"max-snippet:-1","max-image-preview":"max-image-preview:large","max-video-preview":"max-video-preview:-1"},"canonical":"https:\/\/www.visittorshavn.fo\/fo\/event\/almennur-fyrilestur-kyn-og-stereotypur-i-arbeidslivinum\/","og_locale":"fo_FO","og_type":"article","og_title":"Almennur fyrilestur: Kyn og stereotypur \u00ed arbei\u00f0sl\u00edvinum - Visit Torshavn","og_description":"Kyn, yrkisval og flytf\u00f8ri ver\u00f0ur sett \u00e1 skr\u00e1nna \u00ed Kongsh\u00f8ll, t\u00e1 Helene Pristed Nielsen, granskari og r\u00e1\u00f0gevari, fer at bj\u00f3\u00f0a okkara stereotypum \u00ed arbei\u00f0sl\u00edvinum av.","og_url":"https:\/\/www.visittorshavn.fo\/fo\/event\/almennur-fyrilestur-kyn-og-stereotypur-i-arbeidslivinum\/","og_site_name":"Visit Torshavn","article_modified_time":"2025-04-09T22:37:28+00:00","twitter_card":"summary_large_image","twitter_misc":{"Est. reading time":"1 minute"},"schema":{"@context":"https:\/\/schema.org","@graph":[{"@type":"WebPage","@id":"https:\/\/www.visittorshavn.fo\/fo\/event\/almennur-fyrilestur-kyn-og-stereotypur-i-arbeidslivinum\/","url":"https:\/\/www.visittorshavn.fo\/fo\/event\/almennur-fyrilestur-kyn-og-stereotypur-i-arbeidslivinum\/","name":"Almennur fyrilestur: Kyn og stereotypur \u00ed arbei\u00f0sl\u00edvinum - Visit Torshavn","isPartOf":{"@id":"https:\/\/www.visittorshavn.fo\/fo\/#website"},"datePublished":"2025-04-04T10:37:30+00:00","dateModified":"2025-04-09T22:37:28+00:00","breadcrumb":{"@id":"https:\/\/www.visittorshavn.fo\/fo\/event\/almennur-fyrilestur-kyn-og-stereotypur-i-arbeidslivinum\/#breadcrumb"},"inLanguage":"fo-FO","potentialAction":[{"@type":"ReadAction","target":["https:\/\/www.visittorshavn.fo\/fo\/event\/almennur-fyrilestur-kyn-og-stereotypur-i-arbeidslivinum\/"]}]},{"@type":"BreadcrumbList","@id":"https:\/\/www.visittorshavn.fo\/fo\/event\/almennur-fyrilestur-kyn-og-stereotypur-i-arbeidslivinum\/#breadcrumb","itemListElement":[{"@type":"ListItem","position":1,"name":"Home","item":"https:\/\/www.visittorshavn.fo\/fo\/"},{"@type":"ListItem","position":2,"name":"Events","item":"https:\/\/www.visittorshavn.fo\/fo\/events\/"},{"@type":"ListItem","position":3,"name":"Almennur fyrilestur: Kyn og stereotypur \u00ed arbei\u00f0sl\u00edvinum"}]},{"@type":"WebSite","@id":"https:\/\/www.visittorshavn.fo\/fo\/#website","url":"https:\/\/www.visittorshavn.fo\/fo\/","name":"Visit Torshavn","description":"","potentialAction":[{"@type":"SearchAction","target":{"@type":"EntryPoint","urlTemplate":"https:\/\/www.visittorshavn.fo\/fo\/?s={search_term_string}"},"query-input":{"@type":"PropertyValueSpecification","valueRequired":true,"valueName":"search_term_string"}}],"inLanguage":"fo-FO"}]}},"_links":{"self":[{"href":"https:\/\/www.visittorshavn.fo\/fo\/wp-json\/wp\/v2\/tribe_events\/111042","targetHints":{"allow":["GET"]}}],"collection":[{"href":"https:\/\/www.visittorshavn.fo\/fo\/wp-json\/wp\/v2\/tribe_events"}],"about":[{"href":"https:\/\/www.visittorshavn.fo\/fo\/wp-json\/wp\/v2\/types\/tribe_events"}],"author":[{"embeddable":true,"href":"https:\/\/www.visittorshavn.fo\/fo\/wp-json\/wp\/v2\/users\/1"}],"version-history":[{"count":0,"href":"https:\/\/www.visittorshavn.fo\/fo\/wp-json\/wp\/v2\/tribe_events\/111042\/revisions"}],"wp:attachment":[{"href":"https:\/\/www.visittorshavn.fo\/fo\/wp-json\/wp\/v2\/media?parent=111042"}],"wp:term":[{"taxonomy":"post_tag","embeddable":true,"href":"https:\/\/www.visittorshavn.fo\/fo\/wp-json\/wp\/v2\/tags?post=111042"},{"taxonomy":"tribe_events_cat","embeddable":true,"href":"https:\/\/www.visittorshavn.fo\/fo\/wp-json\/wp\/v2\/tribe_events_cat?post=111042"}],"curies":[{"name":"wp","href":"https:\/\/api.w.org\/{rel}","templated":true}]}}

Almennur fyrilestur: Kyn og stereotypur í arbeiðslívinum

<p>Kyn, yrkisval og flytføri verður sett á skránna í Kongshøll, tá Helene Pristed Nielsen, granskari og ráðgevari, fer at bjóða okkara stereotypum í arbeiðslívinum av.</p>

<!-- This site is optimized with the Yoast SEO plugin v27.5 - https://yoast.com/product/yoast-seo-wordpress/ -->
<title>Almennur fyrilestur: Kyn og stereotypur í arbeiðslívinum - Visit Torshavn</title>
<meta name="robots" content="index, follow, max-snippet:-1, max-image-preview:large, max-video-preview:-1" />
<link rel="canonical" href="https://www.visittorshavn.fo/fo/event/almennur-fyrilestur-kyn-og-stereotypur-i-arbeidslivinum/" />
<meta property="og:locale" content="fo_FO" />
<meta property="og:type" content="article" />
<meta property="og:title" content="Almennur fyrilestur: Kyn og stereotypur í arbeiðslívinum - Visit Torshavn" />
<meta property="og:description" content="Kyn, yrkisval og flytføri verður sett á skránna í Kongshøll, tá Helene Pristed Nielsen, granskari og ráðgevari, fer at bjóða okkara stereotypum í arbeiðslívinum av." />
<meta property="og:url" content="https://www.visittorshavn.fo/fo/event/almennur-fyrilestur-kyn-og-stereotypur-i-arbeidslivinum/" />
<meta property="og:site_name" content="Visit Torshavn" />
<meta property="article:modified_time" content="2025-04-09T22:37:28+00:00" />
<meta name="twitter:card" content="summary_large_image" />
<meta name="twitter:label1" content="Est. reading time" />
	<meta name="twitter:data1" content="1 minute" />
<script type="application/ld+json" class="yoast-schema-graph">{"@context":"https:\/\/schema.org","@graph":[{"@type":"WebPage","@id":"https:\/\/www.visittorshavn.fo\/fo\/event\/almennur-fyrilestur-kyn-og-stereotypur-i-arbeidslivinum\/","url":"https:\/\/www.visittorshavn.fo\/fo\/event\/almennur-fyrilestur-kyn-og-stereotypur-i-arbeidslivinum\/","name":"Almennur fyrilestur: Kyn og stereotypur í arbeiðslívinum - Visit Torshavn","isPartOf":{"@id":"https:\/\/www.visittorshavn.fo\/fo\/#website"},"datePublished":"2025-04-04T10:37:30+00:00","dateModified":"2025-04-09T22:37:28+00:00","breadcrumb":{"@id":"https:\/\/www.visittorshavn.fo\/fo\/event\/almennur-fyrilestur-kyn-og-stereotypur-i-arbeidslivinum\/#breadcrumb"},"inLanguage":"fo-FO","potentialAction":[{"@type":"ReadAction","target":["https:\/\/www.visittorshavn.fo\/fo\/event\/almennur-fyrilestur-kyn-og-stereotypur-i-arbeidslivinum\/"]}]},{"@type":"BreadcrumbList","@id":"https:\/\/www.visittorshavn.fo\/fo\/event\/almennur-fyrilestur-kyn-og-stereotypur-i-arbeidslivinum\/#breadcrumb","itemListElement":[{"@type":"ListItem","position":1,"name":"Home","item":"https:\/\/www.visittorshavn.fo\/fo\/"},{"@type":"ListItem","position":2,"name":"Events","item":"https:\/\/www.visittorshavn.fo\/fo\/events\/"},{"@type":"ListItem","position":3,"name":"Almennur fyrilestur: Kyn og stereotypur í arbeiðslívinum"}]},{"@type":"WebSite","@id":"https:\/\/www.visittorshavn.fo\/fo\/#website","url":"https:\/\/www.visittorshavn.fo\/fo\/","name":"Visit Torshavn","description":"","potentialAction":[{"@type":"SearchAction","target":{"@type":"EntryPoint","urlTemplate":"https:\/\/www.visittorshavn.fo\/fo\/?s={search_term_string}"},"query-input":{"@type":"PropertyValueSpecification","valueRequired":true,"valueName":"search_term_string"}}],"inLanguage":"fo-FO"}]}</script>
<!-- / Yoast SEO plugin. -->

Almennur fyrilestur: Kyn og stereotypur í arbeiðslívinum - Visit Torshavn

Kyn, yrkisval og flytføri verður sett á skránna í Kongshøll, tá Helene Pristed Nielsen, granskari og ráðgevari, fer at bjóða okkara stereotypum í arbeiðslívinum av.
