{"id":111568,"date":"2025-04-09T13:37:32","date_gmt":"2025-04-09T12:37:32","guid":{"rendered":"https:\/\/www.visittorshavn.fo\/event\/bokaframloga-vid-rana-nolsoe\/"},"modified":"2025-04-11T23:37:57","modified_gmt":"2025-04-11T22:37:57","slug":"bokaframloga-vid-rana-nolsoe","status":"publish","type":"tribe_events","link":"https:\/\/www.visittorshavn.fo\/fo\/event\/bokaframloga-vid-rana-nolsoe\/","title":{"rendered":"B\u00f3kaframl\u00f8ga vi\u00f0 Rana Nols\u00f8e"},"content":{"rendered":"<p>B&oacute;kaframl&oslash;ga: Vit kunnu takka nekarunum fyri t&oacute;nleikin<\/p>\n<p>&lsquo;Vit kunnu takka nekarunum fyri t&oacute;nleikin&rsquo;, seg&eth;i Niels &iacute; Horni, t&aacute; Rani Nols&oslash;e m&oslash;tti honum ni&eth;ri &aacute; Klaksv&iacute;ksvegnum fyri n&oslash;krum &aacute;rum s&iacute;&eth;ani.<br \/>&#8211; R&aelig;tt hev&eth;i hann, t&iacute; t&aacute; eg fyri n&aelig;stan 50 &aacute;rum s&iacute;&eth;ani byrja&eth;i at sp&aelig;la gittar og gera m&iacute;ni egnu l&oslash;g, kendi eg einki til ta dramatisku s&oslash;guna handan populera t&oacute;nleikin. Ta&eth; var t&iacute; ikki s&oslash;rt skelkandi at finna &uacute;t av, at tann populeri t&oacute;nleikurin, sum rakk allan vegin til F&oslash;roya gj&oslash;gnum radiobylgjurnar &uacute;r Luxembourg, og sum gj&oslash;rdist ein tann st&oslash;rsta mentanarliga g&aacute;van til hetta land, &iacute; veruleikanum t&oacute;k seg upp millum &uacute;tslitnar og desperatar tr&aelig;lir &iacute; Amerika. Ta&eth; v&oacute;ru tr&aelig;lirnir sum skaptu negro spiritual t&oacute;nleikin og br&uacute;ktu hann til linna og ugga &iacute; t&iacute; v&oacute;nleysu tilveru tey v&oacute;ru tvungin inn &iacute;. Fyri teir var t&oacute;nleikurin ein spurningur um l&iacute;v ella dey&eth;, sigur Rani Nols&oslash;e.<br \/>S&oslash;gan gongur eisini aftur til Bakar Hansen &iacute; F&oslash;royum, sum fekk f&oslash;royingar til at sp&aelig;la upp&aacute; lj&oacute;&eth;f&oslash;ri og hvussu ta&eth; fekk jazz t&oacute;nleikin at spretta &iacute; Havnini &iacute; 1920-&aacute;runum og hvussu Simme og &oslash;ll hini mitt &iacute; 1950-&aacute;runum lofta&eth;u radiobylgjunum &uacute;r Luxembourg og skaptu tey fyrstu hittini t&aacute; &uacute;tvarpi&eth; var&eth; sett &aacute; stovn &iacute; 1957.<br \/>Hetta er s&oslash;gan um eksplosivu undirt&oslash;kuna &iacute; V&aacute;gi, idolini &iacute; Havn og skelkin &iacute; Klaksv&iacute;k.<\/p>\n","protected":false},"excerpt":{"rendered":"<p>Hetta er s\u00f8gan um r\u00f8turnar hj\u00e1 populer t\u00f3nleikinum, ein bergtakandi fer\u00f0 aftur til d\u00f8pru tr\u00e6lat\u00ed\u00f0ina \u00ed USA , tey fj\u00f8lt\u00e1tta\u00f0u samfelagsligu r\u00e1k vi\u00f0 ovurst\u00f3rari b\u00faskaparligari menning, tilflyting \u00far \u00f8llum heiminum og rasismu, sum t\u00f3nleikurin er sprettur \u00far.<\/p>\n","protected":false},"author":1,"featured_media":0,"template":"","meta":{"_acf_changed":false,"_tribe_events_status":"","_tribe_events_status_reason":"","_tribe_events_is_hybrid":"","_tribe_events_is_virtual":"","_tribe_events_virtual_video_source":"","_tribe_events_virtual_embed_video":"","_tribe_events_virtual_linked_button_text":"","_tribe_events_virtual_linked_button":"","_tribe_events_virtual_show_embed_at":"","_tribe_events_virtual_show_embed_to":[],"_tribe_events_virtual_show_on_event":"","_tribe_events_virtual_show_on_views":"","_tribe_events_virtual_url":"","footnotes":""},"tags":[],"tribe_events_cat":[294,313],"class_list":["post-111568","tribe_events","type-tribe_events","status-publish","hentry","tribe_events_cat-bokmentir-fo","tribe_events_cat-timin","cat_bokmentir-fo","cat_timin"],"acf":[],"yoast_head":"<!-- This site is optimized with the Yoast SEO plugin v27.5 - https:\/\/yoast.com\/product\/yoast-seo-wordpress\/ -->\n<title>B\u00f3kaframl\u00f8ga vi\u00f0 Rana Nols\u00f8e - Visit Torshavn<\/title>\n<meta name=\"robots\" content=\"index, follow, max-snippet:-1, max-image-preview:large, max-video-preview:-1\" \/>\n<link rel=\"canonical\" href=\"https:\/\/www.visittorshavn.fo\/fo\/event\/bokaframloga-vid-rana-nolsoe\/\" \/>\n<meta property=\"og:locale\" content=\"fo_FO\" \/>\n<meta property=\"og:type\" content=\"article\" \/>\n<meta property=\"og:title\" content=\"B\u00f3kaframl\u00f8ga vi\u00f0 Rana Nols\u00f8e - Visit Torshavn\" \/>\n<meta property=\"og:description\" content=\"Hetta er s\u00f8gan um r\u00f8turnar hj\u00e1 populer t\u00f3nleikinum, ein bergtakandi fer\u00f0 aftur til d\u00f8pru tr\u00e6lat\u00ed\u00f0ina \u00ed USA , tey fj\u00f8lt\u00e1tta\u00f0u samfelagsligu r\u00e1k vi\u00f0 ovurst\u00f3rari b\u00faskaparligari menning, tilflyting \u00far \u00f8llum heiminum og rasismu, sum t\u00f3nleikurin er sprettur \u00far.\" \/>\n<meta property=\"og:url\" content=\"https:\/\/www.visittorshavn.fo\/fo\/event\/bokaframloga-vid-rana-nolsoe\/\" \/>\n<meta property=\"og:site_name\" content=\"Visit Torshavn\" \/>\n<meta property=\"article:modified_time\" content=\"2025-04-11T22:37:57+00:00\" \/>\n<meta name=\"twitter:card\" content=\"summary_large_image\" \/>\n<meta name=\"twitter:label1\" content=\"Est. reading time\" \/>\n\t<meta name=\"twitter:data1\" content=\"2 minutes\" \/>\n<script type=\"application\/ld+json\" class=\"yoast-schema-graph\">{\"@context\":\"https:\\\/\\\/schema.org\",\"@graph\":[{\"@type\":\"WebPage\",\"@id\":\"https:\\\/\\\/www.visittorshavn.fo\\\/fo\\\/event\\\/bokaframloga-vid-rana-nolsoe\\\/\",\"url\":\"https:\\\/\\\/www.visittorshavn.fo\\\/fo\\\/event\\\/bokaframloga-vid-rana-nolsoe\\\/\",\"name\":\"B\u00f3kaframl\u00f8ga vi\u00f0 Rana Nols\u00f8e - Visit Torshavn\",\"isPartOf\":{\"@id\":\"https:\\\/\\\/www.visittorshavn.fo\\\/fo\\\/#website\"},\"datePublished\":\"2025-04-09T12:37:32+00:00\",\"dateModified\":\"2025-04-11T22:37:57+00:00\",\"breadcrumb\":{\"@id\":\"https:\\\/\\\/www.visittorshavn.fo\\\/fo\\\/event\\\/bokaframloga-vid-rana-nolsoe\\\/#breadcrumb\"},\"inLanguage\":\"fo-FO\",\"potentialAction\":[{\"@type\":\"ReadAction\",\"target\":[\"https:\\\/\\\/www.visittorshavn.fo\\\/fo\\\/event\\\/bokaframloga-vid-rana-nolsoe\\\/\"]}]},{\"@type\":\"BreadcrumbList\",\"@id\":\"https:\\\/\\\/www.visittorshavn.fo\\\/fo\\\/event\\\/bokaframloga-vid-rana-nolsoe\\\/#breadcrumb\",\"itemListElement\":[{\"@type\":\"ListItem\",\"position\":1,\"name\":\"Home\",\"item\":\"https:\\\/\\\/www.visittorshavn.fo\\\/fo\\\/\"},{\"@type\":\"ListItem\",\"position\":2,\"name\":\"Events\",\"item\":\"https:\\\/\\\/www.visittorshavn.fo\\\/fo\\\/events\\\/\"},{\"@type\":\"ListItem\",\"position\":3,\"name\":\"B\u00f3kaframl\u00f8ga vi\u00f0 Rana Nols\u00f8e\"}]},{\"@type\":\"WebSite\",\"@id\":\"https:\\\/\\\/www.visittorshavn.fo\\\/fo\\\/#website\",\"url\":\"https:\\\/\\\/www.visittorshavn.fo\\\/fo\\\/\",\"name\":\"Visit Torshavn\",\"description\":\"\",\"potentialAction\":[{\"@type\":\"SearchAction\",\"target\":{\"@type\":\"EntryPoint\",\"urlTemplate\":\"https:\\\/\\\/www.visittorshavn.fo\\\/fo\\\/?s={search_term_string}\"},\"query-input\":{\"@type\":\"PropertyValueSpecification\",\"valueRequired\":true,\"valueName\":\"search_term_string\"}}],\"inLanguage\":\"fo-FO\"}]}<\/script>\n<!-- \/ Yoast SEO plugin. -->","yoast_head_json":{"title":"B\u00f3kaframl\u00f8ga vi\u00f0 Rana Nols\u00f8e - Visit Torshavn","robots":{"index":"index","follow":"follow","max-snippet":"max-snippet:-1","max-image-preview":"max-image-preview:large","max-video-preview":"max-video-preview:-1"},"canonical":"https:\/\/www.visittorshavn.fo\/fo\/event\/bokaframloga-vid-rana-nolsoe\/","og_locale":"fo_FO","og_type":"article","og_title":"B\u00f3kaframl\u00f8ga vi\u00f0 Rana Nols\u00f8e - Visit Torshavn","og_description":"Hetta er s\u00f8gan um r\u00f8turnar hj\u00e1 populer t\u00f3nleikinum, ein bergtakandi fer\u00f0 aftur til d\u00f8pru tr\u00e6lat\u00ed\u00f0ina \u00ed USA , tey fj\u00f8lt\u00e1tta\u00f0u samfelagsligu r\u00e1k vi\u00f0 ovurst\u00f3rari b\u00faskaparligari menning, tilflyting \u00far \u00f8llum heiminum og rasismu, sum t\u00f3nleikurin er sprettur \u00far.","og_url":"https:\/\/www.visittorshavn.fo\/fo\/event\/bokaframloga-vid-rana-nolsoe\/","og_site_name":"Visit Torshavn","article_modified_time":"2025-04-11T22:37:57+00:00","twitter_card":"summary_large_image","twitter_misc":{"Est. reading time":"2 minutes"},"schema":{"@context":"https:\/\/schema.org","@graph":[{"@type":"WebPage","@id":"https:\/\/www.visittorshavn.fo\/fo\/event\/bokaframloga-vid-rana-nolsoe\/","url":"https:\/\/www.visittorshavn.fo\/fo\/event\/bokaframloga-vid-rana-nolsoe\/","name":"B\u00f3kaframl\u00f8ga vi\u00f0 Rana Nols\u00f8e - Visit Torshavn","isPartOf":{"@id":"https:\/\/www.visittorshavn.fo\/fo\/#website"},"datePublished":"2025-04-09T12:37:32+00:00","dateModified":"2025-04-11T22:37:57+00:00","breadcrumb":{"@id":"https:\/\/www.visittorshavn.fo\/fo\/event\/bokaframloga-vid-rana-nolsoe\/#breadcrumb"},"inLanguage":"fo-FO","potentialAction":[{"@type":"ReadAction","target":["https:\/\/www.visittorshavn.fo\/fo\/event\/bokaframloga-vid-rana-nolsoe\/"]}]},{"@type":"BreadcrumbList","@id":"https:\/\/www.visittorshavn.fo\/fo\/event\/bokaframloga-vid-rana-nolsoe\/#breadcrumb","itemListElement":[{"@type":"ListItem","position":1,"name":"Home","item":"https:\/\/www.visittorshavn.fo\/fo\/"},{"@type":"ListItem","position":2,"name":"Events","item":"https:\/\/www.visittorshavn.fo\/fo\/events\/"},{"@type":"ListItem","position":3,"name":"B\u00f3kaframl\u00f8ga vi\u00f0 Rana Nols\u00f8e"}]},{"@type":"WebSite","@id":"https:\/\/www.visittorshavn.fo\/fo\/#website","url":"https:\/\/www.visittorshavn.fo\/fo\/","name":"Visit Torshavn","description":"","potentialAction":[{"@type":"SearchAction","target":{"@type":"EntryPoint","urlTemplate":"https:\/\/www.visittorshavn.fo\/fo\/?s={search_term_string}"},"query-input":{"@type":"PropertyValueSpecification","valueRequired":true,"valueName":"search_term_string"}}],"inLanguage":"fo-FO"}]}},"_links":{"self":[{"href":"https:\/\/www.visittorshavn.fo\/fo\/wp-json\/wp\/v2\/tribe_events\/111568","targetHints":{"allow":["GET"]}}],"collection":[{"href":"https:\/\/www.visittorshavn.fo\/fo\/wp-json\/wp\/v2\/tribe_events"}],"about":[{"href":"https:\/\/www.visittorshavn.fo\/fo\/wp-json\/wp\/v2\/types\/tribe_events"}],"author":[{"embeddable":true,"href":"https:\/\/www.visittorshavn.fo\/fo\/wp-json\/wp\/v2\/users\/1"}],"version-history":[{"count":0,"href":"https:\/\/www.visittorshavn.fo\/fo\/wp-json\/wp\/v2\/tribe_events\/111568\/revisions"}],"wp:attachment":[{"href":"https:\/\/www.visittorshavn.fo\/fo\/wp-json\/wp\/v2\/media?parent=111568"}],"wp:term":[{"taxonomy":"post_tag","embeddable":true,"href":"https:\/\/www.visittorshavn.fo\/fo\/wp-json\/wp\/v2\/tags?post=111568"},{"taxonomy":"tribe_events_cat","embeddable":true,"href":"https:\/\/www.visittorshavn.fo\/fo\/wp-json\/wp\/v2\/tribe_events_cat?post=111568"}],"curies":[{"name":"wp","href":"https:\/\/api.w.org\/{rel}","templated":true}]}}

Bókaframløga við Rana Nolsøe

<p>Hetta er søgan um røturnar hjá populer tónleikinum, ein bergtakandi ferð aftur til døpru trælatíðina í USA , tey fjøltáttaðu samfelagsligu rák við ovurstórari búskaparligari menning, tilflyting úr øllum heiminum og rasismu, sum tónleikurin er sprettur úr.</p>

<!-- This site is optimized with the Yoast SEO plugin v27.5 - https://yoast.com/product/yoast-seo-wordpress/ -->
<title>Bókaframløga við Rana Nolsøe - Visit Torshavn</title>
<meta name="robots" content="index, follow, max-snippet:-1, max-image-preview:large, max-video-preview:-1" />
<link rel="canonical" href="https://www.visittorshavn.fo/fo/event/bokaframloga-vid-rana-nolsoe/" />
<meta property="og:locale" content="fo_FO" />
<meta property="og:type" content="article" />
<meta property="og:title" content="Bókaframløga við Rana Nolsøe - Visit Torshavn" />
<meta property="og:description" content="Hetta er søgan um røturnar hjá populer tónleikinum, ein bergtakandi ferð aftur til døpru trælatíðina í USA , tey fjøltáttaðu samfelagsligu rák við ovurstórari búskaparligari menning, tilflyting úr øllum heiminum og rasismu, sum tónleikurin er sprettur úr." />
<meta property="og:url" content="https://www.visittorshavn.fo/fo/event/bokaframloga-vid-rana-nolsoe/" />
<meta property="og:site_name" content="Visit Torshavn" />
<meta property="article:modified_time" content="2025-04-11T22:37:57+00:00" />
<meta name="twitter:card" content="summary_large_image" />
<meta name="twitter:label1" content="Est. reading time" />
	<meta name="twitter:data1" content="2 minutes" />
<script type="application/ld+json" class="yoast-schema-graph">{"@context":"https:\/\/schema.org","@graph":[{"@type":"WebPage","@id":"https:\/\/www.visittorshavn.fo\/fo\/event\/bokaframloga-vid-rana-nolsoe\/","url":"https:\/\/www.visittorshavn.fo\/fo\/event\/bokaframloga-vid-rana-nolsoe\/","name":"Bókaframløga við Rana Nolsøe - Visit Torshavn","isPartOf":{"@id":"https:\/\/www.visittorshavn.fo\/fo\/#website"},"datePublished":"2025-04-09T12:37:32+00:00","dateModified":"2025-04-11T22:37:57+00:00","breadcrumb":{"@id":"https:\/\/www.visittorshavn.fo\/fo\/event\/bokaframloga-vid-rana-nolsoe\/#breadcrumb"},"inLanguage":"fo-FO","potentialAction":[{"@type":"ReadAction","target":["https:\/\/www.visittorshavn.fo\/fo\/event\/bokaframloga-vid-rana-nolsoe\/"]}]},{"@type":"BreadcrumbList","@id":"https:\/\/www.visittorshavn.fo\/fo\/event\/bokaframloga-vid-rana-nolsoe\/#breadcrumb","itemListElement":[{"@type":"ListItem","position":1,"name":"Home","item":"https:\/\/www.visittorshavn.fo\/fo\/"},{"@type":"ListItem","position":2,"name":"Events","item":"https:\/\/www.visittorshavn.fo\/fo\/events\/"},{"@type":"ListItem","position":3,"name":"Bókaframløga við Rana Nolsøe"}]},{"@type":"WebSite","@id":"https:\/\/www.visittorshavn.fo\/fo\/#website","url":"https:\/\/www.visittorshavn.fo\/fo\/","name":"Visit Torshavn","description":"","potentialAction":[{"@type":"SearchAction","target":{"@type":"EntryPoint","urlTemplate":"https:\/\/www.visittorshavn.fo\/fo\/?s={search_term_string}"},"query-input":{"@type":"PropertyValueSpecification","valueRequired":true,"valueName":"search_term_string"}}],"inLanguage":"fo-FO"}]}</script>
<!-- / Yoast SEO plugin. -->

Bókaframløga við Rana Nolsøe - Visit Torshavn

Hetta er søgan um røturnar hjá populer tónleikinum, ein bergtakandi ferð aftur til døpru trælatíðina í USA , tey fjøltáttaðu samfelagsligu rák við ovurstórari búskaparligari menning, tilflyting úr øllum heiminum og rasismu, sum tónleikurin er sprettur úr.
