{"id":113791,"date":"2025-04-29T11:37:20","date_gmt":"2025-04-29T10:37:20","guid":{"rendered":"https:\/\/www.visittorshavn.fo\/event\/unesco-stod-sum-karmar-um-mentanarliga-sosiala-og-vinnuliga-menning\/"},"modified":"2025-05-20T23:38:22","modified_gmt":"2025-05-20T22:38:22","slug":"unesco-stod-sum-karmar-um-mentanarliga-sosiala-og-vinnuliga-menning","status":"publish","type":"tribe_events","link":"https:\/\/www.visittorshavn.fo\/fo\/event\/unesco-stod-sum-karmar-um-mentanarliga-sosiala-og-vinnuliga-menning\/","title":{"rendered":"UNESCO-st\u00f8\u00f0 sum karmar um mentanarliga, sosiala og vinnuliga menning"},"content":{"rendered":"<p>F&oslash;royar hava atlimaskap &iacute; ST-stovninum UNESCO. Men hv&iacute; skulu vit hava ta&eth;; hvussu skal ta&eth; vera gott og gagnligt fyri okkum? Kristina Christiansen fr&aacute; Tj&oacute;&eth;savninum leggur fyri og grei&eth;ir fr&aacute; f&oslash;royskum arbei&eth;i &iacute; sambandi vi&eth; heimsarv. S&iacute;&eth;ani tosar Jean-Philippe Messier fr&aacute; Kanada, sum er stovnari av og stj&oacute;ri fyri Manicuagan-Uapishka Biosferuni &iacute; Quebec. Hann hevur st&oacute;ra vitan um og royndir fr&aacute; UNESCO heimsarv, biosferur og geoparkir. Hann grei&eth;ir fr&aacute;, hvussu UNESCO hevur virka&eth; sum ein li&eth;ur &iacute; tilgongdini, t&aacute; eitt land, ella &oslash;ki, skipar mentan, n&aacute;tt&uacute;ru og si&eth;aarv &iacute; tr&aacute;&eth; vi&eth; altj&oacute;&eth;a UNESCO-karmar. Ein grundsetningur er alt&iacute;&eth;, at lokala sta&eth;setingin eigur avgerandi or&eth;i&eth;.<\/p>\n<p>&Aacute;hoyrarar kunnu eisini seta spurningar.<\/p>\n<p>&zwj;<\/p>\n","protected":false},"excerpt":{"rendered":"<p>Almennur fundur vi\u00f0 sl\u00f3\u00f0arum \u00far Kanada og Orkney um teirra royndir \u00ed UNESCO-samstarvinum.<\/p>\n","protected":false},"author":1,"featured_media":0,"template":"","meta":{"_acf_changed":false,"_tribe_events_status":"","_tribe_events_status_reason":"","_tribe_events_is_hybrid":"","_tribe_events_is_virtual":"","_tribe_events_virtual_video_source":"","_tribe_events_virtual_embed_video":"","_tribe_events_virtual_linked_button_text":"","_tribe_events_virtual_linked_button":"","_tribe_events_virtual_show_embed_at":"","_tribe_events_virtual_show_embed_to":[],"_tribe_events_virtual_show_on_event":"","_tribe_events_virtual_show_on_views":"","_tribe_events_virtual_url":"","footnotes":""},"tags":[],"tribe_events_cat":[295,313],"class_list":["post-113791","tribe_events","type-tribe_events","status-publish","hentry","tribe_events_cat-fyrilestrar-fo","tribe_events_cat-timin","cat_fyrilestrar-fo","cat_timin"],"acf":[],"yoast_head":"<!-- This site is optimized with the Yoast SEO plugin v27.5 - https:\/\/yoast.com\/product\/yoast-seo-wordpress\/ -->\n<title>UNESCO-st\u00f8\u00f0 sum karmar um mentanarliga, sosiala og vinnuliga menning - Visit Torshavn<\/title>\n<meta name=\"robots\" content=\"index, follow, max-snippet:-1, max-image-preview:large, max-video-preview:-1\" \/>\n<link rel=\"canonical\" href=\"https:\/\/www.visittorshavn.fo\/fo\/event\/unesco-stod-sum-karmar-um-mentanarliga-sosiala-og-vinnuliga-menning\/\" \/>\n<meta property=\"og:locale\" content=\"fo_FO\" \/>\n<meta property=\"og:type\" content=\"article\" \/>\n<meta property=\"og:title\" content=\"UNESCO-st\u00f8\u00f0 sum karmar um mentanarliga, sosiala og vinnuliga menning - Visit Torshavn\" \/>\n<meta property=\"og:description\" content=\"Almennur fundur vi\u00f0 sl\u00f3\u00f0arum \u00far Kanada og Orkney um teirra royndir \u00ed UNESCO-samstarvinum.\" \/>\n<meta property=\"og:url\" content=\"https:\/\/www.visittorshavn.fo\/fo\/event\/unesco-stod-sum-karmar-um-mentanarliga-sosiala-og-vinnuliga-menning\/\" \/>\n<meta property=\"og:site_name\" content=\"Visit Torshavn\" \/>\n<meta property=\"article:modified_time\" content=\"2025-05-20T22:38:22+00:00\" \/>\n<meta name=\"twitter:card\" content=\"summary_large_image\" \/>\n<meta name=\"twitter:label1\" content=\"Est. reading time\" \/>\n\t<meta name=\"twitter:data1\" content=\"1 minute\" \/>\n<script type=\"application\/ld+json\" class=\"yoast-schema-graph\">{\"@context\":\"https:\\\/\\\/schema.org\",\"@graph\":[{\"@type\":\"WebPage\",\"@id\":\"https:\\\/\\\/www.visittorshavn.fo\\\/fo\\\/event\\\/unesco-stod-sum-karmar-um-mentanarliga-sosiala-og-vinnuliga-menning\\\/\",\"url\":\"https:\\\/\\\/www.visittorshavn.fo\\\/fo\\\/event\\\/unesco-stod-sum-karmar-um-mentanarliga-sosiala-og-vinnuliga-menning\\\/\",\"name\":\"UNESCO-st\u00f8\u00f0 sum karmar um mentanarliga, sosiala og vinnuliga menning - Visit Torshavn\",\"isPartOf\":{\"@id\":\"https:\\\/\\\/www.visittorshavn.fo\\\/fo\\\/#website\"},\"datePublished\":\"2025-04-29T10:37:20+00:00\",\"dateModified\":\"2025-05-20T22:38:22+00:00\",\"breadcrumb\":{\"@id\":\"https:\\\/\\\/www.visittorshavn.fo\\\/fo\\\/event\\\/unesco-stod-sum-karmar-um-mentanarliga-sosiala-og-vinnuliga-menning\\\/#breadcrumb\"},\"inLanguage\":\"fo-FO\",\"potentialAction\":[{\"@type\":\"ReadAction\",\"target\":[\"https:\\\/\\\/www.visittorshavn.fo\\\/fo\\\/event\\\/unesco-stod-sum-karmar-um-mentanarliga-sosiala-og-vinnuliga-menning\\\/\"]}]},{\"@type\":\"BreadcrumbList\",\"@id\":\"https:\\\/\\\/www.visittorshavn.fo\\\/fo\\\/event\\\/unesco-stod-sum-karmar-um-mentanarliga-sosiala-og-vinnuliga-menning\\\/#breadcrumb\",\"itemListElement\":[{\"@type\":\"ListItem\",\"position\":1,\"name\":\"Home\",\"item\":\"https:\\\/\\\/www.visittorshavn.fo\\\/fo\\\/\"},{\"@type\":\"ListItem\",\"position\":2,\"name\":\"Events\",\"item\":\"https:\\\/\\\/www.visittorshavn.fo\\\/fo\\\/events\\\/\"},{\"@type\":\"ListItem\",\"position\":3,\"name\":\"UNESCO-st\u00f8\u00f0 sum karmar um mentanarliga, sosiala og vinnuliga menning\"}]},{\"@type\":\"WebSite\",\"@id\":\"https:\\\/\\\/www.visittorshavn.fo\\\/fo\\\/#website\",\"url\":\"https:\\\/\\\/www.visittorshavn.fo\\\/fo\\\/\",\"name\":\"Visit Torshavn\",\"description\":\"\",\"potentialAction\":[{\"@type\":\"SearchAction\",\"target\":{\"@type\":\"EntryPoint\",\"urlTemplate\":\"https:\\\/\\\/www.visittorshavn.fo\\\/fo\\\/?s={search_term_string}\"},\"query-input\":{\"@type\":\"PropertyValueSpecification\",\"valueRequired\":true,\"valueName\":\"search_term_string\"}}],\"inLanguage\":\"fo-FO\"}]}<\/script>\n<!-- \/ Yoast SEO plugin. -->","yoast_head_json":{"title":"UNESCO-st\u00f8\u00f0 sum karmar um mentanarliga, sosiala og vinnuliga menning - Visit Torshavn","robots":{"index":"index","follow":"follow","max-snippet":"max-snippet:-1","max-image-preview":"max-image-preview:large","max-video-preview":"max-video-preview:-1"},"canonical":"https:\/\/www.visittorshavn.fo\/fo\/event\/unesco-stod-sum-karmar-um-mentanarliga-sosiala-og-vinnuliga-menning\/","og_locale":"fo_FO","og_type":"article","og_title":"UNESCO-st\u00f8\u00f0 sum karmar um mentanarliga, sosiala og vinnuliga menning - Visit Torshavn","og_description":"Almennur fundur vi\u00f0 sl\u00f3\u00f0arum \u00far Kanada og Orkney um teirra royndir \u00ed UNESCO-samstarvinum.","og_url":"https:\/\/www.visittorshavn.fo\/fo\/event\/unesco-stod-sum-karmar-um-mentanarliga-sosiala-og-vinnuliga-menning\/","og_site_name":"Visit Torshavn","article_modified_time":"2025-05-20T22:38:22+00:00","twitter_card":"summary_large_image","twitter_misc":{"Est. reading time":"1 minute"},"schema":{"@context":"https:\/\/schema.org","@graph":[{"@type":"WebPage","@id":"https:\/\/www.visittorshavn.fo\/fo\/event\/unesco-stod-sum-karmar-um-mentanarliga-sosiala-og-vinnuliga-menning\/","url":"https:\/\/www.visittorshavn.fo\/fo\/event\/unesco-stod-sum-karmar-um-mentanarliga-sosiala-og-vinnuliga-menning\/","name":"UNESCO-st\u00f8\u00f0 sum karmar um mentanarliga, sosiala og vinnuliga menning - Visit Torshavn","isPartOf":{"@id":"https:\/\/www.visittorshavn.fo\/fo\/#website"},"datePublished":"2025-04-29T10:37:20+00:00","dateModified":"2025-05-20T22:38:22+00:00","breadcrumb":{"@id":"https:\/\/www.visittorshavn.fo\/fo\/event\/unesco-stod-sum-karmar-um-mentanarliga-sosiala-og-vinnuliga-menning\/#breadcrumb"},"inLanguage":"fo-FO","potentialAction":[{"@type":"ReadAction","target":["https:\/\/www.visittorshavn.fo\/fo\/event\/unesco-stod-sum-karmar-um-mentanarliga-sosiala-og-vinnuliga-menning\/"]}]},{"@type":"BreadcrumbList","@id":"https:\/\/www.visittorshavn.fo\/fo\/event\/unesco-stod-sum-karmar-um-mentanarliga-sosiala-og-vinnuliga-menning\/#breadcrumb","itemListElement":[{"@type":"ListItem","position":1,"name":"Home","item":"https:\/\/www.visittorshavn.fo\/fo\/"},{"@type":"ListItem","position":2,"name":"Events","item":"https:\/\/www.visittorshavn.fo\/fo\/events\/"},{"@type":"ListItem","position":3,"name":"UNESCO-st\u00f8\u00f0 sum karmar um mentanarliga, sosiala og vinnuliga menning"}]},{"@type":"WebSite","@id":"https:\/\/www.visittorshavn.fo\/fo\/#website","url":"https:\/\/www.visittorshavn.fo\/fo\/","name":"Visit Torshavn","description":"","potentialAction":[{"@type":"SearchAction","target":{"@type":"EntryPoint","urlTemplate":"https:\/\/www.visittorshavn.fo\/fo\/?s={search_term_string}"},"query-input":{"@type":"PropertyValueSpecification","valueRequired":true,"valueName":"search_term_string"}}],"inLanguage":"fo-FO"}]}},"_links":{"self":[{"href":"https:\/\/www.visittorshavn.fo\/fo\/wp-json\/wp\/v2\/tribe_events\/113791","targetHints":{"allow":["GET"]}}],"collection":[{"href":"https:\/\/www.visittorshavn.fo\/fo\/wp-json\/wp\/v2\/tribe_events"}],"about":[{"href":"https:\/\/www.visittorshavn.fo\/fo\/wp-json\/wp\/v2\/types\/tribe_events"}],"author":[{"embeddable":true,"href":"https:\/\/www.visittorshavn.fo\/fo\/wp-json\/wp\/v2\/users\/1"}],"version-history":[{"count":0,"href":"https:\/\/www.visittorshavn.fo\/fo\/wp-json\/wp\/v2\/tribe_events\/113791\/revisions"}],"wp:attachment":[{"href":"https:\/\/www.visittorshavn.fo\/fo\/wp-json\/wp\/v2\/media?parent=113791"}],"wp:term":[{"taxonomy":"post_tag","embeddable":true,"href":"https:\/\/www.visittorshavn.fo\/fo\/wp-json\/wp\/v2\/tags?post=113791"},{"taxonomy":"tribe_events_cat","embeddable":true,"href":"https:\/\/www.visittorshavn.fo\/fo\/wp-json\/wp\/v2\/tribe_events_cat?post=113791"}],"curies":[{"name":"wp","href":"https:\/\/api.w.org\/{rel}","templated":true}]}}

UNESCO-støð sum karmar um mentanarliga, sosiala og vinnuliga menning

<p>Almennur fundur við slóðarum úr Kanada og Orkney um teirra royndir í UNESCO-samstarvinum.</p>

<!-- This site is optimized with the Yoast SEO plugin v27.5 - https://yoast.com/product/yoast-seo-wordpress/ -->
<title>UNESCO-støð sum karmar um mentanarliga, sosiala og vinnuliga menning - Visit Torshavn</title>
<meta name="robots" content="index, follow, max-snippet:-1, max-image-preview:large, max-video-preview:-1" />
<link rel="canonical" href="https://www.visittorshavn.fo/fo/event/unesco-stod-sum-karmar-um-mentanarliga-sosiala-og-vinnuliga-menning/" />
<meta property="og:locale" content="fo_FO" />
<meta property="og:type" content="article" />
<meta property="og:title" content="UNESCO-støð sum karmar um mentanarliga, sosiala og vinnuliga menning - Visit Torshavn" />
<meta property="og:description" content="Almennur fundur við slóðarum úr Kanada og Orkney um teirra royndir í UNESCO-samstarvinum." />
<meta property="og:url" content="https://www.visittorshavn.fo/fo/event/unesco-stod-sum-karmar-um-mentanarliga-sosiala-og-vinnuliga-menning/" />
<meta property="og:site_name" content="Visit Torshavn" />
<meta property="article:modified_time" content="2025-05-20T22:38:22+00:00" />
<meta name="twitter:card" content="summary_large_image" />
<meta name="twitter:label1" content="Est. reading time" />
	<meta name="twitter:data1" content="1 minute" />
<script type="application/ld+json" class="yoast-schema-graph">{"@context":"https:\/\/schema.org","@graph":[{"@type":"WebPage","@id":"https:\/\/www.visittorshavn.fo\/fo\/event\/unesco-stod-sum-karmar-um-mentanarliga-sosiala-og-vinnuliga-menning\/","url":"https:\/\/www.visittorshavn.fo\/fo\/event\/unesco-stod-sum-karmar-um-mentanarliga-sosiala-og-vinnuliga-menning\/","name":"UNESCO-støð sum karmar um mentanarliga, sosiala og vinnuliga menning - Visit Torshavn","isPartOf":{"@id":"https:\/\/www.visittorshavn.fo\/fo\/#website"},"datePublished":"2025-04-29T10:37:20+00:00","dateModified":"2025-05-20T22:38:22+00:00","breadcrumb":{"@id":"https:\/\/www.visittorshavn.fo\/fo\/event\/unesco-stod-sum-karmar-um-mentanarliga-sosiala-og-vinnuliga-menning\/#breadcrumb"},"inLanguage":"fo-FO","potentialAction":[{"@type":"ReadAction","target":["https:\/\/www.visittorshavn.fo\/fo\/event\/unesco-stod-sum-karmar-um-mentanarliga-sosiala-og-vinnuliga-menning\/"]}]},{"@type":"BreadcrumbList","@id":"https:\/\/www.visittorshavn.fo\/fo\/event\/unesco-stod-sum-karmar-um-mentanarliga-sosiala-og-vinnuliga-menning\/#breadcrumb","itemListElement":[{"@type":"ListItem","position":1,"name":"Home","item":"https:\/\/www.visittorshavn.fo\/fo\/"},{"@type":"ListItem","position":2,"name":"Events","item":"https:\/\/www.visittorshavn.fo\/fo\/events\/"},{"@type":"ListItem","position":3,"name":"UNESCO-støð sum karmar um mentanarliga, sosiala og vinnuliga menning"}]},{"@type":"WebSite","@id":"https:\/\/www.visittorshavn.fo\/fo\/#website","url":"https:\/\/www.visittorshavn.fo\/fo\/","name":"Visit Torshavn","description":"","potentialAction":[{"@type":"SearchAction","target":{"@type":"EntryPoint","urlTemplate":"https:\/\/www.visittorshavn.fo\/fo\/?s={search_term_string}"},"query-input":{"@type":"PropertyValueSpecification","valueRequired":true,"valueName":"search_term_string"}}],"inLanguage":"fo-FO"}]}</script>
<!-- / Yoast SEO plugin. -->

UNESCO-støð sum karmar um mentanarliga, sosiala og vinnuliga menning - Visit Torshavn

Almennur fundur við slóðarum úr Kanada og Orkney um teirra royndir í UNESCO-samstarvinum.
