{"id":116957,"date":"2025-05-20T13:37:38","date_gmt":"2025-05-20T12:37:38","guid":{"rendered":"https:\/\/www.visittorshavn.fo\/event\/olavsokukonsert-brekkufedgar-trio-feat-torgard-og-johannesen\/"},"modified":"2025-07-27T23:38:36","modified_gmt":"2025-07-27T22:38:36","slug":"olavsokukonsert-brekkufedgar-trio-feat-torgard-og-johannesen","status":"publish","type":"tribe_events","link":"https:\/\/www.visittorshavn.fo\/fo\/event\/olavsokukonsert-brekkufedgar-trio-feat-torgard-og-johannesen\/","title":{"rendered":"\u00d3lavs\u00f8kukonsert &#8211; Brekkufe\u00f0gar Trio feat. T\u00f3rgar\u00f0 og Johannesen"},"content":{"rendered":"<p>Til &Oacute;lavs&oslash;kukonsertina hava Brekkufe&eth;garnir valt at bj&oacute;&eth;a tveimum ungum evnar&iacute;kum t&oacute;nleikarum vi&eth; &aacute; pall &iacute; Bl&aacute;bar. Kvintettin framf&oslash;rir eina jazzuta popp\/funk skr&aacute;, i&eth; h&oacute;skar v&aelig;l sum upphiting til &Oacute;lavs&oslash;kuna.<\/p>\n<p>T&oacute;nleikurin er lurtara- og dansivinarligur vi&eth; l&oslash;gum hj&aacute; m.a. Jan Gabarek, David Sanborn og Mezzoforte.<\/p>\n","protected":false},"excerpt":{"rendered":"<p>T\u00f3nleikararnir eru kendir fyri teirra orku, sp\u00e6ligle\u00f0i og ForFr\u00e1Dr\u00f8n tilgongd til t\u00f3nleikin, og harafturat sp\u00e6la teir bara g\u00f3\u00f0ar melodiir<\/p>\n","protected":false},"author":1,"featured_media":0,"template":"","meta":{"_acf_changed":false,"_tribe_events_status":"","_tribe_events_status_reason":"","_tribe_events_is_hybrid":"","_tribe_events_is_virtual":"","_tribe_events_virtual_video_source":"","_tribe_events_virtual_embed_video":"","_tribe_events_virtual_linked_button_text":"","_tribe_events_virtual_linked_button":"","_tribe_events_virtual_show_embed_at":"","_tribe_events_virtual_show_embed_to":[],"_tribe_events_virtual_show_on_event":"","_tribe_events_virtual_show_on_views":"","_tribe_events_virtual_url":"","footnotes":""},"tags":[],"tribe_events_cat":[313,293],"class_list":["post-116957","tribe_events","type-tribe_events","status-publish","hentry","tribe_events_cat-timin","tribe_events_cat-tonleikur-fo","cat_timin","cat_tonleikur-fo"],"acf":[],"yoast_head":"<!-- This site is optimized with the Yoast SEO plugin v27.5 - https:\/\/yoast.com\/product\/yoast-seo-wordpress\/ -->\n<title>\u00d3lavs\u00f8kukonsert - Brekkufe\u00f0gar Trio feat. T\u00f3rgar\u00f0 og Johannesen - Visit Torshavn<\/title>\n<meta name=\"robots\" content=\"index, follow, max-snippet:-1, max-image-preview:large, max-video-preview:-1\" \/>\n<link rel=\"canonical\" href=\"https:\/\/www.visittorshavn.fo\/fo\/event\/olavsokukonsert-brekkufedgar-trio-feat-torgard-og-johannesen\/\" \/>\n<meta property=\"og:locale\" content=\"fo_FO\" \/>\n<meta property=\"og:type\" content=\"article\" \/>\n<meta property=\"og:title\" content=\"\u00d3lavs\u00f8kukonsert - Brekkufe\u00f0gar Trio feat. T\u00f3rgar\u00f0 og Johannesen - Visit Torshavn\" \/>\n<meta property=\"og:description\" content=\"T\u00f3nleikararnir eru kendir fyri teirra orku, sp\u00e6ligle\u00f0i og ForFr\u00e1Dr\u00f8n tilgongd til t\u00f3nleikin, og harafturat sp\u00e6la teir bara g\u00f3\u00f0ar melodiir\" \/>\n<meta property=\"og:url\" content=\"https:\/\/www.visittorshavn.fo\/fo\/event\/olavsokukonsert-brekkufedgar-trio-feat-torgard-og-johannesen\/\" \/>\n<meta property=\"og:site_name\" content=\"Visit Torshavn\" \/>\n<meta property=\"article:modified_time\" content=\"2025-07-27T22:38:36+00:00\" \/>\n<meta name=\"twitter:card\" content=\"summary_large_image\" \/>\n<script type=\"application\/ld+json\" class=\"yoast-schema-graph\">{\"@context\":\"https:\\\/\\\/schema.org\",\"@graph\":[{\"@type\":\"WebPage\",\"@id\":\"https:\\\/\\\/www.visittorshavn.fo\\\/fo\\\/event\\\/olavsokukonsert-brekkufedgar-trio-feat-torgard-og-johannesen\\\/\",\"url\":\"https:\\\/\\\/www.visittorshavn.fo\\\/fo\\\/event\\\/olavsokukonsert-brekkufedgar-trio-feat-torgard-og-johannesen\\\/\",\"name\":\"\u00d3lavs\u00f8kukonsert - Brekkufe\u00f0gar Trio feat. T\u00f3rgar\u00f0 og Johannesen - Visit Torshavn\",\"isPartOf\":{\"@id\":\"https:\\\/\\\/www.visittorshavn.fo\\\/fo\\\/#website\"},\"datePublished\":\"2025-05-20T12:37:38+00:00\",\"dateModified\":\"2025-07-27T22:38:36+00:00\",\"breadcrumb\":{\"@id\":\"https:\\\/\\\/www.visittorshavn.fo\\\/fo\\\/event\\\/olavsokukonsert-brekkufedgar-trio-feat-torgard-og-johannesen\\\/#breadcrumb\"},\"inLanguage\":\"fo-FO\",\"potentialAction\":[{\"@type\":\"ReadAction\",\"target\":[\"https:\\\/\\\/www.visittorshavn.fo\\\/fo\\\/event\\\/olavsokukonsert-brekkufedgar-trio-feat-torgard-og-johannesen\\\/\"]}]},{\"@type\":\"BreadcrumbList\",\"@id\":\"https:\\\/\\\/www.visittorshavn.fo\\\/fo\\\/event\\\/olavsokukonsert-brekkufedgar-trio-feat-torgard-og-johannesen\\\/#breadcrumb\",\"itemListElement\":[{\"@type\":\"ListItem\",\"position\":1,\"name\":\"Home\",\"item\":\"https:\\\/\\\/www.visittorshavn.fo\\\/fo\\\/\"},{\"@type\":\"ListItem\",\"position\":2,\"name\":\"Events\",\"item\":\"https:\\\/\\\/www.visittorshavn.fo\\\/fo\\\/events\\\/\"},{\"@type\":\"ListItem\",\"position\":3,\"name\":\"\u00d3lavs\u00f8kukonsert &#8211; Brekkufe\u00f0gar Trio feat. T\u00f3rgar\u00f0 og Johannesen\"}]},{\"@type\":\"WebSite\",\"@id\":\"https:\\\/\\\/www.visittorshavn.fo\\\/fo\\\/#website\",\"url\":\"https:\\\/\\\/www.visittorshavn.fo\\\/fo\\\/\",\"name\":\"Visit Torshavn\",\"description\":\"\",\"potentialAction\":[{\"@type\":\"SearchAction\",\"target\":{\"@type\":\"EntryPoint\",\"urlTemplate\":\"https:\\\/\\\/www.visittorshavn.fo\\\/fo\\\/?s={search_term_string}\"},\"query-input\":{\"@type\":\"PropertyValueSpecification\",\"valueRequired\":true,\"valueName\":\"search_term_string\"}}],\"inLanguage\":\"fo-FO\"}]}<\/script>\n<!-- \/ Yoast SEO plugin. -->","yoast_head_json":{"title":"\u00d3lavs\u00f8kukonsert - Brekkufe\u00f0gar Trio feat. T\u00f3rgar\u00f0 og Johannesen - Visit Torshavn","robots":{"index":"index","follow":"follow","max-snippet":"max-snippet:-1","max-image-preview":"max-image-preview:large","max-video-preview":"max-video-preview:-1"},"canonical":"https:\/\/www.visittorshavn.fo\/fo\/event\/olavsokukonsert-brekkufedgar-trio-feat-torgard-og-johannesen\/","og_locale":"fo_FO","og_type":"article","og_title":"\u00d3lavs\u00f8kukonsert - Brekkufe\u00f0gar Trio feat. T\u00f3rgar\u00f0 og Johannesen - Visit Torshavn","og_description":"T\u00f3nleikararnir eru kendir fyri teirra orku, sp\u00e6ligle\u00f0i og ForFr\u00e1Dr\u00f8n tilgongd til t\u00f3nleikin, og harafturat sp\u00e6la teir bara g\u00f3\u00f0ar melodiir","og_url":"https:\/\/www.visittorshavn.fo\/fo\/event\/olavsokukonsert-brekkufedgar-trio-feat-torgard-og-johannesen\/","og_site_name":"Visit Torshavn","article_modified_time":"2025-07-27T22:38:36+00:00","twitter_card":"summary_large_image","schema":{"@context":"https:\/\/schema.org","@graph":[{"@type":"WebPage","@id":"https:\/\/www.visittorshavn.fo\/fo\/event\/olavsokukonsert-brekkufedgar-trio-feat-torgard-og-johannesen\/","url":"https:\/\/www.visittorshavn.fo\/fo\/event\/olavsokukonsert-brekkufedgar-trio-feat-torgard-og-johannesen\/","name":"\u00d3lavs\u00f8kukonsert - Brekkufe\u00f0gar Trio feat. T\u00f3rgar\u00f0 og Johannesen - Visit Torshavn","isPartOf":{"@id":"https:\/\/www.visittorshavn.fo\/fo\/#website"},"datePublished":"2025-05-20T12:37:38+00:00","dateModified":"2025-07-27T22:38:36+00:00","breadcrumb":{"@id":"https:\/\/www.visittorshavn.fo\/fo\/event\/olavsokukonsert-brekkufedgar-trio-feat-torgard-og-johannesen\/#breadcrumb"},"inLanguage":"fo-FO","potentialAction":[{"@type":"ReadAction","target":["https:\/\/www.visittorshavn.fo\/fo\/event\/olavsokukonsert-brekkufedgar-trio-feat-torgard-og-johannesen\/"]}]},{"@type":"BreadcrumbList","@id":"https:\/\/www.visittorshavn.fo\/fo\/event\/olavsokukonsert-brekkufedgar-trio-feat-torgard-og-johannesen\/#breadcrumb","itemListElement":[{"@type":"ListItem","position":1,"name":"Home","item":"https:\/\/www.visittorshavn.fo\/fo\/"},{"@type":"ListItem","position":2,"name":"Events","item":"https:\/\/www.visittorshavn.fo\/fo\/events\/"},{"@type":"ListItem","position":3,"name":"\u00d3lavs\u00f8kukonsert &#8211; Brekkufe\u00f0gar Trio feat. T\u00f3rgar\u00f0 og Johannesen"}]},{"@type":"WebSite","@id":"https:\/\/www.visittorshavn.fo\/fo\/#website","url":"https:\/\/www.visittorshavn.fo\/fo\/","name":"Visit Torshavn","description":"","potentialAction":[{"@type":"SearchAction","target":{"@type":"EntryPoint","urlTemplate":"https:\/\/www.visittorshavn.fo\/fo\/?s={search_term_string}"},"query-input":{"@type":"PropertyValueSpecification","valueRequired":true,"valueName":"search_term_string"}}],"inLanguage":"fo-FO"}]}},"_links":{"self":[{"href":"https:\/\/www.visittorshavn.fo\/fo\/wp-json\/wp\/v2\/tribe_events\/116957","targetHints":{"allow":["GET"]}}],"collection":[{"href":"https:\/\/www.visittorshavn.fo\/fo\/wp-json\/wp\/v2\/tribe_events"}],"about":[{"href":"https:\/\/www.visittorshavn.fo\/fo\/wp-json\/wp\/v2\/types\/tribe_events"}],"author":[{"embeddable":true,"href":"https:\/\/www.visittorshavn.fo\/fo\/wp-json\/wp\/v2\/users\/1"}],"version-history":[{"count":0,"href":"https:\/\/www.visittorshavn.fo\/fo\/wp-json\/wp\/v2\/tribe_events\/116957\/revisions"}],"wp:attachment":[{"href":"https:\/\/www.visittorshavn.fo\/fo\/wp-json\/wp\/v2\/media?parent=116957"}],"wp:term":[{"taxonomy":"post_tag","embeddable":true,"href":"https:\/\/www.visittorshavn.fo\/fo\/wp-json\/wp\/v2\/tags?post=116957"},{"taxonomy":"tribe_events_cat","embeddable":true,"href":"https:\/\/www.visittorshavn.fo\/fo\/wp-json\/wp\/v2\/tribe_events_cat?post=116957"}],"curies":[{"name":"wp","href":"https:\/\/api.w.org\/{rel}","templated":true}]}}

Ólavsøkukonsert &#8211; Brekkufeðgar Trio feat. Tórgarð og Johannesen

<p>Tónleikararnir eru kendir fyri teirra orku, spæligleði og ForFráDrøn tilgongd til tónleikin, og harafturat spæla teir bara góðar melodiir</p>

<!-- This site is optimized with the Yoast SEO plugin v27.5 - https://yoast.com/product/yoast-seo-wordpress/ -->
<title>Ólavsøkukonsert - Brekkufeðgar Trio feat. Tórgarð og Johannesen - Visit Torshavn</title>
<meta name="robots" content="index, follow, max-snippet:-1, max-image-preview:large, max-video-preview:-1" />
<link rel="canonical" href="https://www.visittorshavn.fo/fo/event/olavsokukonsert-brekkufedgar-trio-feat-torgard-og-johannesen/" />
<meta property="og:locale" content="fo_FO" />
<meta property="og:type" content="article" />
<meta property="og:title" content="Ólavsøkukonsert - Brekkufeðgar Trio feat. Tórgarð og Johannesen - Visit Torshavn" />
<meta property="og:description" content="Tónleikararnir eru kendir fyri teirra orku, spæligleði og ForFráDrøn tilgongd til tónleikin, og harafturat spæla teir bara góðar melodiir" />
<meta property="og:url" content="https://www.visittorshavn.fo/fo/event/olavsokukonsert-brekkufedgar-trio-feat-torgard-og-johannesen/" />
<meta property="og:site_name" content="Visit Torshavn" />
<meta property="article:modified_time" content="2025-07-27T22:38:36+00:00" />
<meta name="twitter:card" content="summary_large_image" />
<script type="application/ld+json" class="yoast-schema-graph">{"@context":"https:\/\/schema.org","@graph":[{"@type":"WebPage","@id":"https:\/\/www.visittorshavn.fo\/fo\/event\/olavsokukonsert-brekkufedgar-trio-feat-torgard-og-johannesen\/","url":"https:\/\/www.visittorshavn.fo\/fo\/event\/olavsokukonsert-brekkufedgar-trio-feat-torgard-og-johannesen\/","name":"Ólavsøkukonsert - Brekkufeðgar Trio feat. Tórgarð og Johannesen - Visit Torshavn","isPartOf":{"@id":"https:\/\/www.visittorshavn.fo\/fo\/#website"},"datePublished":"2025-05-20T12:37:38+00:00","dateModified":"2025-07-27T22:38:36+00:00","breadcrumb":{"@id":"https:\/\/www.visittorshavn.fo\/fo\/event\/olavsokukonsert-brekkufedgar-trio-feat-torgard-og-johannesen\/#breadcrumb"},"inLanguage":"fo-FO","potentialAction":[{"@type":"ReadAction","target":["https:\/\/www.visittorshavn.fo\/fo\/event\/olavsokukonsert-brekkufedgar-trio-feat-torgard-og-johannesen\/"]}]},{"@type":"BreadcrumbList","@id":"https:\/\/www.visittorshavn.fo\/fo\/event\/olavsokukonsert-brekkufedgar-trio-feat-torgard-og-johannesen\/#breadcrumb","itemListElement":[{"@type":"ListItem","position":1,"name":"Home","item":"https:\/\/www.visittorshavn.fo\/fo\/"},{"@type":"ListItem","position":2,"name":"Events","item":"https:\/\/www.visittorshavn.fo\/fo\/events\/"},{"@type":"ListItem","position":3,"name":"Ólavsøkukonsert &#8211; Brekkufeðgar Trio feat. Tórgarð og Johannesen"}]},{"@type":"WebSite","@id":"https:\/\/www.visittorshavn.fo\/fo\/#website","url":"https:\/\/www.visittorshavn.fo\/fo\/","name":"Visit Torshavn","description":"","potentialAction":[{"@type":"SearchAction","target":{"@type":"EntryPoint","urlTemplate":"https:\/\/www.visittorshavn.fo\/fo\/?s={search_term_string}"},"query-input":{"@type":"PropertyValueSpecification","valueRequired":true,"valueName":"search_term_string"}}],"inLanguage":"fo-FO"}]}</script>
<!-- / Yoast SEO plugin. -->

Ólavsøkukonsert - Brekkufeðgar Trio feat. Tórgarð og Johannesen - Visit Torshavn

Tónleikararnir eru kendir fyri teirra orku, spæligleði og ForFráDrøn tilgongd til tónleikin, og harafturat spæla teir bara góðar melodiir
