{"id":127556,"date":"2025-07-07T11:37:37","date_gmt":"2025-07-07T10:37:37","guid":{"rendered":"https:\/\/www.visittorshavn.fo\/event\/um-at-skoda-um-gronlandsmalarar-og-ferdandi-listamalarar\/"},"modified":"2025-08-11T08:38:45","modified_gmt":"2025-08-11T07:38:45","slug":"um-at-skoda-um-gronlandsmalarar-og-ferdandi-listamalarar","status":"publish","type":"tribe_events","link":"https:\/\/www.visittorshavn.fo\/fo\/event\/um-at-skoda-um-gronlandsmalarar-og-ferdandi-listamalarar\/","title":{"rendered":"Um at sko\u00f0a, um gr\u00f8nlandsm\u00e1larar og fer\u00f0andi listam\u00e1larar"},"content":{"rendered":"<p>H\u00f8li: Dansistovan<br \/>Longd: 120 min<\/p>\n<p>\u00c1 summarframs\u00fdningini &#8220;T\u00fa sko\u00f0ar meg \u2013 sum eg sko\u00f0i teg&#8221; s\u00fdna vit verk eftir listakvinnur, sum hava fer\u00f0ast \u00ed Gr\u00f8nlandi og l\u00fdst gerandisl\u00f8tur og menniskju, i\u00f0 koma saman. Hvussu er so vi\u00f0 listamonnunum? Hvussu m\u00e1la teir Gr\u00f8nland? Hvussu l\u00fdsa teir Gr\u00f8nland?<\/p>\n<p>Heiti\u00f0 gr\u00f8nlandsm\u00e1larar ver\u00f0ur serliga n\u00fdtt um ein b\u00f3lk av listaf\u00f3lkum, i\u00f0 f\u00f3ru til Gr\u00f8nlands fr\u00e1 mi\u00f0skei\u00f0is \u00ed 1800-talinum til mi\u00f0skei\u00f0is \u00ed 1900-talinum at m\u00e1la og l\u00fdsa landi\u00f0 og f\u00f3lki\u00f0 har.<\/p>\n<p>Laila Lund Altinbas, i\u00f0 sj\u00e1lv onnur hevur sett summarframs\u00fdningina upp, tosar vi\u00f0 listas\u00f8gufr\u00f8\u00f0ingin Onnu Mariu Dam Ziska, um hvussu gr\u00f8nlandsm\u00e1lararnir s\u00f3u og m\u00e1la\u00f0u: hvussu teirra \u00e1sko\u00f0an var \u00e1virka\u00f0 av, at Gr\u00f8nland var eitt hj\u00e1land, hvussu hetta hongur saman vi\u00f0 framt\u00f8kuni av evropeisku tj\u00f3\u00f0arstatunum &#8211; og hvussu hesar \u00e1sko\u00f0anir framvegis mynda fatanina av Gr\u00f8nlandi \u00ed dag.<\/p>\n<p>Aftan\u00e1 samr\u00f8\u00f0una hevur Laila Lund Altinbas rundv\u00edsing \u00e1 frams\u00fdningini.<\/p>\n","protected":false},"excerpt":{"rendered":"<p>Samtal um summarframs\u00fdningina 2025<\/p>\n","protected":false},"author":1,"featured_media":0,"template":"","meta":{"_acf_changed":false,"_tribe_events_status":"","_tribe_events_status_reason":"","_tribe_events_is_hybrid":"","_tribe_events_is_virtual":"","_tribe_events_virtual_video_source":"","_tribe_events_virtual_embed_video":"","_tribe_events_virtual_linked_button_text":"","_tribe_events_virtual_linked_button":"","_tribe_events_virtual_show_embed_at":"","_tribe_events_virtual_show_embed_to":[],"_tribe_events_virtual_show_on_event":"","_tribe_events_virtual_show_on_views":"","_tribe_events_virtual_url":"","footnotes":""},"tags":[],"tribe_events_cat":[289,313],"class_list":["post-127556","tribe_events","type-tribe_events","status-publish","hentry","tribe_events_cat-framsyningar-fo","tribe_events_cat-timin","cat_framsyningar-fo","cat_timin"],"acf":[],"yoast_head":"<!-- This site is optimized with the Yoast SEO plugin v27.5 - https:\/\/yoast.com\/product\/yoast-seo-wordpress\/ -->\n<title>Um at sko\u00f0a, um gr\u00f8nlandsm\u00e1larar og fer\u00f0andi listam\u00e1larar - Visit Torshavn<\/title>\n<meta name=\"robots\" content=\"index, follow, max-snippet:-1, max-image-preview:large, max-video-preview:-1\" \/>\n<link rel=\"canonical\" href=\"https:\/\/www.visittorshavn.fo\/fo\/event\/um-at-skoda-um-gronlandsmalarar-og-ferdandi-listamalarar\/\" \/>\n<meta property=\"og:locale\" content=\"fo_FO\" \/>\n<meta property=\"og:type\" content=\"article\" \/>\n<meta property=\"og:title\" content=\"Um at sko\u00f0a, um gr\u00f8nlandsm\u00e1larar og fer\u00f0andi listam\u00e1larar - Visit Torshavn\" \/>\n<meta property=\"og:description\" content=\"Samtal um summarframs\u00fdningina 2025\" \/>\n<meta property=\"og:url\" content=\"https:\/\/www.visittorshavn.fo\/fo\/event\/um-at-skoda-um-gronlandsmalarar-og-ferdandi-listamalarar\/\" \/>\n<meta property=\"og:site_name\" content=\"Visit Torshavn\" \/>\n<meta property=\"article:modified_time\" content=\"2025-08-11T07:38:45+00:00\" \/>\n<meta name=\"twitter:card\" content=\"summary_large_image\" \/>\n<meta name=\"twitter:label1\" content=\"Est. reading time\" \/>\n\t<meta name=\"twitter:data1\" content=\"1 minute\" \/>\n<script type=\"application\/ld+json\" class=\"yoast-schema-graph\">{\"@context\":\"https:\\\/\\\/schema.org\",\"@graph\":[{\"@type\":\"WebPage\",\"@id\":\"https:\\\/\\\/www.visittorshavn.fo\\\/fo\\\/event\\\/um-at-skoda-um-gronlandsmalarar-og-ferdandi-listamalarar\\\/\",\"url\":\"https:\\\/\\\/www.visittorshavn.fo\\\/fo\\\/event\\\/um-at-skoda-um-gronlandsmalarar-og-ferdandi-listamalarar\\\/\",\"name\":\"Um at sko\u00f0a, um gr\u00f8nlandsm\u00e1larar og fer\u00f0andi listam\u00e1larar - Visit Torshavn\",\"isPartOf\":{\"@id\":\"https:\\\/\\\/www.visittorshavn.fo\\\/fo\\\/#website\"},\"datePublished\":\"2025-07-07T10:37:37+00:00\",\"dateModified\":\"2025-08-11T07:38:45+00:00\",\"breadcrumb\":{\"@id\":\"https:\\\/\\\/www.visittorshavn.fo\\\/fo\\\/event\\\/um-at-skoda-um-gronlandsmalarar-og-ferdandi-listamalarar\\\/#breadcrumb\"},\"inLanguage\":\"fo-FO\",\"potentialAction\":[{\"@type\":\"ReadAction\",\"target\":[\"https:\\\/\\\/www.visittorshavn.fo\\\/fo\\\/event\\\/um-at-skoda-um-gronlandsmalarar-og-ferdandi-listamalarar\\\/\"]}]},{\"@type\":\"BreadcrumbList\",\"@id\":\"https:\\\/\\\/www.visittorshavn.fo\\\/fo\\\/event\\\/um-at-skoda-um-gronlandsmalarar-og-ferdandi-listamalarar\\\/#breadcrumb\",\"itemListElement\":[{\"@type\":\"ListItem\",\"position\":1,\"name\":\"Home\",\"item\":\"https:\\\/\\\/www.visittorshavn.fo\\\/fo\\\/\"},{\"@type\":\"ListItem\",\"position\":2,\"name\":\"Events\",\"item\":\"https:\\\/\\\/www.visittorshavn.fo\\\/fo\\\/events\\\/\"},{\"@type\":\"ListItem\",\"position\":3,\"name\":\"Um at sko\u00f0a, um gr\u00f8nlandsm\u00e1larar og fer\u00f0andi listam\u00e1larar\"}]},{\"@type\":\"WebSite\",\"@id\":\"https:\\\/\\\/www.visittorshavn.fo\\\/fo\\\/#website\",\"url\":\"https:\\\/\\\/www.visittorshavn.fo\\\/fo\\\/\",\"name\":\"Visit Torshavn\",\"description\":\"\",\"potentialAction\":[{\"@type\":\"SearchAction\",\"target\":{\"@type\":\"EntryPoint\",\"urlTemplate\":\"https:\\\/\\\/www.visittorshavn.fo\\\/fo\\\/?s={search_term_string}\"},\"query-input\":{\"@type\":\"PropertyValueSpecification\",\"valueRequired\":true,\"valueName\":\"search_term_string\"}}],\"inLanguage\":\"fo-FO\"}]}<\/script>\n<!-- \/ Yoast SEO plugin. -->","yoast_head_json":{"title":"Um at sko\u00f0a, um gr\u00f8nlandsm\u00e1larar og fer\u00f0andi listam\u00e1larar - Visit Torshavn","robots":{"index":"index","follow":"follow","max-snippet":"max-snippet:-1","max-image-preview":"max-image-preview:large","max-video-preview":"max-video-preview:-1"},"canonical":"https:\/\/www.visittorshavn.fo\/fo\/event\/um-at-skoda-um-gronlandsmalarar-og-ferdandi-listamalarar\/","og_locale":"fo_FO","og_type":"article","og_title":"Um at sko\u00f0a, um gr\u00f8nlandsm\u00e1larar og fer\u00f0andi listam\u00e1larar - Visit Torshavn","og_description":"Samtal um summarframs\u00fdningina 2025","og_url":"https:\/\/www.visittorshavn.fo\/fo\/event\/um-at-skoda-um-gronlandsmalarar-og-ferdandi-listamalarar\/","og_site_name":"Visit Torshavn","article_modified_time":"2025-08-11T07:38:45+00:00","twitter_card":"summary_large_image","twitter_misc":{"Est. reading time":"1 minute"},"schema":{"@context":"https:\/\/schema.org","@graph":[{"@type":"WebPage","@id":"https:\/\/www.visittorshavn.fo\/fo\/event\/um-at-skoda-um-gronlandsmalarar-og-ferdandi-listamalarar\/","url":"https:\/\/www.visittorshavn.fo\/fo\/event\/um-at-skoda-um-gronlandsmalarar-og-ferdandi-listamalarar\/","name":"Um at sko\u00f0a, um gr\u00f8nlandsm\u00e1larar og fer\u00f0andi listam\u00e1larar - Visit Torshavn","isPartOf":{"@id":"https:\/\/www.visittorshavn.fo\/fo\/#website"},"datePublished":"2025-07-07T10:37:37+00:00","dateModified":"2025-08-11T07:38:45+00:00","breadcrumb":{"@id":"https:\/\/www.visittorshavn.fo\/fo\/event\/um-at-skoda-um-gronlandsmalarar-og-ferdandi-listamalarar\/#breadcrumb"},"inLanguage":"fo-FO","potentialAction":[{"@type":"ReadAction","target":["https:\/\/www.visittorshavn.fo\/fo\/event\/um-at-skoda-um-gronlandsmalarar-og-ferdandi-listamalarar\/"]}]},{"@type":"BreadcrumbList","@id":"https:\/\/www.visittorshavn.fo\/fo\/event\/um-at-skoda-um-gronlandsmalarar-og-ferdandi-listamalarar\/#breadcrumb","itemListElement":[{"@type":"ListItem","position":1,"name":"Home","item":"https:\/\/www.visittorshavn.fo\/fo\/"},{"@type":"ListItem","position":2,"name":"Events","item":"https:\/\/www.visittorshavn.fo\/fo\/events\/"},{"@type":"ListItem","position":3,"name":"Um at sko\u00f0a, um gr\u00f8nlandsm\u00e1larar og fer\u00f0andi listam\u00e1larar"}]},{"@type":"WebSite","@id":"https:\/\/www.visittorshavn.fo\/fo\/#website","url":"https:\/\/www.visittorshavn.fo\/fo\/","name":"Visit Torshavn","description":"","potentialAction":[{"@type":"SearchAction","target":{"@type":"EntryPoint","urlTemplate":"https:\/\/www.visittorshavn.fo\/fo\/?s={search_term_string}"},"query-input":{"@type":"PropertyValueSpecification","valueRequired":true,"valueName":"search_term_string"}}],"inLanguage":"fo-FO"}]}},"_links":{"self":[{"href":"https:\/\/www.visittorshavn.fo\/fo\/wp-json\/wp\/v2\/tribe_events\/127556","targetHints":{"allow":["GET"]}}],"collection":[{"href":"https:\/\/www.visittorshavn.fo\/fo\/wp-json\/wp\/v2\/tribe_events"}],"about":[{"href":"https:\/\/www.visittorshavn.fo\/fo\/wp-json\/wp\/v2\/types\/tribe_events"}],"author":[{"embeddable":true,"href":"https:\/\/www.visittorshavn.fo\/fo\/wp-json\/wp\/v2\/users\/1"}],"version-history":[{"count":0,"href":"https:\/\/www.visittorshavn.fo\/fo\/wp-json\/wp\/v2\/tribe_events\/127556\/revisions"}],"wp:attachment":[{"href":"https:\/\/www.visittorshavn.fo\/fo\/wp-json\/wp\/v2\/media?parent=127556"}],"wp:term":[{"taxonomy":"post_tag","embeddable":true,"href":"https:\/\/www.visittorshavn.fo\/fo\/wp-json\/wp\/v2\/tags?post=127556"},{"taxonomy":"tribe_events_cat","embeddable":true,"href":"https:\/\/www.visittorshavn.fo\/fo\/wp-json\/wp\/v2\/tribe_events_cat?post=127556"}],"curies":[{"name":"wp","href":"https:\/\/api.w.org\/{rel}","templated":true}]}}

Um at skoða, um grønlandsmálarar og ferðandi listamálarar

<p>Høli: Dansistovan<br />Longd: 120 min</p>
<p>Á summarframsýningini &#8220;Tú skoðar meg – sum eg skoði teg&#8221; sýna vit verk eftir listakvinnur, sum hava ferðast í Grønlandi og lýst gerandisløtur og menniskju, ið koma saman. Hvussu er so við listamonnunum? Hvussu mála teir Grønland? Hvussu lýsa teir Grønland?</p>
<p>Heitið grønlandsmálarar verður serliga nýtt um ein bólk av listafólkum, ið fóru til Grønlands frá miðskeiðis í 1800-talinum til miðskeiðis í 1900-talinum at mála og lýsa landið og fólkið har.</p>
<p>Laila Lund Altinbas, ið sjálv onnur hevur sett summarframsýningina upp, tosar við listasøgufrøðingin Onnu Mariu Dam Ziska, um hvussu grønlandsmálararnir sóu og málaðu: hvussu teirra áskoðan var ávirkað av, at Grønland var eitt hjáland, hvussu hetta hongur saman við framtøkuni av evropeisku tjóðarstatunum &#8211; og hvussu hesar áskoðanir framvegis mynda fatanina av Grønlandi í dag.</p>
<p>Aftaná samrøðuna hevur Laila Lund Altinbas rundvísing á framsýningini.</p>

<p>Samtal um summarframsýningina 2025</p>

<!-- This site is optimized with the Yoast SEO plugin v27.5 - https://yoast.com/product/yoast-seo-wordpress/ -->
<title>Um at skoða, um grønlandsmálarar og ferðandi listamálarar - Visit Torshavn</title>
<meta name="robots" content="index, follow, max-snippet:-1, max-image-preview:large, max-video-preview:-1" />
<link rel="canonical" href="https://www.visittorshavn.fo/fo/event/um-at-skoda-um-gronlandsmalarar-og-ferdandi-listamalarar/" />
<meta property="og:locale" content="fo_FO" />
<meta property="og:type" content="article" />
<meta property="og:title" content="Um at skoða, um grønlandsmálarar og ferðandi listamálarar - Visit Torshavn" />
<meta property="og:description" content="Samtal um summarframsýningina 2025" />
<meta property="og:url" content="https://www.visittorshavn.fo/fo/event/um-at-skoda-um-gronlandsmalarar-og-ferdandi-listamalarar/" />
<meta property="og:site_name" content="Visit Torshavn" />
<meta property="article:modified_time" content="2025-08-11T07:38:45+00:00" />
<meta name="twitter:card" content="summary_large_image" />
<meta name="twitter:label1" content="Est. reading time" />
	<meta name="twitter:data1" content="1 minute" />
<script type="application/ld+json" class="yoast-schema-graph">{"@context":"https:\/\/schema.org","@graph":[{"@type":"WebPage","@id":"https:\/\/www.visittorshavn.fo\/fo\/event\/um-at-skoda-um-gronlandsmalarar-og-ferdandi-listamalarar\/","url":"https:\/\/www.visittorshavn.fo\/fo\/event\/um-at-skoda-um-gronlandsmalarar-og-ferdandi-listamalarar\/","name":"Um at skoða, um grønlandsmálarar og ferðandi listamálarar - Visit Torshavn","isPartOf":{"@id":"https:\/\/www.visittorshavn.fo\/fo\/#website"},"datePublished":"2025-07-07T10:37:37+00:00","dateModified":"2025-08-11T07:38:45+00:00","breadcrumb":{"@id":"https:\/\/www.visittorshavn.fo\/fo\/event\/um-at-skoda-um-gronlandsmalarar-og-ferdandi-listamalarar\/#breadcrumb"},"inLanguage":"fo-FO","potentialAction":[{"@type":"ReadAction","target":["https:\/\/www.visittorshavn.fo\/fo\/event\/um-at-skoda-um-gronlandsmalarar-og-ferdandi-listamalarar\/"]}]},{"@type":"BreadcrumbList","@id":"https:\/\/www.visittorshavn.fo\/fo\/event\/um-at-skoda-um-gronlandsmalarar-og-ferdandi-listamalarar\/#breadcrumb","itemListElement":[{"@type":"ListItem","position":1,"name":"Home","item":"https:\/\/www.visittorshavn.fo\/fo\/"},{"@type":"ListItem","position":2,"name":"Events","item":"https:\/\/www.visittorshavn.fo\/fo\/events\/"},{"@type":"ListItem","position":3,"name":"Um at skoða, um grønlandsmálarar og ferðandi listamálarar"}]},{"@type":"WebSite","@id":"https:\/\/www.visittorshavn.fo\/fo\/#website","url":"https:\/\/www.visittorshavn.fo\/fo\/","name":"Visit Torshavn","description":"","potentialAction":[{"@type":"SearchAction","target":{"@type":"EntryPoint","urlTemplate":"https:\/\/www.visittorshavn.fo\/fo\/?s={search_term_string}"},"query-input":{"@type":"PropertyValueSpecification","valueRequired":true,"valueName":"search_term_string"}}],"inLanguage":"fo-FO"}]}</script>
<!-- / Yoast SEO plugin. -->

Um at skoða, um grønlandsmálarar og ferðandi listamálarar - Visit Torshavn

Samtal um summarframsýningina 2025
