{"id":130628,"date":"2025-07-16T10:38:20","date_gmt":"2025-07-16T09:38:20","guid":{"rendered":"https:\/\/www.visittorshavn.fo\/event\/olavsokuklaedi-listin-og-sogan\/"},"modified":"2025-07-19T23:39:04","modified_gmt":"2025-07-19T22:39:04","slug":"olavsokuklaedi-listin-og-sogan","status":"publish","type":"tribe_events","link":"https:\/\/www.visittorshavn.fo\/fo\/event\/olavsokuklaedi-listin-og-sogan\/","title":{"rendered":"\u00d3lavs\u00f8kukl\u00e6\u00f0i &#8211; Listin og s\u00f8gan"},"content":{"rendered":"<p>Vi&eth; n&yacute;ggju Kirkjustovuni hava vit n&uacute; b&aelig;&eth;i h&oslash;lir og h&oslash;vi at v&iacute;sa fram og grei&eth;a fr&aacute; hesum sermerkta listaverkinum, sum hevur fingi&eth; fast pl&aacute;ss &iacute; okkara &oacute;lavs&oslash;kusi&eth;venju.<\/p>\n<p>&Oacute;lavs&oslash;kukl&aelig;&eth;i&eth;, sum var&eth; v&iacute;gt &iacute; 2020, er eitt sergj&oslash;rt altarkl&aelig;&eth;i &ndash; eitt antependium &ndash; i&eth; hongur ni&eth;ur fyri tr&iacute;ggjar s&iacute;&eth;urnar &aacute; altarinum. Ta&eth; er vovi&eth; &uacute;r ull, silki og eftirgj&oslash;rdum tr&aacute;&eth;i, og er 393 cm langt og 105 cm h&oslash;gt. Kl&aelig;&eth;i&eth; er framleitt &aacute; heimsvi&eth;urkenda gobelinverksta&eth;num Tapisserie Pinton d&rsquo;Aubusson &iacute; Fraklandi, i&eth; samstarvar vi&eth; Manufacture des Gobelins, stovna&eth; av Ludv&iacute;k XIV.<\/p>\n<p>Listama&eth;urin Edward Fugl&oslash; eigur hugskoti&eth; og myndevni&eth;, sum s&yacute;nir &Oacute;lav Heilaga og litirnir, i&eth; minna um Merki&eth;. Framlei&eth;slan er gj&oslash;rd &iacute; t&oslash;ttum samstarvi vi&eth; Elsu Johannu H&oslash;genni, sum hevur sta&eth;i&eth; fyri tekstilpartinum.<\/p>\n<p>&Aacute; tiltakinum fara Edward og Elsa Johanna at grei&eth;a fr&aacute; um tilgongdina &ndash; fr&aacute; hugskoti til li&eth;ugt verk. Tey fara at l&yacute;sa arbei&eth;i&eth;, listarligu hugsanina og handverki&eth;, sum liggur aftanfyri &Oacute;lavs&oslash;kukl&aelig;&eth;i&eth;.<\/p>\n<p>Tiltaki&eth; byrjar &iacute; Kirkjustovu, har framl&oslash;gan ver&eth;ur hildin. Aftan&aacute; fara vit saman yvir &iacute; Havnar kirkju, har kl&aelig;&eth;i&eth; longu hongur &ndash; kl&aacute;rt til &Oacute;lavs&oslash;kuna.<\/p>\n<p>&Oslash;ll eru hjartaliga v&aelig;lkomin!<\/p>\n","protected":false},"excerpt":{"rendered":"<p>Fyri fimtu fer\u00f0 ver\u00f0ur \u00d3lavs\u00f8kukl\u00e6\u00f0i\u00f0 hongd upp \u00ed Havnar kirkju \u2013 og \u00ed \u00e1r bj\u00f3\u00f0a vit \u00f8llum til eitt serligt tiltak, har listin og tilgongdin ver\u00f0a sett \u00ed mi\u00f0depilin.<\/p>\n","protected":false},"author":1,"featured_media":0,"template":"","meta":{"_acf_changed":false,"_tribe_events_status":"","_tribe_events_status_reason":"","_tribe_events_is_hybrid":"","_tribe_events_is_virtual":"","_tribe_events_virtual_video_source":"","_tribe_events_virtual_embed_video":"","_tribe_events_virtual_linked_button_text":"","_tribe_events_virtual_linked_button":"","_tribe_events_virtual_show_embed_at":"","_tribe_events_virtual_show_embed_to":[],"_tribe_events_virtual_show_on_event":"","_tribe_events_virtual_show_on_views":"","_tribe_events_virtual_url":"","footnotes":""},"tags":[],"tribe_events_cat":[313,290],"class_list":["post-130628","tribe_events","type-tribe_events","status-publish","hentry","tribe_events_cat-timin","tribe_events_cat-ymiskt-fo","cat_timin","cat_ymiskt-fo"],"acf":[],"yoast_head":"<!-- This site is optimized with the Yoast SEO plugin v27.5 - https:\/\/yoast.com\/product\/yoast-seo-wordpress\/ -->\n<title>\u00d3lavs\u00f8kukl\u00e6\u00f0i - Listin og s\u00f8gan - Visit Torshavn<\/title>\n<meta name=\"robots\" content=\"index, follow, max-snippet:-1, max-image-preview:large, max-video-preview:-1\" \/>\n<link rel=\"canonical\" href=\"https:\/\/www.visittorshavn.fo\/fo\/event\/olavsokuklaedi-listin-og-sogan\/\" \/>\n<meta property=\"og:locale\" content=\"fo_FO\" \/>\n<meta property=\"og:type\" content=\"article\" \/>\n<meta property=\"og:title\" content=\"\u00d3lavs\u00f8kukl\u00e6\u00f0i - Listin og s\u00f8gan - Visit Torshavn\" \/>\n<meta property=\"og:description\" content=\"Fyri fimtu fer\u00f0 ver\u00f0ur \u00d3lavs\u00f8kukl\u00e6\u00f0i\u00f0 hongd upp \u00ed Havnar kirkju \u2013 og \u00ed \u00e1r bj\u00f3\u00f0a vit \u00f8llum til eitt serligt tiltak, har listin og tilgongdin ver\u00f0a sett \u00ed mi\u00f0depilin.\" \/>\n<meta property=\"og:url\" content=\"https:\/\/www.visittorshavn.fo\/fo\/event\/olavsokuklaedi-listin-og-sogan\/\" \/>\n<meta property=\"og:site_name\" content=\"Visit Torshavn\" \/>\n<meta property=\"article:modified_time\" content=\"2025-07-19T22:39:04+00:00\" \/>\n<meta name=\"twitter:card\" content=\"summary_large_image\" \/>\n<meta name=\"twitter:label1\" content=\"Est. reading time\" \/>\n\t<meta name=\"twitter:data1\" content=\"2 minutes\" \/>\n<script type=\"application\/ld+json\" class=\"yoast-schema-graph\">{\"@context\":\"https:\\\/\\\/schema.org\",\"@graph\":[{\"@type\":\"WebPage\",\"@id\":\"https:\\\/\\\/www.visittorshavn.fo\\\/fo\\\/event\\\/olavsokuklaedi-listin-og-sogan\\\/\",\"url\":\"https:\\\/\\\/www.visittorshavn.fo\\\/fo\\\/event\\\/olavsokuklaedi-listin-og-sogan\\\/\",\"name\":\"\u00d3lavs\u00f8kukl\u00e6\u00f0i - Listin og s\u00f8gan - Visit Torshavn\",\"isPartOf\":{\"@id\":\"https:\\\/\\\/www.visittorshavn.fo\\\/fo\\\/#website\"},\"datePublished\":\"2025-07-16T09:38:20+00:00\",\"dateModified\":\"2025-07-19T22:39:04+00:00\",\"breadcrumb\":{\"@id\":\"https:\\\/\\\/www.visittorshavn.fo\\\/fo\\\/event\\\/olavsokuklaedi-listin-og-sogan\\\/#breadcrumb\"},\"inLanguage\":\"fo-FO\",\"potentialAction\":[{\"@type\":\"ReadAction\",\"target\":[\"https:\\\/\\\/www.visittorshavn.fo\\\/fo\\\/event\\\/olavsokuklaedi-listin-og-sogan\\\/\"]}]},{\"@type\":\"BreadcrumbList\",\"@id\":\"https:\\\/\\\/www.visittorshavn.fo\\\/fo\\\/event\\\/olavsokuklaedi-listin-og-sogan\\\/#breadcrumb\",\"itemListElement\":[{\"@type\":\"ListItem\",\"position\":1,\"name\":\"Home\",\"item\":\"https:\\\/\\\/www.visittorshavn.fo\\\/fo\\\/\"},{\"@type\":\"ListItem\",\"position\":2,\"name\":\"Events\",\"item\":\"https:\\\/\\\/www.visittorshavn.fo\\\/fo\\\/events\\\/\"},{\"@type\":\"ListItem\",\"position\":3,\"name\":\"\u00d3lavs\u00f8kukl\u00e6\u00f0i &#8211; Listin og s\u00f8gan\"}]},{\"@type\":\"WebSite\",\"@id\":\"https:\\\/\\\/www.visittorshavn.fo\\\/fo\\\/#website\",\"url\":\"https:\\\/\\\/www.visittorshavn.fo\\\/fo\\\/\",\"name\":\"Visit Torshavn\",\"description\":\"\",\"potentialAction\":[{\"@type\":\"SearchAction\",\"target\":{\"@type\":\"EntryPoint\",\"urlTemplate\":\"https:\\\/\\\/www.visittorshavn.fo\\\/fo\\\/?s={search_term_string}\"},\"query-input\":{\"@type\":\"PropertyValueSpecification\",\"valueRequired\":true,\"valueName\":\"search_term_string\"}}],\"inLanguage\":\"fo-FO\"}]}<\/script>\n<!-- \/ Yoast SEO plugin. -->","yoast_head_json":{"title":"\u00d3lavs\u00f8kukl\u00e6\u00f0i - Listin og s\u00f8gan - Visit Torshavn","robots":{"index":"index","follow":"follow","max-snippet":"max-snippet:-1","max-image-preview":"max-image-preview:large","max-video-preview":"max-video-preview:-1"},"canonical":"https:\/\/www.visittorshavn.fo\/fo\/event\/olavsokuklaedi-listin-og-sogan\/","og_locale":"fo_FO","og_type":"article","og_title":"\u00d3lavs\u00f8kukl\u00e6\u00f0i - Listin og s\u00f8gan - Visit Torshavn","og_description":"Fyri fimtu fer\u00f0 ver\u00f0ur \u00d3lavs\u00f8kukl\u00e6\u00f0i\u00f0 hongd upp \u00ed Havnar kirkju \u2013 og \u00ed \u00e1r bj\u00f3\u00f0a vit \u00f8llum til eitt serligt tiltak, har listin og tilgongdin ver\u00f0a sett \u00ed mi\u00f0depilin.","og_url":"https:\/\/www.visittorshavn.fo\/fo\/event\/olavsokuklaedi-listin-og-sogan\/","og_site_name":"Visit Torshavn","article_modified_time":"2025-07-19T22:39:04+00:00","twitter_card":"summary_large_image","twitter_misc":{"Est. reading time":"2 minutes"},"schema":{"@context":"https:\/\/schema.org","@graph":[{"@type":"WebPage","@id":"https:\/\/www.visittorshavn.fo\/fo\/event\/olavsokuklaedi-listin-og-sogan\/","url":"https:\/\/www.visittorshavn.fo\/fo\/event\/olavsokuklaedi-listin-og-sogan\/","name":"\u00d3lavs\u00f8kukl\u00e6\u00f0i - Listin og s\u00f8gan - Visit Torshavn","isPartOf":{"@id":"https:\/\/www.visittorshavn.fo\/fo\/#website"},"datePublished":"2025-07-16T09:38:20+00:00","dateModified":"2025-07-19T22:39:04+00:00","breadcrumb":{"@id":"https:\/\/www.visittorshavn.fo\/fo\/event\/olavsokuklaedi-listin-og-sogan\/#breadcrumb"},"inLanguage":"fo-FO","potentialAction":[{"@type":"ReadAction","target":["https:\/\/www.visittorshavn.fo\/fo\/event\/olavsokuklaedi-listin-og-sogan\/"]}]},{"@type":"BreadcrumbList","@id":"https:\/\/www.visittorshavn.fo\/fo\/event\/olavsokuklaedi-listin-og-sogan\/#breadcrumb","itemListElement":[{"@type":"ListItem","position":1,"name":"Home","item":"https:\/\/www.visittorshavn.fo\/fo\/"},{"@type":"ListItem","position":2,"name":"Events","item":"https:\/\/www.visittorshavn.fo\/fo\/events\/"},{"@type":"ListItem","position":3,"name":"\u00d3lavs\u00f8kukl\u00e6\u00f0i &#8211; Listin og s\u00f8gan"}]},{"@type":"WebSite","@id":"https:\/\/www.visittorshavn.fo\/fo\/#website","url":"https:\/\/www.visittorshavn.fo\/fo\/","name":"Visit Torshavn","description":"","potentialAction":[{"@type":"SearchAction","target":{"@type":"EntryPoint","urlTemplate":"https:\/\/www.visittorshavn.fo\/fo\/?s={search_term_string}"},"query-input":{"@type":"PropertyValueSpecification","valueRequired":true,"valueName":"search_term_string"}}],"inLanguage":"fo-FO"}]}},"_links":{"self":[{"href":"https:\/\/www.visittorshavn.fo\/fo\/wp-json\/wp\/v2\/tribe_events\/130628","targetHints":{"allow":["GET"]}}],"collection":[{"href":"https:\/\/www.visittorshavn.fo\/fo\/wp-json\/wp\/v2\/tribe_events"}],"about":[{"href":"https:\/\/www.visittorshavn.fo\/fo\/wp-json\/wp\/v2\/types\/tribe_events"}],"author":[{"embeddable":true,"href":"https:\/\/www.visittorshavn.fo\/fo\/wp-json\/wp\/v2\/users\/1"}],"version-history":[{"count":0,"href":"https:\/\/www.visittorshavn.fo\/fo\/wp-json\/wp\/v2\/tribe_events\/130628\/revisions"}],"wp:attachment":[{"href":"https:\/\/www.visittorshavn.fo\/fo\/wp-json\/wp\/v2\/media?parent=130628"}],"wp:term":[{"taxonomy":"post_tag","embeddable":true,"href":"https:\/\/www.visittorshavn.fo\/fo\/wp-json\/wp\/v2\/tags?post=130628"},{"taxonomy":"tribe_events_cat","embeddable":true,"href":"https:\/\/www.visittorshavn.fo\/fo\/wp-json\/wp\/v2\/tribe_events_cat?post=130628"}],"curies":[{"name":"wp","href":"https:\/\/api.w.org\/{rel}","templated":true}]}}

Ólavsøkuklæði &#8211; Listin og søgan

<p>Fyri fimtu ferð verður Ólavsøkuklæðið hongd upp í Havnar kirkju – og í ár bjóða vit øllum til eitt serligt tiltak, har listin og tilgongdin verða sett í miðdepilin.</p>

<!-- This site is optimized with the Yoast SEO plugin v27.5 - https://yoast.com/product/yoast-seo-wordpress/ -->
<title>Ólavsøkuklæði - Listin og søgan - Visit Torshavn</title>
<meta name="robots" content="index, follow, max-snippet:-1, max-image-preview:large, max-video-preview:-1" />
<link rel="canonical" href="https://www.visittorshavn.fo/fo/event/olavsokuklaedi-listin-og-sogan/" />
<meta property="og:locale" content="fo_FO" />
<meta property="og:type" content="article" />
<meta property="og:title" content="Ólavsøkuklæði - Listin og søgan - Visit Torshavn" />
<meta property="og:description" content="Fyri fimtu ferð verður Ólavsøkuklæðið hongd upp í Havnar kirkju – og í ár bjóða vit øllum til eitt serligt tiltak, har listin og tilgongdin verða sett í miðdepilin." />
<meta property="og:url" content="https://www.visittorshavn.fo/fo/event/olavsokuklaedi-listin-og-sogan/" />
<meta property="og:site_name" content="Visit Torshavn" />
<meta property="article:modified_time" content="2025-07-19T22:39:04+00:00" />
<meta name="twitter:card" content="summary_large_image" />
<meta name="twitter:label1" content="Est. reading time" />
	<meta name="twitter:data1" content="2 minutes" />
<script type="application/ld+json" class="yoast-schema-graph">{"@context":"https:\/\/schema.org","@graph":[{"@type":"WebPage","@id":"https:\/\/www.visittorshavn.fo\/fo\/event\/olavsokuklaedi-listin-og-sogan\/","url":"https:\/\/www.visittorshavn.fo\/fo\/event\/olavsokuklaedi-listin-og-sogan\/","name":"Ólavsøkuklæði - Listin og søgan - Visit Torshavn","isPartOf":{"@id":"https:\/\/www.visittorshavn.fo\/fo\/#website"},"datePublished":"2025-07-16T09:38:20+00:00","dateModified":"2025-07-19T22:39:04+00:00","breadcrumb":{"@id":"https:\/\/www.visittorshavn.fo\/fo\/event\/olavsokuklaedi-listin-og-sogan\/#breadcrumb"},"inLanguage":"fo-FO","potentialAction":[{"@type":"ReadAction","target":["https:\/\/www.visittorshavn.fo\/fo\/event\/olavsokuklaedi-listin-og-sogan\/"]}]},{"@type":"BreadcrumbList","@id":"https:\/\/www.visittorshavn.fo\/fo\/event\/olavsokuklaedi-listin-og-sogan\/#breadcrumb","itemListElement":[{"@type":"ListItem","position":1,"name":"Home","item":"https:\/\/www.visittorshavn.fo\/fo\/"},{"@type":"ListItem","position":2,"name":"Events","item":"https:\/\/www.visittorshavn.fo\/fo\/events\/"},{"@type":"ListItem","position":3,"name":"Ólavsøkuklæði &#8211; Listin og søgan"}]},{"@type":"WebSite","@id":"https:\/\/www.visittorshavn.fo\/fo\/#website","url":"https:\/\/www.visittorshavn.fo\/fo\/","name":"Visit Torshavn","description":"","potentialAction":[{"@type":"SearchAction","target":{"@type":"EntryPoint","urlTemplate":"https:\/\/www.visittorshavn.fo\/fo\/?s={search_term_string}"},"query-input":{"@type":"PropertyValueSpecification","valueRequired":true,"valueName":"search_term_string"}}],"inLanguage":"fo-FO"}]}</script>
<!-- / Yoast SEO plugin. -->

Ólavsøkuklæði - Listin og søgan - Visit Torshavn

Fyri fimtu ferð verður Ólavsøkuklæðið hongd upp í Havnar kirkju – og í ár bjóða vit øllum til eitt serligt tiltak, har listin og tilgongdin verða sett í miðdepilin.
