{"id":139908,"date":"2025-08-21T14:38:16","date_gmt":"2025-08-21T13:38:16","guid":{"rendered":"https:\/\/www.visittorshavn.fo\/event\/radfestingar-i-almennum-heilsutilbodum\/"},"modified":"2025-09-09T23:38:30","modified_gmt":"2025-09-09T22:38:30","slug":"radfestingar-i-almennum-heilsutilbodum","status":"publish","type":"tribe_events","link":"https:\/\/www.visittorshavn.fo\/fo\/event\/radfestingar-i-almennum-heilsutilbodum\/","title":{"rendered":"Ra\u00f0festingar \u00ed almennum heilsutilbo\u00f0um"},"content":{"rendered":"<p>H\u00f8li: Sk\u00e1lin<br \/>Longd: 3 t\u00edmar<\/p>\n<p><span>Etiska r\u00e1\u00f0i\u00f0, Sj\u00fakrar\u00f8ktaretiska r\u00e1\u00f0i\u00f0 og Si\u00f0fr\u00f8\u00f0inevndin hj\u00e1 felagnum F\u00f8royskir S\u00e1larfr\u00f8\u00f0ingar skipa \u00ed felag fyri almennari r\u00e1\u00f0stevnu, i\u00f0 hevur til endam\u00e1ls at birta \u00ed kjak um ra\u00f0festingar av heilsutilbo\u00f0um innan almenna geiran og at varpa lj\u00f3s \u00e1 t\u00fddningin av gj\u00f8gnumskygni og r\u00e6ttv\u00edsi \u00ed ra\u00f0festingarmannagongdum.<\/p>\n<p>\u00cd einum v\u00e6lfer\u00f0arsamfelagi vi\u00f0 avmarka\u00f0um tilfeingi er ta\u00f0 avgerandi, at ra\u00f0festingar \u00ed heilsuverkinum ver\u00f0a grunda\u00f0ar \u00e1 grei\u00f0ar og etiskt haldf\u00f8rar meginreglur. \u00cd londunum rundan um okkum hevur kjak um ra\u00f0festingar sta\u00f0i\u00f0 \u00e1 dagsskr\u00e1 \u00ed fleiri \u00e1rat\u00edggju, men \u00ed F\u00f8royum hevur evni\u00f0 higartil fingi\u00f0 l\u00edtla ella onga r\u00famd, og vit hava hv\u00f8rki felags tilm\u00e6li ella lei\u00f0reglur fyri, hvussu ra\u00f0festingar \u00ed heilsutilbo\u00f0um skulu gerast. T\u00e1 i\u00f0 vit ikki hava innlit \u00ed, hvussu ra\u00f0fest ver\u00f0ur, kunnu vit heldur ikki meta um, hv\u00f8rt \u00fatb\u00fdti\u00f0 av heilsutilfeingi fer fram \u00e1 ein h\u00e1tt, sum livir upp til tey vir\u00f0ir og r\u00e6ttv\u00edsiskr\u00f8v, vit annars seta \u00ed einum demokratiskum samfelagi. Vi\u00f0 r\u00e1\u00f0stevnuni ynskja vit at seta gongd \u00e1 eitt opi\u00f0 og uppbyggjandi or\u00f0askifti um ra\u00f0festingar og etiskar avbj\u00f3\u00f0ingar \u00ed heilsuverkinum vi\u00f0 serligum atliti til f\u00f8royska samfelagi\u00f0.<\/span><\/p>\n<p><span>\u00c1 skr\u00e1nni ver\u00f0a fyrilestrar at hoyra um ra\u00f0festingar \u00far ymiskum sj\u00f3narhornum:<\/span><\/p>\n<ul>\n<li><!-- [if !supportLists]--><span>Kjeld M\u00f8ller Pedersen, professari \u00ed heilsub\u00faskapi, Syddansk Universitet.<\/span><\/li>\n<li><!-- [if !supportLists]--><span>Siri\u00f0 Stenberg sum fyrrverandi landst\u00fdrisskvinna \u00ed heilsu- og almannam\u00e1lum <\/span><\/li>\n<li>Hj\u00f8rdis Mortensen, stj\u00f3ri \u00ed Almannaverkinum<\/li>\n<li>P\u00e1l Weihe sum professari \u00ed arbei\u00f0ismedisini og fyrrverandi lei\u00f0ari \u00e1 Landssj\u00fakrah\u00fasinum<\/li>\n<li>J\u00f3gvan D. Hansen, l\u00e6rari \u00ed heimspeki \u00e1 Fr\u00f3\u00f0skaparsetri F\u00f8roya<\/li>\n<li><span><span>&nbsp;<\/span><\/span><span>Pallbor\u00f0skjak. Jana Mortensen lei\u00f0ir.<\/span><\/li>\n<\/ul>\n<p><span>R\u00e1\u00f0stevnan er \u00f3keypis, og \u00f8ll eru hjartaliga v\u00e6lkomin. <\/span><\/p>\n<p><span>R\u00e1\u00f0stevnan ver\u00f0ur upptikin og stroymd, og kann <a href=\"https:\/\/www.youtube.com\/live\/nKFXMaklO-c\">s\u00edggjast her<\/a><\/span><\/p>\n","protected":false},"excerpt":{"rendered":"<p>Hvat er r\u00e6tt og r\u00e6ttv\u00edst at gera?<\/p>\n","protected":false},"author":1,"featured_media":0,"template":"","meta":{"_acf_changed":false,"_tribe_events_status":"","_tribe_events_status_reason":"","_tribe_events_is_hybrid":"","_tribe_events_is_virtual":"","_tribe_events_virtual_video_source":"","_tribe_events_virtual_embed_video":"","_tribe_events_virtual_linked_button_text":"","_tribe_events_virtual_linked_button":"","_tribe_events_virtual_show_embed_at":"","_tribe_events_virtual_show_embed_to":[],"_tribe_events_virtual_show_on_event":"","_tribe_events_virtual_show_on_views":"","_tribe_events_virtual_url":"","footnotes":""},"tags":[],"tribe_events_cat":[295,313],"class_list":["post-139908","tribe_events","type-tribe_events","status-publish","hentry","tribe_events_cat-fyrilestrar-fo","tribe_events_cat-timin","cat_fyrilestrar-fo","cat_timin"],"acf":[],"yoast_head":"<!-- This site is optimized with the Yoast SEO plugin v27.5 - https:\/\/yoast.com\/product\/yoast-seo-wordpress\/ -->\n<title>Ra\u00f0festingar \u00ed almennum heilsutilbo\u00f0um - Visit Torshavn<\/title>\n<meta name=\"robots\" content=\"index, follow, max-snippet:-1, max-image-preview:large, max-video-preview:-1\" \/>\n<link rel=\"canonical\" href=\"https:\/\/www.visittorshavn.fo\/fo\/event\/radfestingar-i-almennum-heilsutilbodum\/\" \/>\n<meta property=\"og:locale\" content=\"fo_FO\" \/>\n<meta property=\"og:type\" content=\"article\" \/>\n<meta property=\"og:title\" content=\"Ra\u00f0festingar \u00ed almennum heilsutilbo\u00f0um - Visit Torshavn\" \/>\n<meta property=\"og:description\" content=\"Hvat er r\u00e6tt og r\u00e6ttv\u00edst at gera?\" \/>\n<meta property=\"og:url\" content=\"https:\/\/www.visittorshavn.fo\/fo\/event\/radfestingar-i-almennum-heilsutilbodum\/\" \/>\n<meta property=\"og:site_name\" content=\"Visit Torshavn\" \/>\n<meta property=\"article:modified_time\" content=\"2025-09-09T22:38:30+00:00\" \/>\n<meta name=\"twitter:card\" content=\"summary_large_image\" \/>\n<meta name=\"twitter:label1\" content=\"Est. reading time\" \/>\n\t<meta name=\"twitter:data1\" content=\"2 minutes\" \/>\n<script type=\"application\/ld+json\" class=\"yoast-schema-graph\">{\"@context\":\"https:\\\/\\\/schema.org\",\"@graph\":[{\"@type\":\"WebPage\",\"@id\":\"https:\\\/\\\/www.visittorshavn.fo\\\/fo\\\/event\\\/radfestingar-i-almennum-heilsutilbodum\\\/\",\"url\":\"https:\\\/\\\/www.visittorshavn.fo\\\/fo\\\/event\\\/radfestingar-i-almennum-heilsutilbodum\\\/\",\"name\":\"Ra\u00f0festingar \u00ed almennum heilsutilbo\u00f0um - Visit Torshavn\",\"isPartOf\":{\"@id\":\"https:\\\/\\\/www.visittorshavn.fo\\\/fo\\\/#website\"},\"datePublished\":\"2025-08-21T13:38:16+00:00\",\"dateModified\":\"2025-09-09T22:38:30+00:00\",\"breadcrumb\":{\"@id\":\"https:\\\/\\\/www.visittorshavn.fo\\\/fo\\\/event\\\/radfestingar-i-almennum-heilsutilbodum\\\/#breadcrumb\"},\"inLanguage\":\"fo-FO\",\"potentialAction\":[{\"@type\":\"ReadAction\",\"target\":[\"https:\\\/\\\/www.visittorshavn.fo\\\/fo\\\/event\\\/radfestingar-i-almennum-heilsutilbodum\\\/\"]}]},{\"@type\":\"BreadcrumbList\",\"@id\":\"https:\\\/\\\/www.visittorshavn.fo\\\/fo\\\/event\\\/radfestingar-i-almennum-heilsutilbodum\\\/#breadcrumb\",\"itemListElement\":[{\"@type\":\"ListItem\",\"position\":1,\"name\":\"Home\",\"item\":\"https:\\\/\\\/www.visittorshavn.fo\\\/fo\\\/\"},{\"@type\":\"ListItem\",\"position\":2,\"name\":\"Events\",\"item\":\"https:\\\/\\\/www.visittorshavn.fo\\\/fo\\\/events\\\/\"},{\"@type\":\"ListItem\",\"position\":3,\"name\":\"Ra\u00f0festingar \u00ed almennum heilsutilbo\u00f0um\"}]},{\"@type\":\"WebSite\",\"@id\":\"https:\\\/\\\/www.visittorshavn.fo\\\/fo\\\/#website\",\"url\":\"https:\\\/\\\/www.visittorshavn.fo\\\/fo\\\/\",\"name\":\"Visit Torshavn\",\"description\":\"\",\"potentialAction\":[{\"@type\":\"SearchAction\",\"target\":{\"@type\":\"EntryPoint\",\"urlTemplate\":\"https:\\\/\\\/www.visittorshavn.fo\\\/fo\\\/?s={search_term_string}\"},\"query-input\":{\"@type\":\"PropertyValueSpecification\",\"valueRequired\":true,\"valueName\":\"search_term_string\"}}],\"inLanguage\":\"fo-FO\"}]}<\/script>\n<!-- \/ Yoast SEO plugin. -->","yoast_head_json":{"title":"Ra\u00f0festingar \u00ed almennum heilsutilbo\u00f0um - Visit Torshavn","robots":{"index":"index","follow":"follow","max-snippet":"max-snippet:-1","max-image-preview":"max-image-preview:large","max-video-preview":"max-video-preview:-1"},"canonical":"https:\/\/www.visittorshavn.fo\/fo\/event\/radfestingar-i-almennum-heilsutilbodum\/","og_locale":"fo_FO","og_type":"article","og_title":"Ra\u00f0festingar \u00ed almennum heilsutilbo\u00f0um - Visit Torshavn","og_description":"Hvat er r\u00e6tt og r\u00e6ttv\u00edst at gera?","og_url":"https:\/\/www.visittorshavn.fo\/fo\/event\/radfestingar-i-almennum-heilsutilbodum\/","og_site_name":"Visit Torshavn","article_modified_time":"2025-09-09T22:38:30+00:00","twitter_card":"summary_large_image","twitter_misc":{"Est. reading time":"2 minutes"},"schema":{"@context":"https:\/\/schema.org","@graph":[{"@type":"WebPage","@id":"https:\/\/www.visittorshavn.fo\/fo\/event\/radfestingar-i-almennum-heilsutilbodum\/","url":"https:\/\/www.visittorshavn.fo\/fo\/event\/radfestingar-i-almennum-heilsutilbodum\/","name":"Ra\u00f0festingar \u00ed almennum heilsutilbo\u00f0um - Visit Torshavn","isPartOf":{"@id":"https:\/\/www.visittorshavn.fo\/fo\/#website"},"datePublished":"2025-08-21T13:38:16+00:00","dateModified":"2025-09-09T22:38:30+00:00","breadcrumb":{"@id":"https:\/\/www.visittorshavn.fo\/fo\/event\/radfestingar-i-almennum-heilsutilbodum\/#breadcrumb"},"inLanguage":"fo-FO","potentialAction":[{"@type":"ReadAction","target":["https:\/\/www.visittorshavn.fo\/fo\/event\/radfestingar-i-almennum-heilsutilbodum\/"]}]},{"@type":"BreadcrumbList","@id":"https:\/\/www.visittorshavn.fo\/fo\/event\/radfestingar-i-almennum-heilsutilbodum\/#breadcrumb","itemListElement":[{"@type":"ListItem","position":1,"name":"Home","item":"https:\/\/www.visittorshavn.fo\/fo\/"},{"@type":"ListItem","position":2,"name":"Events","item":"https:\/\/www.visittorshavn.fo\/fo\/events\/"},{"@type":"ListItem","position":3,"name":"Ra\u00f0festingar \u00ed almennum heilsutilbo\u00f0um"}]},{"@type":"WebSite","@id":"https:\/\/www.visittorshavn.fo\/fo\/#website","url":"https:\/\/www.visittorshavn.fo\/fo\/","name":"Visit Torshavn","description":"","potentialAction":[{"@type":"SearchAction","target":{"@type":"EntryPoint","urlTemplate":"https:\/\/www.visittorshavn.fo\/fo\/?s={search_term_string}"},"query-input":{"@type":"PropertyValueSpecification","valueRequired":true,"valueName":"search_term_string"}}],"inLanguage":"fo-FO"}]}},"_links":{"self":[{"href":"https:\/\/www.visittorshavn.fo\/fo\/wp-json\/wp\/v2\/tribe_events\/139908","targetHints":{"allow":["GET"]}}],"collection":[{"href":"https:\/\/www.visittorshavn.fo\/fo\/wp-json\/wp\/v2\/tribe_events"}],"about":[{"href":"https:\/\/www.visittorshavn.fo\/fo\/wp-json\/wp\/v2\/types\/tribe_events"}],"author":[{"embeddable":true,"href":"https:\/\/www.visittorshavn.fo\/fo\/wp-json\/wp\/v2\/users\/1"}],"version-history":[{"count":0,"href":"https:\/\/www.visittorshavn.fo\/fo\/wp-json\/wp\/v2\/tribe_events\/139908\/revisions"}],"wp:attachment":[{"href":"https:\/\/www.visittorshavn.fo\/fo\/wp-json\/wp\/v2\/media?parent=139908"}],"wp:term":[{"taxonomy":"post_tag","embeddable":true,"href":"https:\/\/www.visittorshavn.fo\/fo\/wp-json\/wp\/v2\/tags?post=139908"},{"taxonomy":"tribe_events_cat","embeddable":true,"href":"https:\/\/www.visittorshavn.fo\/fo\/wp-json\/wp\/v2\/tribe_events_cat?post=139908"}],"curies":[{"name":"wp","href":"https:\/\/api.w.org\/{rel}","templated":true}]}}

Raðfestingar í almennum heilsutilboðum

<p>Høli: Skálin<br />Longd: 3 tímar</p>
<p><span>Etiska ráðið, Sjúkrarøktaretiska ráðið og Siðfrøðinevndin hjá felagnum Føroyskir Sálarfrøðingar skipa í felag fyri almennari ráðstevnu, ið hevur til endamáls at birta í kjak um raðfestingar av heilsutilboðum innan almenna geiran og at varpa ljós á týdningin av gjøgnumskygni og rættvísi í raðfestingarmannagongdum.</p>
<p>Í einum vælferðarsamfelagi við avmarkaðum tilfeingi er tað avgerandi, at raðfestingar í heilsuverkinum verða grundaðar á greiðar og etiskt haldførar meginreglur. Í londunum rundan um okkum hevur kjak um raðfestingar staðið á dagsskrá í fleiri áratíggju, men í Føroyum hevur evnið higartil fingið lítla ella onga rúmd, og vit hava hvørki felags tilmæli ella leiðreglur fyri, hvussu raðfestingar í heilsutilboðum skulu gerast. Tá ið vit ikki hava innlit í, hvussu raðfest verður, kunnu vit heldur ikki meta um, hvørt útbýtið av heilsutilfeingi fer fram á ein hátt, sum livir upp til tey virðir og rættvísiskrøv, vit annars seta í einum demokratiskum samfelagi. Við ráðstevnuni ynskja vit at seta gongd á eitt opið og uppbyggjandi orðaskifti um raðfestingar og etiskar avbjóðingar í heilsuverkinum við serligum atliti til føroyska samfelagið.</span></p>
<p><span>Á skránni verða fyrilestrar at hoyra um raðfestingar úr ymiskum sjónarhornum:</span></p>
<ul>
<li><!-- [if !supportLists]--><span>Kjeld Møller Pedersen, professari í heilsubúskapi, Syddansk Universitet.</span></li>
<li><!-- [if !supportLists]--><span>Sirið Stenberg sum fyrrverandi landstýrisskvinna í heilsu- og almannamálum </span></li>
<li>Hjørdis Mortensen, stjóri í Almannaverkinum</li>
<li>Pál Weihe sum professari í arbeiðismedisini og fyrrverandi leiðari á Landssjúkrahúsinum</li>
<li>Jógvan D. Hansen, lærari í heimspeki á Fróðskaparsetri Føroya</li>
<li><span><span>&nbsp;</span></span><span>Pallborðskjak. Jana Mortensen leiðir.</span></li>
</ul>
<p><span>Ráðstevnan er ókeypis, og øll eru hjartaliga vælkomin. </span></p>
<p><span>Ráðstevnan verður upptikin og stroymd, og kann <a href="https://www.youtube.com/live/nKFXMaklO-c">síggjast her</a></span></p>

<p>Hvat er rætt og rættvíst at gera?</p>

<!-- This site is optimized with the Yoast SEO plugin v27.5 - https://yoast.com/product/yoast-seo-wordpress/ -->
<title>Raðfestingar í almennum heilsutilboðum - Visit Torshavn</title>
<meta name="robots" content="index, follow, max-snippet:-1, max-image-preview:large, max-video-preview:-1" />
<link rel="canonical" href="https://www.visittorshavn.fo/fo/event/radfestingar-i-almennum-heilsutilbodum/" />
<meta property="og:locale" content="fo_FO" />
<meta property="og:type" content="article" />
<meta property="og:title" content="Raðfestingar í almennum heilsutilboðum - Visit Torshavn" />
<meta property="og:description" content="Hvat er rætt og rættvíst at gera?" />
<meta property="og:url" content="https://www.visittorshavn.fo/fo/event/radfestingar-i-almennum-heilsutilbodum/" />
<meta property="og:site_name" content="Visit Torshavn" />
<meta property="article:modified_time" content="2025-09-09T22:38:30+00:00" />
<meta name="twitter:card" content="summary_large_image" />
<meta name="twitter:label1" content="Est. reading time" />
	<meta name="twitter:data1" content="2 minutes" />
<script type="application/ld+json" class="yoast-schema-graph">{"@context":"https:\/\/schema.org","@graph":[{"@type":"WebPage","@id":"https:\/\/www.visittorshavn.fo\/fo\/event\/radfestingar-i-almennum-heilsutilbodum\/","url":"https:\/\/www.visittorshavn.fo\/fo\/event\/radfestingar-i-almennum-heilsutilbodum\/","name":"Raðfestingar í almennum heilsutilboðum - Visit Torshavn","isPartOf":{"@id":"https:\/\/www.visittorshavn.fo\/fo\/#website"},"datePublished":"2025-08-21T13:38:16+00:00","dateModified":"2025-09-09T22:38:30+00:00","breadcrumb":{"@id":"https:\/\/www.visittorshavn.fo\/fo\/event\/radfestingar-i-almennum-heilsutilbodum\/#breadcrumb"},"inLanguage":"fo-FO","potentialAction":[{"@type":"ReadAction","target":["https:\/\/www.visittorshavn.fo\/fo\/event\/radfestingar-i-almennum-heilsutilbodum\/"]}]},{"@type":"BreadcrumbList","@id":"https:\/\/www.visittorshavn.fo\/fo\/event\/radfestingar-i-almennum-heilsutilbodum\/#breadcrumb","itemListElement":[{"@type":"ListItem","position":1,"name":"Home","item":"https:\/\/www.visittorshavn.fo\/fo\/"},{"@type":"ListItem","position":2,"name":"Events","item":"https:\/\/www.visittorshavn.fo\/fo\/events\/"},{"@type":"ListItem","position":3,"name":"Raðfestingar í almennum heilsutilboðum"}]},{"@type":"WebSite","@id":"https:\/\/www.visittorshavn.fo\/fo\/#website","url":"https:\/\/www.visittorshavn.fo\/fo\/","name":"Visit Torshavn","description":"","potentialAction":[{"@type":"SearchAction","target":{"@type":"EntryPoint","urlTemplate":"https:\/\/www.visittorshavn.fo\/fo\/?s={search_term_string}"},"query-input":{"@type":"PropertyValueSpecification","valueRequired":true,"valueName":"search_term_string"}}],"inLanguage":"fo-FO"}]}</script>
<!-- / Yoast SEO plugin. -->

Raðfestingar í almennum heilsutilboðum - Visit Torshavn

Hvat er rætt og rættvíst at gera?
