{"id":150366,"date":"2025-09-24T14:38:22","date_gmt":"2025-09-24T13:38:22","guid":{"rendered":"https:\/\/www.visittorshavn.fo\/event\/maltid-i-myrkri-2\/"},"modified":"2025-10-05T23:38:50","modified_gmt":"2025-10-05T22:38:50","slug":"maltid-i-myrkri-2","status":"publish","type":"tribe_events","link":"https:\/\/www.visittorshavn.fo\/fo\/event\/maltid-i-myrkri-2\/","title":{"rendered":"M\u00e1lt\u00ed\u00f0 \u00ed myrkri"},"content":{"rendered":"<p>Ta&eth; eru heili 2,5 &aacute;r s&iacute;&eth;ani tiltaki&eth; var seinast, men n&uacute; ver&eth;ur ta&eth; so endiliga aftur!<br \/>Men so er spurningurin, torir t&uacute; at eta &iacute; b&oslash;lamyrkri?<br \/>Sj&oacute;nstolking av sj&oacute;nbandinum ni&eth;anfyri er l&yacute;singin fyri M&aacute;lt&iacute;&eth; &iacute; myrkri.<\/p>\n<p>Ta&eth; byrjar vi&eth; at v&iacute;sa n&aelig;rmynd av einum pent dekka&eth;um bor&eth;i, so kemur b&uacute;merki&eth; hj&aacute; Blindafelagnum til sj&oacute;ndar og hv&oslash;rvur aftur. S&iacute;&eth;ani ver&eth;a uppl&yacute;singarnir, i&eth; ver&eth;a sagdir, eisini v&iacute;stir sum tekstur. T&aacute; r&oslash;ddin sigur MEN, ver&eth;ur myndin sv&oslash;rt. Me&eth;an bakgrundin er sv&oslash;rt, ver&eth;a restina av uppl&yacute;singunum um tiltaki&eth; v&iacute;stir, og at enda s&aelig;st b&uacute;merki&eth; aftur.<\/p>\n","protected":false},"excerpt":{"rendered":"<p>Ruben Busk, sum m.a. er kendur fyri r\u00e6stkj\u00f8taburgarin, fer at bor\u00f0rei\u00f0a vi\u00f0 3. lekkrum r\u00e6ttum, og so sleppur t\u00fa eisini at royna teg sum blindur, \u00ed nokk myrkasta r\u00fami \u00ed landinum. <\/p>\n","protected":false},"author":1,"featured_media":0,"template":"","meta":{"_acf_changed":false,"_tribe_events_status":"","_tribe_events_status_reason":"","_tribe_events_is_hybrid":"","_tribe_events_is_virtual":"","_tribe_events_virtual_video_source":"","_tribe_events_virtual_embed_video":"","_tribe_events_virtual_linked_button_text":"","_tribe_events_virtual_linked_button":"","_tribe_events_virtual_show_embed_at":"","_tribe_events_virtual_show_embed_to":[],"_tribe_events_virtual_show_on_event":"","_tribe_events_virtual_show_on_views":"","_tribe_events_virtual_url":"","footnotes":""},"tags":[],"tribe_events_cat":[313,290],"class_list":["post-150366","tribe_events","type-tribe_events","status-publish","hentry","tribe_events_cat-timin","tribe_events_cat-ymiskt-fo","cat_timin","cat_ymiskt-fo"],"acf":[],"yoast_head":"<!-- This site is optimized with the Yoast SEO plugin v27.5 - https:\/\/yoast.com\/product\/yoast-seo-wordpress\/ -->\n<title>M\u00e1lt\u00ed\u00f0 \u00ed myrkri - Visit Torshavn<\/title>\n<meta name=\"robots\" content=\"index, follow, max-snippet:-1, max-image-preview:large, max-video-preview:-1\" \/>\n<link rel=\"canonical\" href=\"https:\/\/www.visittorshavn.fo\/fo\/event\/maltid-i-myrkri-2\/\" \/>\n<meta property=\"og:locale\" content=\"fo_FO\" \/>\n<meta property=\"og:type\" content=\"article\" \/>\n<meta property=\"og:title\" content=\"M\u00e1lt\u00ed\u00f0 \u00ed myrkri - Visit Torshavn\" \/>\n<meta property=\"og:description\" content=\"Ruben Busk, sum m.a. er kendur fyri r\u00e6stkj\u00f8taburgarin, fer at bor\u00f0rei\u00f0a vi\u00f0 3. lekkrum r\u00e6ttum, og so sleppur t\u00fa eisini at royna teg sum blindur, \u00ed nokk myrkasta r\u00fami \u00ed landinum.\" \/>\n<meta property=\"og:url\" content=\"https:\/\/www.visittorshavn.fo\/fo\/event\/maltid-i-myrkri-2\/\" \/>\n<meta property=\"og:site_name\" content=\"Visit Torshavn\" \/>\n<meta property=\"article:modified_time\" content=\"2025-10-05T22:38:50+00:00\" \/>\n<meta name=\"twitter:card\" content=\"summary_large_image\" \/>\n<meta name=\"twitter:label1\" content=\"Est. reading time\" \/>\n\t<meta name=\"twitter:data1\" content=\"1 minute\" \/>\n<script type=\"application\/ld+json\" class=\"yoast-schema-graph\">{\"@context\":\"https:\\\/\\\/schema.org\",\"@graph\":[{\"@type\":\"WebPage\",\"@id\":\"https:\\\/\\\/www.visittorshavn.fo\\\/fo\\\/event\\\/maltid-i-myrkri-2\\\/\",\"url\":\"https:\\\/\\\/www.visittorshavn.fo\\\/fo\\\/event\\\/maltid-i-myrkri-2\\\/\",\"name\":\"M\u00e1lt\u00ed\u00f0 \u00ed myrkri - Visit Torshavn\",\"isPartOf\":{\"@id\":\"https:\\\/\\\/www.visittorshavn.fo\\\/fo\\\/#website\"},\"datePublished\":\"2025-09-24T13:38:22+00:00\",\"dateModified\":\"2025-10-05T22:38:50+00:00\",\"breadcrumb\":{\"@id\":\"https:\\\/\\\/www.visittorshavn.fo\\\/fo\\\/event\\\/maltid-i-myrkri-2\\\/#breadcrumb\"},\"inLanguage\":\"fo-FO\",\"potentialAction\":[{\"@type\":\"ReadAction\",\"target\":[\"https:\\\/\\\/www.visittorshavn.fo\\\/fo\\\/event\\\/maltid-i-myrkri-2\\\/\"]}]},{\"@type\":\"BreadcrumbList\",\"@id\":\"https:\\\/\\\/www.visittorshavn.fo\\\/fo\\\/event\\\/maltid-i-myrkri-2\\\/#breadcrumb\",\"itemListElement\":[{\"@type\":\"ListItem\",\"position\":1,\"name\":\"Home\",\"item\":\"https:\\\/\\\/www.visittorshavn.fo\\\/fo\\\/\"},{\"@type\":\"ListItem\",\"position\":2,\"name\":\"Events\",\"item\":\"https:\\\/\\\/www.visittorshavn.fo\\\/fo\\\/events\\\/\"},{\"@type\":\"ListItem\",\"position\":3,\"name\":\"M\u00e1lt\u00ed\u00f0 \u00ed myrkri\"}]},{\"@type\":\"WebSite\",\"@id\":\"https:\\\/\\\/www.visittorshavn.fo\\\/fo\\\/#website\",\"url\":\"https:\\\/\\\/www.visittorshavn.fo\\\/fo\\\/\",\"name\":\"Visit Torshavn\",\"description\":\"\",\"potentialAction\":[{\"@type\":\"SearchAction\",\"target\":{\"@type\":\"EntryPoint\",\"urlTemplate\":\"https:\\\/\\\/www.visittorshavn.fo\\\/fo\\\/?s={search_term_string}\"},\"query-input\":{\"@type\":\"PropertyValueSpecification\",\"valueRequired\":true,\"valueName\":\"search_term_string\"}}],\"inLanguage\":\"fo-FO\"}]}<\/script>\n<!-- \/ Yoast SEO plugin. -->","yoast_head_json":{"title":"M\u00e1lt\u00ed\u00f0 \u00ed myrkri - Visit Torshavn","robots":{"index":"index","follow":"follow","max-snippet":"max-snippet:-1","max-image-preview":"max-image-preview:large","max-video-preview":"max-video-preview:-1"},"canonical":"https:\/\/www.visittorshavn.fo\/fo\/event\/maltid-i-myrkri-2\/","og_locale":"fo_FO","og_type":"article","og_title":"M\u00e1lt\u00ed\u00f0 \u00ed myrkri - Visit Torshavn","og_description":"Ruben Busk, sum m.a. er kendur fyri r\u00e6stkj\u00f8taburgarin, fer at bor\u00f0rei\u00f0a vi\u00f0 3. lekkrum r\u00e6ttum, og so sleppur t\u00fa eisini at royna teg sum blindur, \u00ed nokk myrkasta r\u00fami \u00ed landinum.","og_url":"https:\/\/www.visittorshavn.fo\/fo\/event\/maltid-i-myrkri-2\/","og_site_name":"Visit Torshavn","article_modified_time":"2025-10-05T22:38:50+00:00","twitter_card":"summary_large_image","twitter_misc":{"Est. reading time":"1 minute"},"schema":{"@context":"https:\/\/schema.org","@graph":[{"@type":"WebPage","@id":"https:\/\/www.visittorshavn.fo\/fo\/event\/maltid-i-myrkri-2\/","url":"https:\/\/www.visittorshavn.fo\/fo\/event\/maltid-i-myrkri-2\/","name":"M\u00e1lt\u00ed\u00f0 \u00ed myrkri - Visit Torshavn","isPartOf":{"@id":"https:\/\/www.visittorshavn.fo\/fo\/#website"},"datePublished":"2025-09-24T13:38:22+00:00","dateModified":"2025-10-05T22:38:50+00:00","breadcrumb":{"@id":"https:\/\/www.visittorshavn.fo\/fo\/event\/maltid-i-myrkri-2\/#breadcrumb"},"inLanguage":"fo-FO","potentialAction":[{"@type":"ReadAction","target":["https:\/\/www.visittorshavn.fo\/fo\/event\/maltid-i-myrkri-2\/"]}]},{"@type":"BreadcrumbList","@id":"https:\/\/www.visittorshavn.fo\/fo\/event\/maltid-i-myrkri-2\/#breadcrumb","itemListElement":[{"@type":"ListItem","position":1,"name":"Home","item":"https:\/\/www.visittorshavn.fo\/fo\/"},{"@type":"ListItem","position":2,"name":"Events","item":"https:\/\/www.visittorshavn.fo\/fo\/events\/"},{"@type":"ListItem","position":3,"name":"M\u00e1lt\u00ed\u00f0 \u00ed myrkri"}]},{"@type":"WebSite","@id":"https:\/\/www.visittorshavn.fo\/fo\/#website","url":"https:\/\/www.visittorshavn.fo\/fo\/","name":"Visit Torshavn","description":"","potentialAction":[{"@type":"SearchAction","target":{"@type":"EntryPoint","urlTemplate":"https:\/\/www.visittorshavn.fo\/fo\/?s={search_term_string}"},"query-input":{"@type":"PropertyValueSpecification","valueRequired":true,"valueName":"search_term_string"}}],"inLanguage":"fo-FO"}]}},"_links":{"self":[{"href":"https:\/\/www.visittorshavn.fo\/fo\/wp-json\/wp\/v2\/tribe_events\/150366","targetHints":{"allow":["GET"]}}],"collection":[{"href":"https:\/\/www.visittorshavn.fo\/fo\/wp-json\/wp\/v2\/tribe_events"}],"about":[{"href":"https:\/\/www.visittorshavn.fo\/fo\/wp-json\/wp\/v2\/types\/tribe_events"}],"author":[{"embeddable":true,"href":"https:\/\/www.visittorshavn.fo\/fo\/wp-json\/wp\/v2\/users\/1"}],"version-history":[{"count":0,"href":"https:\/\/www.visittorshavn.fo\/fo\/wp-json\/wp\/v2\/tribe_events\/150366\/revisions"}],"wp:attachment":[{"href":"https:\/\/www.visittorshavn.fo\/fo\/wp-json\/wp\/v2\/media?parent=150366"}],"wp:term":[{"taxonomy":"post_tag","embeddable":true,"href":"https:\/\/www.visittorshavn.fo\/fo\/wp-json\/wp\/v2\/tags?post=150366"},{"taxonomy":"tribe_events_cat","embeddable":true,"href":"https:\/\/www.visittorshavn.fo\/fo\/wp-json\/wp\/v2\/tribe_events_cat?post=150366"}],"curies":[{"name":"wp","href":"https:\/\/api.w.org\/{rel}","templated":true}]}}

Máltíð í myrkri

<p>Ruben Busk, sum m.a. er kendur fyri ræstkjøtaburgarin, fer at borðreiða við 3. lekkrum rættum, og so sleppur tú eisini at royna teg sum blindur, í nokk myrkasta rúmi í landinum. </p>

<!-- This site is optimized with the Yoast SEO plugin v27.5 - https://yoast.com/product/yoast-seo-wordpress/ -->
<title>Máltíð í myrkri - Visit Torshavn</title>
<meta name="robots" content="index, follow, max-snippet:-1, max-image-preview:large, max-video-preview:-1" />
<link rel="canonical" href="https://www.visittorshavn.fo/fo/event/maltid-i-myrkri-2/" />
<meta property="og:locale" content="fo_FO" />
<meta property="og:type" content="article" />
<meta property="og:title" content="Máltíð í myrkri - Visit Torshavn" />
<meta property="og:description" content="Ruben Busk, sum m.a. er kendur fyri ræstkjøtaburgarin, fer at borðreiða við 3. lekkrum rættum, og so sleppur tú eisini at royna teg sum blindur, í nokk myrkasta rúmi í landinum." />
<meta property="og:url" content="https://www.visittorshavn.fo/fo/event/maltid-i-myrkri-2/" />
<meta property="og:site_name" content="Visit Torshavn" />
<meta property="article:modified_time" content="2025-10-05T22:38:50+00:00" />
<meta name="twitter:card" content="summary_large_image" />
<meta name="twitter:label1" content="Est. reading time" />
	<meta name="twitter:data1" content="1 minute" />
<script type="application/ld+json" class="yoast-schema-graph">{"@context":"https:\/\/schema.org","@graph":[{"@type":"WebPage","@id":"https:\/\/www.visittorshavn.fo\/fo\/event\/maltid-i-myrkri-2\/","url":"https:\/\/www.visittorshavn.fo\/fo\/event\/maltid-i-myrkri-2\/","name":"Máltíð í myrkri - Visit Torshavn","isPartOf":{"@id":"https:\/\/www.visittorshavn.fo\/fo\/#website"},"datePublished":"2025-09-24T13:38:22+00:00","dateModified":"2025-10-05T22:38:50+00:00","breadcrumb":{"@id":"https:\/\/www.visittorshavn.fo\/fo\/event\/maltid-i-myrkri-2\/#breadcrumb"},"inLanguage":"fo-FO","potentialAction":[{"@type":"ReadAction","target":["https:\/\/www.visittorshavn.fo\/fo\/event\/maltid-i-myrkri-2\/"]}]},{"@type":"BreadcrumbList","@id":"https:\/\/www.visittorshavn.fo\/fo\/event\/maltid-i-myrkri-2\/#breadcrumb","itemListElement":[{"@type":"ListItem","position":1,"name":"Home","item":"https:\/\/www.visittorshavn.fo\/fo\/"},{"@type":"ListItem","position":2,"name":"Events","item":"https:\/\/www.visittorshavn.fo\/fo\/events\/"},{"@type":"ListItem","position":3,"name":"Máltíð í myrkri"}]},{"@type":"WebSite","@id":"https:\/\/www.visittorshavn.fo\/fo\/#website","url":"https:\/\/www.visittorshavn.fo\/fo\/","name":"Visit Torshavn","description":"","potentialAction":[{"@type":"SearchAction","target":{"@type":"EntryPoint","urlTemplate":"https:\/\/www.visittorshavn.fo\/fo\/?s={search_term_string}"},"query-input":{"@type":"PropertyValueSpecification","valueRequired":true,"valueName":"search_term_string"}}],"inLanguage":"fo-FO"}]}</script>
<!-- / Yoast SEO plugin. -->

Máltíð í myrkri - Visit Torshavn

Ruben Busk, sum m.a. er kendur fyri ræstkjøtaburgarin, fer at borðreiða við 3. lekkrum rættum, og so sleppur tú eisini at royna teg sum blindur, í nokk myrkasta rúmi í landinum.
