{"id":156278,"date":"2025-10-07T08:38:25","date_gmt":"2025-10-07T07:38:25","guid":{"rendered":"https:\/\/www.visittorshavn.fo\/event\/altjoda-salarheilsudagur-salarsjuka-ella-salarliding\/"},"modified":"2025-10-11T23:38:21","modified_gmt":"2025-10-11T22:38:21","slug":"altjoda-salarheilsudagur-salarsjuka-ella-salarliding","status":"publish","type":"tribe_events","link":"https:\/\/www.visittorshavn.fo\/fo\/event\/altjoda-salarheilsudagur-salarsjuka-ella-salarliding\/","title":{"rendered":"Altj\u00f3\u00f0a s\u00e1larheilsudagur: s\u00e1larsj\u00faka ella s\u00e1larl\u00ed\u00f0ing"},"content":{"rendered":"<p><strong>Agnes Marie Frey<\/strong> hevur fleiri hundra&eth;t&uacute;sund v&iacute;singar &aacute; TikTok, og er tilnevnd vir&eth;isl&oslash;nir fyri at varpa lj&oacute;s &aacute; s&aacute;larheilsu &#8211; millum anna&eth; Simba vir&eth;isl&oslash;nina &ldquo;&Aring;rets brug af stemme&rdquo;.<br \/>Agnes var&eth; mett langt&iacute;&eth;arsj&uacute;k vi&eth; diagnosuni paranoid skitsofreni. Eingin spurdi hana um l&iacute;vsvi&eth;urskiftini hj&aacute; henni: hon var bara sj&uacute;k. &Iacute; fyrilestrinum fer Agnes at grei&eth;a fr&aacute; um s&iacute;na fer&eth; inn &iacute; og &uacute;t &uacute;r l&iacute;&eth;ing, heiliv&aacute;gi og psykiatri.<\/p>\n<p><strong>Anders S&oslash;rensen,<\/strong> s&aacute;larfr&oslash;&eth;ingur og ph.d &iacute; psykiatri, s&aelig;r, hvussu fleiri s&aacute;larl&iacute;&eth;ingar ofta ver&eth;a misskiltar &iacute; donsku psykiatriini. Hann sigur: &ldquo;man starir seg ofta blindan &aacute; sj&uacute;kuey&eth;kenni og diagnosur og s&aelig;r ikki, hv&oslash;rji l&iacute;vsvi&eth;urskifti liggja aftanfyri ey&eth;kennini.<\/p>\n<p>Kom vi&eth; til eitt uppl&yacute;sandi kv&oslash;ld, t&aacute; pers&oacute;nliga sj&oacute;narmi&eth;i&eth; m&oslash;tir granskingini<\/p>\n<ul>\n<li>F&aacute; meira innlit &iacute; s&oslash;guna hj&aacute; Agnes Marie Frey her: <a href=\"https:\/\/www.tiktok.com\/@aggerb\/video\/7407187096621894944?fbclid=IwY2xjawNQpoxleHRuA2FlbQIxMABicmlkETFVYWdXTFY4c0pIS1pYaHVIAR5WfWfcYq_Tipzukn5WzEeN6EMt4ettcL_g-dH4Knl2akZApirDP8fEHqxWog_aem_B8ZOaJMujl3lxj7j6U99Ew\">https:\/\/www.tiktok.com\/@aggerb\/video\/7407187096621894944&#8230;<\/a><\/li>\n<li>Hoyr um tilgongdina hj&aacute; Anders S&oslash;rensen her: <a href=\"https:\/\/www.dr.dk\/lyd\/p1\/brinkmanns-briks\/brinkmanns-briks-2024\/vi-skal-tale-om-pillerne-11032421443\">https:\/\/www.dr.dk\/&#8230;\/brinkmanns-briks-vi-skal-tale-om&#8230;<\/a><\/li>\n<\/ul>\n<p>&nbsp;<\/p>\n<p><strong>&Aacute;RSINS S&Aacute;LARHEILSUVIR&ETH;ISL&Oslash;N 2025<\/strong><\/p>\n<p>Sinnisbati handar &aacute; hv&oslash;rjum &aacute;ri eina s&aacute;larheilsuvir&eth;isl&oslash;n &iacute; samband vi&eth; altj&oacute;&eth;a s&aacute;larheilsudagin 10. oktobur. Endam&aacute;li&eth; vi&eth; vir&eth;isl&oslash;nini er at hei&eth;ra ein ella fleiri, sum hava varpa&eth; lj&oacute;s &aacute; s&aacute;larheilsu &iacute; &aacute;r. Ta&eth; kann eitt n&uacute; vera eitt serligt &aacute;tak ella tiltak. Ella onkur, sum hevur gj&oslash;rt eitt serliga gott arbei&eth;i fyri at betra um korini hj&aacute; f&oacute;lki vi&eth; s&aacute;larsj&uacute;ku og avvar&eth;andi teirra og\/ella arbei&eth;ir s&aacute;larheilsufremjandi og fyribyrgjandi.<\/p>\n<p>Veitst t&uacute; um onkran, sum hevur gj&oslash;rt okkurt serligt fyri s&aacute;larheilsu &iacute; &aacute;r? So kanst t&uacute; senda t&iacute;tt uppskot til Sinnisbata. Ta&eth; stendur &oslash;llum &iacute; bo&eth;i at senda eitt ella fleiri uppskot &aacute;&nbsp;<strong>sinnisbati@sinnisbati.fo.<\/strong><\/p>\n<p><strong>Vir&eth;isl&oslash;nin ver&eth;ur latin &aacute; altj&oacute;&eth;a s&aacute;larheilsudegnum 10. oktobur<\/strong>.<\/p>\n","protected":false},"excerpt":{"rendered":"<p>This year on World Mental Health Day, we will be visited by Agnes Marie Frey and Anders S\u00f8rensen (DK)<\/p>\n","protected":false},"author":1,"featured_media":0,"template":"","meta":{"_acf_changed":false,"_tribe_events_status":"","_tribe_events_status_reason":"","_tribe_events_is_hybrid":"","_tribe_events_is_virtual":"","_tribe_events_virtual_video_source":"","_tribe_events_virtual_embed_video":"","_tribe_events_virtual_linked_button_text":"","_tribe_events_virtual_linked_button":"","_tribe_events_virtual_show_embed_at":"","_tribe_events_virtual_show_embed_to":[],"_tribe_events_virtual_show_on_event":"","_tribe_events_virtual_show_on_views":"","_tribe_events_virtual_url":"","footnotes":""},"tags":[],"tribe_events_cat":[313,292],"class_list":["post-156278","tribe_events","type-tribe_events","status-publish","hentry","tribe_events_cat-timin","tribe_events_cat-undirvising-fo","cat_timin","cat_undirvising-fo"],"acf":[],"yoast_head":"<!-- This site is optimized with the Yoast SEO plugin v27.5 - https:\/\/yoast.com\/product\/yoast-seo-wordpress\/ -->\n<title>Altj\u00f3\u00f0a s\u00e1larheilsudagur: s\u00e1larsj\u00faka ella s\u00e1larl\u00ed\u00f0ing - Visit Torshavn<\/title>\n<meta name=\"robots\" content=\"index, follow, max-snippet:-1, max-image-preview:large, max-video-preview:-1\" \/>\n<link rel=\"canonical\" href=\"https:\/\/www.visittorshavn.fo\/fo\/event\/altjoda-salarheilsudagur-salarsjuka-ella-salarliding\/\" \/>\n<meta property=\"og:locale\" content=\"fo_FO\" \/>\n<meta property=\"og:type\" content=\"article\" \/>\n<meta property=\"og:title\" content=\"Altj\u00f3\u00f0a s\u00e1larheilsudagur: s\u00e1larsj\u00faka ella s\u00e1larl\u00ed\u00f0ing - Visit Torshavn\" \/>\n<meta property=\"og:description\" content=\"This year on World Mental Health Day, we will be visited by Agnes Marie Frey and Anders S\u00f8rensen (DK)\" \/>\n<meta property=\"og:url\" content=\"https:\/\/www.visittorshavn.fo\/fo\/event\/altjoda-salarheilsudagur-salarsjuka-ella-salarliding\/\" \/>\n<meta property=\"og:site_name\" content=\"Visit Torshavn\" \/>\n<meta property=\"article:modified_time\" content=\"2025-10-11T22:38:21+00:00\" \/>\n<meta name=\"twitter:card\" content=\"summary_large_image\" \/>\n<meta name=\"twitter:label1\" content=\"Est. reading time\" \/>\n\t<meta name=\"twitter:data1\" content=\"2 minutes\" \/>\n<script type=\"application\/ld+json\" class=\"yoast-schema-graph\">{\"@context\":\"https:\\\/\\\/schema.org\",\"@graph\":[{\"@type\":\"WebPage\",\"@id\":\"https:\\\/\\\/www.visittorshavn.fo\\\/fo\\\/event\\\/altjoda-salarheilsudagur-salarsjuka-ella-salarliding\\\/\",\"url\":\"https:\\\/\\\/www.visittorshavn.fo\\\/fo\\\/event\\\/altjoda-salarheilsudagur-salarsjuka-ella-salarliding\\\/\",\"name\":\"Altj\u00f3\u00f0a s\u00e1larheilsudagur: s\u00e1larsj\u00faka ella s\u00e1larl\u00ed\u00f0ing - Visit Torshavn\",\"isPartOf\":{\"@id\":\"https:\\\/\\\/www.visittorshavn.fo\\\/fo\\\/#website\"},\"datePublished\":\"2025-10-07T07:38:25+00:00\",\"dateModified\":\"2025-10-11T22:38:21+00:00\",\"breadcrumb\":{\"@id\":\"https:\\\/\\\/www.visittorshavn.fo\\\/fo\\\/event\\\/altjoda-salarheilsudagur-salarsjuka-ella-salarliding\\\/#breadcrumb\"},\"inLanguage\":\"fo-FO\",\"potentialAction\":[{\"@type\":\"ReadAction\",\"target\":[\"https:\\\/\\\/www.visittorshavn.fo\\\/fo\\\/event\\\/altjoda-salarheilsudagur-salarsjuka-ella-salarliding\\\/\"]}]},{\"@type\":\"BreadcrumbList\",\"@id\":\"https:\\\/\\\/www.visittorshavn.fo\\\/fo\\\/event\\\/altjoda-salarheilsudagur-salarsjuka-ella-salarliding\\\/#breadcrumb\",\"itemListElement\":[{\"@type\":\"ListItem\",\"position\":1,\"name\":\"Home\",\"item\":\"https:\\\/\\\/www.visittorshavn.fo\\\/fo\\\/\"},{\"@type\":\"ListItem\",\"position\":2,\"name\":\"Events\",\"item\":\"https:\\\/\\\/www.visittorshavn.fo\\\/fo\\\/events\\\/\"},{\"@type\":\"ListItem\",\"position\":3,\"name\":\"Altj\u00f3\u00f0a s\u00e1larheilsudagur: s\u00e1larsj\u00faka ella s\u00e1larl\u00ed\u00f0ing\"}]},{\"@type\":\"WebSite\",\"@id\":\"https:\\\/\\\/www.visittorshavn.fo\\\/fo\\\/#website\",\"url\":\"https:\\\/\\\/www.visittorshavn.fo\\\/fo\\\/\",\"name\":\"Visit Torshavn\",\"description\":\"\",\"potentialAction\":[{\"@type\":\"SearchAction\",\"target\":{\"@type\":\"EntryPoint\",\"urlTemplate\":\"https:\\\/\\\/www.visittorshavn.fo\\\/fo\\\/?s={search_term_string}\"},\"query-input\":{\"@type\":\"PropertyValueSpecification\",\"valueRequired\":true,\"valueName\":\"search_term_string\"}}],\"inLanguage\":\"fo-FO\"}]}<\/script>\n<!-- \/ Yoast SEO plugin. -->","yoast_head_json":{"title":"Altj\u00f3\u00f0a s\u00e1larheilsudagur: s\u00e1larsj\u00faka ella s\u00e1larl\u00ed\u00f0ing - Visit Torshavn","robots":{"index":"index","follow":"follow","max-snippet":"max-snippet:-1","max-image-preview":"max-image-preview:large","max-video-preview":"max-video-preview:-1"},"canonical":"https:\/\/www.visittorshavn.fo\/fo\/event\/altjoda-salarheilsudagur-salarsjuka-ella-salarliding\/","og_locale":"fo_FO","og_type":"article","og_title":"Altj\u00f3\u00f0a s\u00e1larheilsudagur: s\u00e1larsj\u00faka ella s\u00e1larl\u00ed\u00f0ing - Visit Torshavn","og_description":"This year on World Mental Health Day, we will be visited by Agnes Marie Frey and Anders S\u00f8rensen (DK)","og_url":"https:\/\/www.visittorshavn.fo\/fo\/event\/altjoda-salarheilsudagur-salarsjuka-ella-salarliding\/","og_site_name":"Visit Torshavn","article_modified_time":"2025-10-11T22:38:21+00:00","twitter_card":"summary_large_image","twitter_misc":{"Est. reading time":"2 minutes"},"schema":{"@context":"https:\/\/schema.org","@graph":[{"@type":"WebPage","@id":"https:\/\/www.visittorshavn.fo\/fo\/event\/altjoda-salarheilsudagur-salarsjuka-ella-salarliding\/","url":"https:\/\/www.visittorshavn.fo\/fo\/event\/altjoda-salarheilsudagur-salarsjuka-ella-salarliding\/","name":"Altj\u00f3\u00f0a s\u00e1larheilsudagur: s\u00e1larsj\u00faka ella s\u00e1larl\u00ed\u00f0ing - Visit Torshavn","isPartOf":{"@id":"https:\/\/www.visittorshavn.fo\/fo\/#website"},"datePublished":"2025-10-07T07:38:25+00:00","dateModified":"2025-10-11T22:38:21+00:00","breadcrumb":{"@id":"https:\/\/www.visittorshavn.fo\/fo\/event\/altjoda-salarheilsudagur-salarsjuka-ella-salarliding\/#breadcrumb"},"inLanguage":"fo-FO","potentialAction":[{"@type":"ReadAction","target":["https:\/\/www.visittorshavn.fo\/fo\/event\/altjoda-salarheilsudagur-salarsjuka-ella-salarliding\/"]}]},{"@type":"BreadcrumbList","@id":"https:\/\/www.visittorshavn.fo\/fo\/event\/altjoda-salarheilsudagur-salarsjuka-ella-salarliding\/#breadcrumb","itemListElement":[{"@type":"ListItem","position":1,"name":"Home","item":"https:\/\/www.visittorshavn.fo\/fo\/"},{"@type":"ListItem","position":2,"name":"Events","item":"https:\/\/www.visittorshavn.fo\/fo\/events\/"},{"@type":"ListItem","position":3,"name":"Altj\u00f3\u00f0a s\u00e1larheilsudagur: s\u00e1larsj\u00faka ella s\u00e1larl\u00ed\u00f0ing"}]},{"@type":"WebSite","@id":"https:\/\/www.visittorshavn.fo\/fo\/#website","url":"https:\/\/www.visittorshavn.fo\/fo\/","name":"Visit Torshavn","description":"","potentialAction":[{"@type":"SearchAction","target":{"@type":"EntryPoint","urlTemplate":"https:\/\/www.visittorshavn.fo\/fo\/?s={search_term_string}"},"query-input":{"@type":"PropertyValueSpecification","valueRequired":true,"valueName":"search_term_string"}}],"inLanguage":"fo-FO"}]}},"_links":{"self":[{"href":"https:\/\/www.visittorshavn.fo\/fo\/wp-json\/wp\/v2\/tribe_events\/156278","targetHints":{"allow":["GET"]}}],"collection":[{"href":"https:\/\/www.visittorshavn.fo\/fo\/wp-json\/wp\/v2\/tribe_events"}],"about":[{"href":"https:\/\/www.visittorshavn.fo\/fo\/wp-json\/wp\/v2\/types\/tribe_events"}],"author":[{"embeddable":true,"href":"https:\/\/www.visittorshavn.fo\/fo\/wp-json\/wp\/v2\/users\/1"}],"version-history":[{"count":0,"href":"https:\/\/www.visittorshavn.fo\/fo\/wp-json\/wp\/v2\/tribe_events\/156278\/revisions"}],"wp:attachment":[{"href":"https:\/\/www.visittorshavn.fo\/fo\/wp-json\/wp\/v2\/media?parent=156278"}],"wp:term":[{"taxonomy":"post_tag","embeddable":true,"href":"https:\/\/www.visittorshavn.fo\/fo\/wp-json\/wp\/v2\/tags?post=156278"},{"taxonomy":"tribe_events_cat","embeddable":true,"href":"https:\/\/www.visittorshavn.fo\/fo\/wp-json\/wp\/v2\/tribe_events_cat?post=156278"}],"curies":[{"name":"wp","href":"https:\/\/api.w.org\/{rel}","templated":true}]}}

Altjóða sálarheilsudagur: sálarsjúka ella sálarlíðing

<p>This year on World Mental Health Day, we will be visited by Agnes Marie Frey and Anders Sørensen (DK)</p>

<!-- This site is optimized with the Yoast SEO plugin v27.5 - https://yoast.com/product/yoast-seo-wordpress/ -->
<title>Altjóða sálarheilsudagur: sálarsjúka ella sálarlíðing - Visit Torshavn</title>
<meta name="robots" content="index, follow, max-snippet:-1, max-image-preview:large, max-video-preview:-1" />
<link rel="canonical" href="https://www.visittorshavn.fo/fo/event/altjoda-salarheilsudagur-salarsjuka-ella-salarliding/" />
<meta property="og:locale" content="fo_FO" />
<meta property="og:type" content="article" />
<meta property="og:title" content="Altjóða sálarheilsudagur: sálarsjúka ella sálarlíðing - Visit Torshavn" />
<meta property="og:description" content="This year on World Mental Health Day, we will be visited by Agnes Marie Frey and Anders Sørensen (DK)" />
<meta property="og:url" content="https://www.visittorshavn.fo/fo/event/altjoda-salarheilsudagur-salarsjuka-ella-salarliding/" />
<meta property="og:site_name" content="Visit Torshavn" />
<meta property="article:modified_time" content="2025-10-11T22:38:21+00:00" />
<meta name="twitter:card" content="summary_large_image" />
<meta name="twitter:label1" content="Est. reading time" />
	<meta name="twitter:data1" content="2 minutes" />
<script type="application/ld+json" class="yoast-schema-graph">{"@context":"https:\/\/schema.org","@graph":[{"@type":"WebPage","@id":"https:\/\/www.visittorshavn.fo\/fo\/event\/altjoda-salarheilsudagur-salarsjuka-ella-salarliding\/","url":"https:\/\/www.visittorshavn.fo\/fo\/event\/altjoda-salarheilsudagur-salarsjuka-ella-salarliding\/","name":"Altjóða sálarheilsudagur: sálarsjúka ella sálarlíðing - Visit Torshavn","isPartOf":{"@id":"https:\/\/www.visittorshavn.fo\/fo\/#website"},"datePublished":"2025-10-07T07:38:25+00:00","dateModified":"2025-10-11T22:38:21+00:00","breadcrumb":{"@id":"https:\/\/www.visittorshavn.fo\/fo\/event\/altjoda-salarheilsudagur-salarsjuka-ella-salarliding\/#breadcrumb"},"inLanguage":"fo-FO","potentialAction":[{"@type":"ReadAction","target":["https:\/\/www.visittorshavn.fo\/fo\/event\/altjoda-salarheilsudagur-salarsjuka-ella-salarliding\/"]}]},{"@type":"BreadcrumbList","@id":"https:\/\/www.visittorshavn.fo\/fo\/event\/altjoda-salarheilsudagur-salarsjuka-ella-salarliding\/#breadcrumb","itemListElement":[{"@type":"ListItem","position":1,"name":"Home","item":"https:\/\/www.visittorshavn.fo\/fo\/"},{"@type":"ListItem","position":2,"name":"Events","item":"https:\/\/www.visittorshavn.fo\/fo\/events\/"},{"@type":"ListItem","position":3,"name":"Altjóða sálarheilsudagur: sálarsjúka ella sálarlíðing"}]},{"@type":"WebSite","@id":"https:\/\/www.visittorshavn.fo\/fo\/#website","url":"https:\/\/www.visittorshavn.fo\/fo\/","name":"Visit Torshavn","description":"","potentialAction":[{"@type":"SearchAction","target":{"@type":"EntryPoint","urlTemplate":"https:\/\/www.visittorshavn.fo\/fo\/?s={search_term_string}"},"query-input":{"@type":"PropertyValueSpecification","valueRequired":true,"valueName":"search_term_string"}}],"inLanguage":"fo-FO"}]}</script>
<!-- / Yoast SEO plugin. -->

Altjóða sálarheilsudagur: sálarsjúka ella sálarlíðing - Visit Torshavn

This year on World Mental Health Day, we will be visited by Agnes Marie Frey and Anders Sørensen (DK)
