{"id":260015,"date":"2026-04-08T10:38:31","date_gmt":"2026-04-08T09:38:31","guid":{"rendered":"https:\/\/www.visittorshavn.fo\/event\/nyggj-gransking-um-adhd-og-autismu-i-foroyum\/"},"modified":"2026-04-12T23:39:01","modified_gmt":"2026-04-12T22:39:01","slug":"nyggj-gransking-um-adhd-og-autismu-i-foroyum","status":"publish","type":"tribe_events","link":"https:\/\/www.visittorshavn.fo\/fo\/event\/nyggj-gransking-um-adhd-og-autismu-i-foroyum\/","title":{"rendered":"N\u00fdggj gransking um ADHD og autismu \u00ed F\u00f8royum"},"content":{"rendered":"<p>Hesa fer&eth; leggur T&oacute;runn H. &Oacute;s&aacute; fram n&yacute;ggj t&oslash;l &uacute;r s&iacute;nari Ph.d.-verk&aelig;tlan. Hon er RN, cand.scient.soc., n&aacute;mslektari og Ph.d.-lesandi, og granskar &iacute; b&oslash;rnum vi&eth; neurologiskum sj&uacute;kum &iacute; F&oslash;royum &ndash; serliga sv&oslash;vntrupulleikum hj&aacute; b&oslash;rnum vi&eth; NDD. NDD (nevro&uacute;tviklingstrupulleikar) er eitt felagsheiti fyri ymiskar diagnosur, sum &aacute;virka menningina hj&aacute; b&oslash;rnum &ndash; til d&oslash;mis ADHD og autisma.<\/p>\n<p>Hon fer millum anna&eth; at grei&eth;a fr&aacute; t&iacute;ttleikanum av ADHD og autismu hj&aacute; b&oslash;rnum og ungum &iacute; F&oslash;royum fr&aacute; 2004 til 2022, og hv&oslash;rjar fylgisj&uacute;kur kunnu standast, t&aacute; &uacute;tgreiningin kemur ov seint. Samstundis v&iacute;sir granskingin &aacute; t&yacute;dningin av at seta inn so t&iacute;&eth;liga sum gj&oslash;rligt &ndash; b&aelig;&eth;i fyri einstaka menniskja&eth; og samfelagi&eth;.<\/p>\n<p>Vi&eth; hesi Ph.d.-granskingini f&aacute;a vit lokalt grunda&eth; hagt&oslash;l, djypri innlit og betri ambo&eth;, sum kunnu hj&aacute;lpa okkum at seta inn vi&eth; meira neyvum og r&oslash;ttum &aacute;t&oslash;kum til gagns fyri &oslash;ll vi&eth; ADHD &iacute; F&oslash;royum.<\/p>\n<p>Tiltaki&eth; er ein partur av ADHDvitan, sum letur seg gera vi&eth; stu&eth;li fr&aacute; Team Rynkeby. Endam&aacute;li&eth; er at brei&eth;a n&yacute;ggjastu gransking og fakligu vitanina um ADHD &aacute; f&oslash;royskum og vi&eth; st&oslash;&eth;i &iacute; f&oslash;royskum vi&eth;urskiftum.<\/p>\n<p>Tiltaki&eth; er fyri &oslash;ll, sum hava &aacute;huga ella arbei&eth;a vi&eth; f&oacute;lkum vi&eth; ADHD\/ADD &ndash; og ta&eth; er &oacute;keypis.<\/p>\n","protected":false},"excerpt":{"rendered":"<p>ADHDvitan er ein r\u00f8\u00f0 av evnisd\u00f8gum, har ADHD felagi\u00f0 bj\u00f3\u00f0ar granskarum, fakf\u00f3lkum og \u00f8\u00f0rum lyklapers\u00f3num at fara \u00ed dj\u00fapdina vi\u00f0 evnum, i\u00f0 hava vi\u00f0 ADHD at gera.<\/p>\n","protected":false},"author":1,"featured_media":0,"template":"","meta":{"_acf_changed":false,"_tribe_events_status":"","_tribe_events_status_reason":"","_tribe_events_is_hybrid":"","_tribe_events_is_virtual":"","_tribe_events_virtual_video_source":"","_tribe_events_virtual_embed_video":"","_tribe_events_virtual_linked_button_text":"","_tribe_events_virtual_linked_button":"","_tribe_events_virtual_show_embed_at":"","_tribe_events_virtual_show_embed_to":[],"_tribe_events_virtual_show_on_event":"","_tribe_events_virtual_show_on_views":"","_tribe_events_virtual_url":"","footnotes":""},"tags":[],"tribe_events_cat":[295,313],"class_list":["post-260015","tribe_events","type-tribe_events","status-publish","hentry","tribe_events_cat-fyrilestrar-fo","tribe_events_cat-timin","cat_fyrilestrar-fo","cat_timin"],"acf":[],"yoast_head":"<!-- This site is optimized with the Yoast SEO plugin v27.4 - https:\/\/yoast.com\/product\/yoast-seo-wordpress\/ -->\n<title>N\u00fdggj gransking um ADHD og autismu \u00ed F\u00f8royum - Visit Torshavn<\/title>\n<meta name=\"robots\" content=\"index, follow, max-snippet:-1, max-image-preview:large, max-video-preview:-1\" \/>\n<link rel=\"canonical\" href=\"https:\/\/www.visittorshavn.fo\/fo\/event\/nyggj-gransking-um-adhd-og-autismu-i-foroyum\/\" \/>\n<meta property=\"og:locale\" content=\"fo_FO\" \/>\n<meta property=\"og:type\" content=\"article\" \/>\n<meta property=\"og:title\" content=\"N\u00fdggj gransking um ADHD og autismu \u00ed F\u00f8royum - Visit Torshavn\" \/>\n<meta property=\"og:description\" content=\"ADHDvitan er ein r\u00f8\u00f0 av evnisd\u00f8gum, har ADHD felagi\u00f0 bj\u00f3\u00f0ar granskarum, fakf\u00f3lkum og \u00f8\u00f0rum lyklapers\u00f3num at fara \u00ed dj\u00fapdina vi\u00f0 evnum, i\u00f0 hava vi\u00f0 ADHD at gera.\" \/>\n<meta property=\"og:url\" content=\"https:\/\/www.visittorshavn.fo\/fo\/event\/nyggj-gransking-um-adhd-og-autismu-i-foroyum\/\" \/>\n<meta property=\"og:site_name\" content=\"Visit Torshavn\" \/>\n<meta property=\"article:modified_time\" content=\"2026-04-12T22:39:01+00:00\" \/>\n<meta name=\"twitter:card\" content=\"summary_large_image\" \/>\n<meta name=\"twitter:label1\" content=\"Est. reading time\" \/>\n\t<meta name=\"twitter:data1\" content=\"2 minutes\" \/>\n<script type=\"application\/ld+json\" class=\"yoast-schema-graph\">{\"@context\":\"https:\\\/\\\/schema.org\",\"@graph\":[{\"@type\":\"WebPage\",\"@id\":\"https:\\\/\\\/www.visittorshavn.fo\\\/fo\\\/event\\\/nyggj-gransking-um-adhd-og-autismu-i-foroyum\\\/\",\"url\":\"https:\\\/\\\/www.visittorshavn.fo\\\/fo\\\/event\\\/nyggj-gransking-um-adhd-og-autismu-i-foroyum\\\/\",\"name\":\"N\u00fdggj gransking um ADHD og autismu \u00ed F\u00f8royum - Visit Torshavn\",\"isPartOf\":{\"@id\":\"https:\\\/\\\/www.visittorshavn.fo\\\/fo\\\/#website\"},\"datePublished\":\"2026-04-08T09:38:31+00:00\",\"dateModified\":\"2026-04-12T22:39:01+00:00\",\"breadcrumb\":{\"@id\":\"https:\\\/\\\/www.visittorshavn.fo\\\/fo\\\/event\\\/nyggj-gransking-um-adhd-og-autismu-i-foroyum\\\/#breadcrumb\"},\"inLanguage\":\"fo-FO\",\"potentialAction\":[{\"@type\":\"ReadAction\",\"target\":[\"https:\\\/\\\/www.visittorshavn.fo\\\/fo\\\/event\\\/nyggj-gransking-um-adhd-og-autismu-i-foroyum\\\/\"]}]},{\"@type\":\"BreadcrumbList\",\"@id\":\"https:\\\/\\\/www.visittorshavn.fo\\\/fo\\\/event\\\/nyggj-gransking-um-adhd-og-autismu-i-foroyum\\\/#breadcrumb\",\"itemListElement\":[{\"@type\":\"ListItem\",\"position\":1,\"name\":\"Home\",\"item\":\"https:\\\/\\\/www.visittorshavn.fo\\\/fo\\\/\"},{\"@type\":\"ListItem\",\"position\":2,\"name\":\"Events\",\"item\":\"https:\\\/\\\/www.visittorshavn.fo\\\/fo\\\/events\\\/\"},{\"@type\":\"ListItem\",\"position\":3,\"name\":\"N\u00fdggj gransking um ADHD og autismu \u00ed F\u00f8royum\"}]},{\"@type\":\"WebSite\",\"@id\":\"https:\\\/\\\/www.visittorshavn.fo\\\/fo\\\/#website\",\"url\":\"https:\\\/\\\/www.visittorshavn.fo\\\/fo\\\/\",\"name\":\"Visit Torshavn\",\"description\":\"\",\"potentialAction\":[{\"@type\":\"SearchAction\",\"target\":{\"@type\":\"EntryPoint\",\"urlTemplate\":\"https:\\\/\\\/www.visittorshavn.fo\\\/fo\\\/?s={search_term_string}\"},\"query-input\":{\"@type\":\"PropertyValueSpecification\",\"valueRequired\":true,\"valueName\":\"search_term_string\"}}],\"inLanguage\":\"fo-FO\"}]}<\/script>\n<!-- \/ Yoast SEO plugin. -->","yoast_head_json":{"title":"N\u00fdggj gransking um ADHD og autismu \u00ed F\u00f8royum - Visit Torshavn","robots":{"index":"index","follow":"follow","max-snippet":"max-snippet:-1","max-image-preview":"max-image-preview:large","max-video-preview":"max-video-preview:-1"},"canonical":"https:\/\/www.visittorshavn.fo\/fo\/event\/nyggj-gransking-um-adhd-og-autismu-i-foroyum\/","og_locale":"fo_FO","og_type":"article","og_title":"N\u00fdggj gransking um ADHD og autismu \u00ed F\u00f8royum - Visit Torshavn","og_description":"ADHDvitan er ein r\u00f8\u00f0 av evnisd\u00f8gum, har ADHD felagi\u00f0 bj\u00f3\u00f0ar granskarum, fakf\u00f3lkum og \u00f8\u00f0rum lyklapers\u00f3num at fara \u00ed dj\u00fapdina vi\u00f0 evnum, i\u00f0 hava vi\u00f0 ADHD at gera.","og_url":"https:\/\/www.visittorshavn.fo\/fo\/event\/nyggj-gransking-um-adhd-og-autismu-i-foroyum\/","og_site_name":"Visit Torshavn","article_modified_time":"2026-04-12T22:39:01+00:00","twitter_card":"summary_large_image","twitter_misc":{"Est. reading time":"2 minutes"},"schema":{"@context":"https:\/\/schema.org","@graph":[{"@type":"WebPage","@id":"https:\/\/www.visittorshavn.fo\/fo\/event\/nyggj-gransking-um-adhd-og-autismu-i-foroyum\/","url":"https:\/\/www.visittorshavn.fo\/fo\/event\/nyggj-gransking-um-adhd-og-autismu-i-foroyum\/","name":"N\u00fdggj gransking um ADHD og autismu \u00ed F\u00f8royum - Visit Torshavn","isPartOf":{"@id":"https:\/\/www.visittorshavn.fo\/fo\/#website"},"datePublished":"2026-04-08T09:38:31+00:00","dateModified":"2026-04-12T22:39:01+00:00","breadcrumb":{"@id":"https:\/\/www.visittorshavn.fo\/fo\/event\/nyggj-gransking-um-adhd-og-autismu-i-foroyum\/#breadcrumb"},"inLanguage":"fo-FO","potentialAction":[{"@type":"ReadAction","target":["https:\/\/www.visittorshavn.fo\/fo\/event\/nyggj-gransking-um-adhd-og-autismu-i-foroyum\/"]}]},{"@type":"BreadcrumbList","@id":"https:\/\/www.visittorshavn.fo\/fo\/event\/nyggj-gransking-um-adhd-og-autismu-i-foroyum\/#breadcrumb","itemListElement":[{"@type":"ListItem","position":1,"name":"Home","item":"https:\/\/www.visittorshavn.fo\/fo\/"},{"@type":"ListItem","position":2,"name":"Events","item":"https:\/\/www.visittorshavn.fo\/fo\/events\/"},{"@type":"ListItem","position":3,"name":"N\u00fdggj gransking um ADHD og autismu \u00ed F\u00f8royum"}]},{"@type":"WebSite","@id":"https:\/\/www.visittorshavn.fo\/fo\/#website","url":"https:\/\/www.visittorshavn.fo\/fo\/","name":"Visit Torshavn","description":"","potentialAction":[{"@type":"SearchAction","target":{"@type":"EntryPoint","urlTemplate":"https:\/\/www.visittorshavn.fo\/fo\/?s={search_term_string}"},"query-input":{"@type":"PropertyValueSpecification","valueRequired":true,"valueName":"search_term_string"}}],"inLanguage":"fo-FO"}]}},"_links":{"self":[{"href":"https:\/\/www.visittorshavn.fo\/fo\/wp-json\/wp\/v2\/tribe_events\/260015","targetHints":{"allow":["GET"]}}],"collection":[{"href":"https:\/\/www.visittorshavn.fo\/fo\/wp-json\/wp\/v2\/tribe_events"}],"about":[{"href":"https:\/\/www.visittorshavn.fo\/fo\/wp-json\/wp\/v2\/types\/tribe_events"}],"author":[{"embeddable":true,"href":"https:\/\/www.visittorshavn.fo\/fo\/wp-json\/wp\/v2\/users\/1"}],"version-history":[{"count":1,"href":"https:\/\/www.visittorshavn.fo\/fo\/wp-json\/wp\/v2\/tribe_events\/260015\/revisions"}],"predecessor-version":[{"id":260032,"href":"https:\/\/www.visittorshavn.fo\/fo\/wp-json\/wp\/v2\/tribe_events\/260015\/revisions\/260032"}],"wp:attachment":[{"href":"https:\/\/www.visittorshavn.fo\/fo\/wp-json\/wp\/v2\/media?parent=260015"}],"wp:term":[{"taxonomy":"post_tag","embeddable":true,"href":"https:\/\/www.visittorshavn.fo\/fo\/wp-json\/wp\/v2\/tags?post=260015"},{"taxonomy":"tribe_events_cat","embeddable":true,"href":"https:\/\/www.visittorshavn.fo\/fo\/wp-json\/wp\/v2\/tribe_events_cat?post=260015"}],"curies":[{"name":"wp","href":"https:\/\/api.w.org\/{rel}","templated":true}]}}

Nýggj gransking um ADHD og autismu í Føroyum

<p>ADHDvitan er ein røð av evnisdøgum, har ADHD felagið bjóðar granskarum, fakfólkum og øðrum lyklapersónum at fara í djúpdina við evnum, ið hava við ADHD at gera.</p>

<!-- This site is optimized with the Yoast SEO plugin v27.4 - https://yoast.com/product/yoast-seo-wordpress/ -->
<title>Nýggj gransking um ADHD og autismu í Føroyum - Visit Torshavn</title>
<meta name="robots" content="index, follow, max-snippet:-1, max-image-preview:large, max-video-preview:-1" />
<link rel="canonical" href="https://www.visittorshavn.fo/fo/event/nyggj-gransking-um-adhd-og-autismu-i-foroyum/" />
<meta property="og:locale" content="fo_FO" />
<meta property="og:type" content="article" />
<meta property="og:title" content="Nýggj gransking um ADHD og autismu í Føroyum - Visit Torshavn" />
<meta property="og:description" content="ADHDvitan er ein røð av evnisdøgum, har ADHD felagið bjóðar granskarum, fakfólkum og øðrum lyklapersónum at fara í djúpdina við evnum, ið hava við ADHD at gera." />
<meta property="og:url" content="https://www.visittorshavn.fo/fo/event/nyggj-gransking-um-adhd-og-autismu-i-foroyum/" />
<meta property="og:site_name" content="Visit Torshavn" />
<meta property="article:modified_time" content="2026-04-12T22:39:01+00:00" />
<meta name="twitter:card" content="summary_large_image" />
<meta name="twitter:label1" content="Est. reading time" />
	<meta name="twitter:data1" content="2 minutes" />
<script type="application/ld+json" class="yoast-schema-graph">{"@context":"https:\/\/schema.org","@graph":[{"@type":"WebPage","@id":"https:\/\/www.visittorshavn.fo\/fo\/event\/nyggj-gransking-um-adhd-og-autismu-i-foroyum\/","url":"https:\/\/www.visittorshavn.fo\/fo\/event\/nyggj-gransking-um-adhd-og-autismu-i-foroyum\/","name":"Nýggj gransking um ADHD og autismu í Føroyum - Visit Torshavn","isPartOf":{"@id":"https:\/\/www.visittorshavn.fo\/fo\/#website"},"datePublished":"2026-04-08T09:38:31+00:00","dateModified":"2026-04-12T22:39:01+00:00","breadcrumb":{"@id":"https:\/\/www.visittorshavn.fo\/fo\/event\/nyggj-gransking-um-adhd-og-autismu-i-foroyum\/#breadcrumb"},"inLanguage":"fo-FO","potentialAction":[{"@type":"ReadAction","target":["https:\/\/www.visittorshavn.fo\/fo\/event\/nyggj-gransking-um-adhd-og-autismu-i-foroyum\/"]}]},{"@type":"BreadcrumbList","@id":"https:\/\/www.visittorshavn.fo\/fo\/event\/nyggj-gransking-um-adhd-og-autismu-i-foroyum\/#breadcrumb","itemListElement":[{"@type":"ListItem","position":1,"name":"Home","item":"https:\/\/www.visittorshavn.fo\/fo\/"},{"@type":"ListItem","position":2,"name":"Events","item":"https:\/\/www.visittorshavn.fo\/fo\/events\/"},{"@type":"ListItem","position":3,"name":"Nýggj gransking um ADHD og autismu í Føroyum"}]},{"@type":"WebSite","@id":"https:\/\/www.visittorshavn.fo\/fo\/#website","url":"https:\/\/www.visittorshavn.fo\/fo\/","name":"Visit Torshavn","description":"","potentialAction":[{"@type":"SearchAction","target":{"@type":"EntryPoint","urlTemplate":"https:\/\/www.visittorshavn.fo\/fo\/?s={search_term_string}"},"query-input":{"@type":"PropertyValueSpecification","valueRequired":true,"valueName":"search_term_string"}}],"inLanguage":"fo-FO"}]}</script>
<!-- / Yoast SEO plugin. -->

Nýggj gransking um ADHD og autismu í Føroyum - Visit Torshavn

ADHDvitan er ein røð av evnisdøgum, har ADHD felagið bjóðar granskarum, fakfólkum og øðrum lyklapersónum at fara í djúpdina við evnum, ið hava við ADHD at gera.
