{"id":266362,"date":"2026-04-27T10:38:21","date_gmt":"2026-04-27T09:38:21","guid":{"rendered":"https:\/\/www.visittorshavn.fo\/event\/vera-og-anna-maria-i-smidjuni-i-litluvik\/"},"modified":"2026-05-01T21:38:45","modified_gmt":"2026-05-01T20:38:45","slug":"vera-og-anna-maria-i-smidjuni-i-litluvik","status":"publish","type":"tribe_events","link":"https:\/\/www.visittorshavn.fo\/fo\/event\/vera-og-anna-maria-i-smidjuni-i-litluvik\/","title":{"rendered":"Vera og Anna Maria \u00ed Smi\u00f0juni \u00ed L\u00edtluv\u00edk"},"content":{"rendered":"<p>Vi&eth; &aacute; frams&yacute;ningini eru listakvinnurnar Vera Bj&oslash;rgvin og Anna Maria Nyby, sum s&yacute;na fram s&iacute;ni fj&oslash;lbroyttu og skapandi verk. &Iacute; verkunum m&oslash;tast litir skap og tilfar &iacute; einum spennandi samsp&aelig;li, har b&aelig;&eth;i myndlist og leirlist f&aacute;a s&iacute;n serliga d&aacute;m.<\/p>\n<p>&Oslash;ll eru hjartaliga v&aelig;lkomin til eina hugnaliga og listarliga l&oslash;tu.<\/p>\n","protected":false},"excerpt":{"rendered":"<p>Frams\u00fdning av myndlist og leirlist. <\/p>\n","protected":false},"author":1,"featured_media":0,"template":"","meta":{"_acf_changed":false,"_tribe_events_status":"","_tribe_events_status_reason":"","_tribe_events_is_hybrid":"","_tribe_events_is_virtual":"","_tribe_events_virtual_video_source":"","_tribe_events_virtual_embed_video":"","_tribe_events_virtual_linked_button_text":"","_tribe_events_virtual_linked_button":"","_tribe_events_virtual_show_embed_at":"","_tribe_events_virtual_show_embed_to":[],"_tribe_events_virtual_show_on_event":"","_tribe_events_virtual_show_on_views":"","_tribe_events_virtual_url":"","footnotes":""},"tags":[],"tribe_events_cat":[289,313],"class_list":["post-266362","tribe_events","type-tribe_events","status-publish","hentry","tribe_events_cat-framsyningar-fo","tribe_events_cat-timin","cat_framsyningar-fo","cat_timin"],"acf":[],"yoast_head":"<!-- This site is optimized with the Yoast SEO plugin v27.5 - https:\/\/yoast.com\/product\/yoast-seo-wordpress\/ -->\n<title>Vera og Anna Maria \u00ed Smi\u00f0juni \u00ed L\u00edtluv\u00edk - Visit Torshavn<\/title>\n<meta name=\"robots\" content=\"index, follow, max-snippet:-1, max-image-preview:large, max-video-preview:-1\" \/>\n<link rel=\"canonical\" href=\"https:\/\/www.visittorshavn.fo\/fo\/event\/vera-og-anna-maria-i-smidjuni-i-litluvik\/\" \/>\n<meta property=\"og:locale\" content=\"fo_FO\" \/>\n<meta property=\"og:type\" content=\"article\" \/>\n<meta property=\"og:title\" content=\"Vera og Anna Maria \u00ed Smi\u00f0juni \u00ed L\u00edtluv\u00edk - Visit Torshavn\" \/>\n<meta property=\"og:description\" content=\"Frams\u00fdning av myndlist og leirlist.\" \/>\n<meta property=\"og:url\" content=\"https:\/\/www.visittorshavn.fo\/fo\/event\/vera-og-anna-maria-i-smidjuni-i-litluvik\/\" \/>\n<meta property=\"og:site_name\" content=\"Visit Torshavn\" \/>\n<meta property=\"article:modified_time\" content=\"2026-05-01T20:38:45+00:00\" \/>\n<meta name=\"twitter:card\" content=\"summary_large_image\" \/>\n<script type=\"application\/ld+json\" class=\"yoast-schema-graph\">{\"@context\":\"https:\\\/\\\/schema.org\",\"@graph\":[{\"@type\":\"WebPage\",\"@id\":\"https:\\\/\\\/www.visittorshavn.fo\\\/fo\\\/event\\\/vera-og-anna-maria-i-smidjuni-i-litluvik\\\/\",\"url\":\"https:\\\/\\\/www.visittorshavn.fo\\\/fo\\\/event\\\/vera-og-anna-maria-i-smidjuni-i-litluvik\\\/\",\"name\":\"Vera og Anna Maria \u00ed Smi\u00f0juni \u00ed L\u00edtluv\u00edk - Visit Torshavn\",\"isPartOf\":{\"@id\":\"https:\\\/\\\/www.visittorshavn.fo\\\/fo\\\/#website\"},\"datePublished\":\"2026-04-27T09:38:21+00:00\",\"dateModified\":\"2026-05-01T20:38:45+00:00\",\"breadcrumb\":{\"@id\":\"https:\\\/\\\/www.visittorshavn.fo\\\/fo\\\/event\\\/vera-og-anna-maria-i-smidjuni-i-litluvik\\\/#breadcrumb\"},\"inLanguage\":\"fo-FO\",\"potentialAction\":[{\"@type\":\"ReadAction\",\"target\":[\"https:\\\/\\\/www.visittorshavn.fo\\\/fo\\\/event\\\/vera-og-anna-maria-i-smidjuni-i-litluvik\\\/\"]}]},{\"@type\":\"BreadcrumbList\",\"@id\":\"https:\\\/\\\/www.visittorshavn.fo\\\/fo\\\/event\\\/vera-og-anna-maria-i-smidjuni-i-litluvik\\\/#breadcrumb\",\"itemListElement\":[{\"@type\":\"ListItem\",\"position\":1,\"name\":\"Home\",\"item\":\"https:\\\/\\\/www.visittorshavn.fo\\\/fo\\\/\"},{\"@type\":\"ListItem\",\"position\":2,\"name\":\"Events\",\"item\":\"https:\\\/\\\/www.visittorshavn.fo\\\/fo\\\/events\\\/\"},{\"@type\":\"ListItem\",\"position\":3,\"name\":\"Vera og Anna Maria \u00ed Smi\u00f0juni \u00ed L\u00edtluv\u00edk\"}]},{\"@type\":\"WebSite\",\"@id\":\"https:\\\/\\\/www.visittorshavn.fo\\\/fo\\\/#website\",\"url\":\"https:\\\/\\\/www.visittorshavn.fo\\\/fo\\\/\",\"name\":\"Visit Torshavn\",\"description\":\"\",\"potentialAction\":[{\"@type\":\"SearchAction\",\"target\":{\"@type\":\"EntryPoint\",\"urlTemplate\":\"https:\\\/\\\/www.visittorshavn.fo\\\/fo\\\/?s={search_term_string}\"},\"query-input\":{\"@type\":\"PropertyValueSpecification\",\"valueRequired\":true,\"valueName\":\"search_term_string\"}}],\"inLanguage\":\"fo-FO\"}]}<\/script>\n<!-- \/ Yoast SEO plugin. -->","yoast_head_json":{"title":"Vera og Anna Maria \u00ed Smi\u00f0juni \u00ed L\u00edtluv\u00edk - Visit Torshavn","robots":{"index":"index","follow":"follow","max-snippet":"max-snippet:-1","max-image-preview":"max-image-preview:large","max-video-preview":"max-video-preview:-1"},"canonical":"https:\/\/www.visittorshavn.fo\/fo\/event\/vera-og-anna-maria-i-smidjuni-i-litluvik\/","og_locale":"fo_FO","og_type":"article","og_title":"Vera og Anna Maria \u00ed Smi\u00f0juni \u00ed L\u00edtluv\u00edk - Visit Torshavn","og_description":"Frams\u00fdning av myndlist og leirlist.","og_url":"https:\/\/www.visittorshavn.fo\/fo\/event\/vera-og-anna-maria-i-smidjuni-i-litluvik\/","og_site_name":"Visit Torshavn","article_modified_time":"2026-05-01T20:38:45+00:00","twitter_card":"summary_large_image","schema":{"@context":"https:\/\/schema.org","@graph":[{"@type":"WebPage","@id":"https:\/\/www.visittorshavn.fo\/fo\/event\/vera-og-anna-maria-i-smidjuni-i-litluvik\/","url":"https:\/\/www.visittorshavn.fo\/fo\/event\/vera-og-anna-maria-i-smidjuni-i-litluvik\/","name":"Vera og Anna Maria \u00ed Smi\u00f0juni \u00ed L\u00edtluv\u00edk - Visit Torshavn","isPartOf":{"@id":"https:\/\/www.visittorshavn.fo\/fo\/#website"},"datePublished":"2026-04-27T09:38:21+00:00","dateModified":"2026-05-01T20:38:45+00:00","breadcrumb":{"@id":"https:\/\/www.visittorshavn.fo\/fo\/event\/vera-og-anna-maria-i-smidjuni-i-litluvik\/#breadcrumb"},"inLanguage":"fo-FO","potentialAction":[{"@type":"ReadAction","target":["https:\/\/www.visittorshavn.fo\/fo\/event\/vera-og-anna-maria-i-smidjuni-i-litluvik\/"]}]},{"@type":"BreadcrumbList","@id":"https:\/\/www.visittorshavn.fo\/fo\/event\/vera-og-anna-maria-i-smidjuni-i-litluvik\/#breadcrumb","itemListElement":[{"@type":"ListItem","position":1,"name":"Home","item":"https:\/\/www.visittorshavn.fo\/fo\/"},{"@type":"ListItem","position":2,"name":"Events","item":"https:\/\/www.visittorshavn.fo\/fo\/events\/"},{"@type":"ListItem","position":3,"name":"Vera og Anna Maria \u00ed Smi\u00f0juni \u00ed L\u00edtluv\u00edk"}]},{"@type":"WebSite","@id":"https:\/\/www.visittorshavn.fo\/fo\/#website","url":"https:\/\/www.visittorshavn.fo\/fo\/","name":"Visit Torshavn","description":"","potentialAction":[{"@type":"SearchAction","target":{"@type":"EntryPoint","urlTemplate":"https:\/\/www.visittorshavn.fo\/fo\/?s={search_term_string}"},"query-input":{"@type":"PropertyValueSpecification","valueRequired":true,"valueName":"search_term_string"}}],"inLanguage":"fo-FO"}]}},"_links":{"self":[{"href":"https:\/\/www.visittorshavn.fo\/fo\/wp-json\/wp\/v2\/tribe_events\/266362","targetHints":{"allow":["GET"]}}],"collection":[{"href":"https:\/\/www.visittorshavn.fo\/fo\/wp-json\/wp\/v2\/tribe_events"}],"about":[{"href":"https:\/\/www.visittorshavn.fo\/fo\/wp-json\/wp\/v2\/types\/tribe_events"}],"author":[{"embeddable":true,"href":"https:\/\/www.visittorshavn.fo\/fo\/wp-json\/wp\/v2\/users\/1"}],"version-history":[{"count":1,"href":"https:\/\/www.visittorshavn.fo\/fo\/wp-json\/wp\/v2\/tribe_events\/266362\/revisions"}],"predecessor-version":[{"id":266442,"href":"https:\/\/www.visittorshavn.fo\/fo\/wp-json\/wp\/v2\/tribe_events\/266362\/revisions\/266442"}],"wp:attachment":[{"href":"https:\/\/www.visittorshavn.fo\/fo\/wp-json\/wp\/v2\/media?parent=266362"}],"wp:term":[{"taxonomy":"post_tag","embeddable":true,"href":"https:\/\/www.visittorshavn.fo\/fo\/wp-json\/wp\/v2\/tags?post=266362"},{"taxonomy":"tribe_events_cat","embeddable":true,"href":"https:\/\/www.visittorshavn.fo\/fo\/wp-json\/wp\/v2\/tribe_events_cat?post=266362"}],"curies":[{"name":"wp","href":"https:\/\/api.w.org\/{rel}","templated":true}]}}

Vera og Anna Maria í Smiðjuni í Lítluvík

<p>Framsýning av myndlist og leirlist. </p>

<!-- This site is optimized with the Yoast SEO plugin v27.5 - https://yoast.com/product/yoast-seo-wordpress/ -->
<title>Vera og Anna Maria í Smiðjuni í Lítluvík - Visit Torshavn</title>
<meta name="robots" content="index, follow, max-snippet:-1, max-image-preview:large, max-video-preview:-1" />
<link rel="canonical" href="https://www.visittorshavn.fo/fo/event/vera-og-anna-maria-i-smidjuni-i-litluvik/" />
<meta property="og:locale" content="fo_FO" />
<meta property="og:type" content="article" />
<meta property="og:title" content="Vera og Anna Maria í Smiðjuni í Lítluvík - Visit Torshavn" />
<meta property="og:description" content="Framsýning av myndlist og leirlist." />
<meta property="og:url" content="https://www.visittorshavn.fo/fo/event/vera-og-anna-maria-i-smidjuni-i-litluvik/" />
<meta property="og:site_name" content="Visit Torshavn" />
<meta property="article:modified_time" content="2026-05-01T20:38:45+00:00" />
<meta name="twitter:card" content="summary_large_image" />
<script type="application/ld+json" class="yoast-schema-graph">{"@context":"https:\/\/schema.org","@graph":[{"@type":"WebPage","@id":"https:\/\/www.visittorshavn.fo\/fo\/event\/vera-og-anna-maria-i-smidjuni-i-litluvik\/","url":"https:\/\/www.visittorshavn.fo\/fo\/event\/vera-og-anna-maria-i-smidjuni-i-litluvik\/","name":"Vera og Anna Maria í Smiðjuni í Lítluvík - Visit Torshavn","isPartOf":{"@id":"https:\/\/www.visittorshavn.fo\/fo\/#website"},"datePublished":"2026-04-27T09:38:21+00:00","dateModified":"2026-05-01T20:38:45+00:00","breadcrumb":{"@id":"https:\/\/www.visittorshavn.fo\/fo\/event\/vera-og-anna-maria-i-smidjuni-i-litluvik\/#breadcrumb"},"inLanguage":"fo-FO","potentialAction":[{"@type":"ReadAction","target":["https:\/\/www.visittorshavn.fo\/fo\/event\/vera-og-anna-maria-i-smidjuni-i-litluvik\/"]}]},{"@type":"BreadcrumbList","@id":"https:\/\/www.visittorshavn.fo\/fo\/event\/vera-og-anna-maria-i-smidjuni-i-litluvik\/#breadcrumb","itemListElement":[{"@type":"ListItem","position":1,"name":"Home","item":"https:\/\/www.visittorshavn.fo\/fo\/"},{"@type":"ListItem","position":2,"name":"Events","item":"https:\/\/www.visittorshavn.fo\/fo\/events\/"},{"@type":"ListItem","position":3,"name":"Vera og Anna Maria í Smiðjuni í Lítluvík"}]},{"@type":"WebSite","@id":"https:\/\/www.visittorshavn.fo\/fo\/#website","url":"https:\/\/www.visittorshavn.fo\/fo\/","name":"Visit Torshavn","description":"","potentialAction":[{"@type":"SearchAction","target":{"@type":"EntryPoint","urlTemplate":"https:\/\/www.visittorshavn.fo\/fo\/?s={search_term_string}"},"query-input":{"@type":"PropertyValueSpecification","valueRequired":true,"valueName":"search_term_string"}}],"inLanguage":"fo-FO"}]}</script>
<!-- / Yoast SEO plugin. -->

Vera og Anna Maria í Smiðjuni í Lítluvík - Visit Torshavn

Framsýning av myndlist og leirlist.
